192.178.6.105 - - [21/Aug/2026:05:41:32 -0700] "GET /sites/default/files/styles/thumbnail/public/contact_photo/andy-nobes.JPG?itok=WDI52i4i HTTP/1.1" 200 2365 "https://www.hifa.org/working-groups/access-health-research" "Mozilla/5.0 AppleWebKit/537.36 (KHTML, like Gecko; compatible; GoogleOther) Chrome/151.0.7922.108 Safari/537.36" 8 **0/8574**
155.229.73.128 - - [21/Aug/2026:05:41:32 -0700] "GET /sites/default/files/sitebyevucan.png HTTP/2.0" 200 5062 "https://www.hifa.org/dgroups-rss/risk-information-communication-and-community-engagement-rcce-humanitarian-and-conflict" "Mozilla/5.0 (Macintosh; Intel Mac OS X 10_15_7) AppleWebKit/537.36 (KHTML, like Gecko) Chrome/125.0.0.0 Safari/537.36" 9 **0/9132**
155.229.73.128 - - [21/Aug/2026:05:41:32 -0700] "GET /sites/all/modules/jquery_update/replace/jquery/1.12/jquery.min.js HTTP/2.0" 200 33769 "https://www.hifa.org/dgroups-rss/risk-information-communication-and-community-engagement-rcce-humanitarian-and-conflict" "Mozilla/5.0 (Macintosh; Intel Mac OS X 10_15_7) AppleWebKit/537.36 (KHTML, like Gecko) Chrome/125.0.0.0 Safari/537.36" 13 **0/13893**
52.167.144.228 - - [21/Aug/2026:05:41:33 -0700] "GET /dgroups-rss/launch-who-health-inequality-monitoring-foundations-elearning-series HTTP/2.0" 200 10524 "-" "Mozilla/5.0 AppleWebKit/537.36 (KHTML, like Gecko; compatible; bingbot/2.0; +http://www.bing.com/bingbot.htm) Chrome/116.0.1938.76 Safari/537.36" 90 **0/90635**
192.178.6.105 - - [21/Aug/2026:05:41:33 -0700] "GET /sites/default/files/Elsevier%20Logo.jpg HTTP/1.1" 200 41907 "https://www.hifa.org/working-groups/access-health-research" "Mozilla/5.0 AppleWebKit/537.36 (KHTML, like Gecko; compatible; GoogleOther) Chrome/151.0.7922.108 Safari/537.36" 8 **0/8293**
192.178.6.105 - - [21/Aug/2026:05:41:35 -0700] "GET /sites/default/files/styles/medium/public/publications/HIFA_OA_Perceptions_0.JPG?itok=tpte-tMP HTTP/1.1" 200 5219 "https://www.hifa.org/working-groups/access-health-research" "Mozilla/5.0 AppleWebKit/537.36 (KHTML, like Gecko; compatible; GoogleOther) Chrome/151.0.7922.108 Safari/537.36" 8 **0/8482**
192.178.6.105 - - [21/Aug/2026:05:41:36 -0700] "GET /sites/default/files/styles/thumbnail/public/contact_photo/JoseLapenaweb.jpg?itok=0mboum2i HTTP/1.1" 200 3970 "https://www.hifa.org/working-groups/access-health-research" "Mozilla/5.0 AppleWebKit/537.36 (KHTML, like Gecko; compatible; GoogleOther) Chrome/151.0.7922.108 Safari/537.36" 8 **0/8611**
103.106.146.116 - - [21/Aug/2026:05:41:37 -0700] "GET /index.php HTTP/2.0" 200 12259 "http://hifa.org/" "Mozilla/5.0 (Android 12; Mobile; SM-A256E/DS; rv:142.0) Gecko/142.0 Firefox/142.0" 18 **0/18311**
192.178.6.105 - - [21/Aug/2026:05:41:37 -0700] "GET /sites/default/files/styles/medium/public/publications/temp-cover_14.JPG?itok=aMuwYY-H HTTP/1.1" 200 6724 "https://www.hifa.org/working-groups/access-health-research" "Mozilla/5.0 AppleWebKit/537.36 (KHTML, like Gecko; compatible; GoogleOther) Chrome/151.0.7922.108 Safari/537.36" 7 **0/7562**
192.178.6.105 - - [21/Aug/2026:05:41:39 -0700] "GET /sites/default/files/styles/medium/public/publications/temp-coverA2HRinLMICs.JPG?itok=hbFu2xL4 HTTP/1.1" 200 12980 "https://www.hifa.org/working-groups/access-health-research" "Mozilla/5.0 AppleWebKit/537.36 (KHTML, like Gecko; compatible; GoogleOther) Chrome/151.0.7922.108 Safari/537.36" 8 **0/8486**
17.241.219.48 - - [21/Aug/2026:05:41:39 -0700] "GET /sites/default/files/publications_pdf/HIFA_FP_Discussion2_2018_SHORT_EDIT.pdf HTTP/2.0" 200 171421 "-" "Mozilla/5.0 (Macintosh; Intel Mac OS X 10_15_7) AppleWebKit/605.1.15 (KHTML, like Gecko) Version/17.4 Safari/605.1.15 (Applebot/0.1; +http://www.apple.com/go/applebot)" 9 **0/9446**
114.119.159.16 - - [21/Aug/2026:05:41:40 -0700] "GET /dgroups-rss/multilingual-covid-19-fact-sheet HTTP/1.1" 404 60594 "https://hifa.org/rss-feeds/17?page=53" "Mozilla/5.0 (Linux; Android 7.0;) AppleWebKit/537.36 (HTML, like Gecko) Mobile Safari/537.36 (compatible; PetalBot;+https://webmaster.petalsearch.com/site/petalbot)" 104 **0/104601**
192.178.6.105 - - [21/Aug/2026:05:41:40 -0700] "GET /sites/default/files/styles/medium/public/publications/cover-access-in-LMICs-summary.JPG?itok=ieFbGyg5 HTTP/1.1" 200 6978 "https://www.hifa.org/working-groups/access-health-research" "Mozilla/5.0 AppleWebKit/537.36 (KHTML, like Gecko; compatible; GoogleOther) Chrome/151.0.7922.108 Safari/537.36" 8 **0/8966**
34.56.53.225 - - [21/Aug/2026:05:41:40 -0700] "GET /dgroups-rss/2-septiember-2021-lanzamiento-del-portal-del-ods-3-evidencia-e-inteligencia-para-la HTTP/1.1" 200 11746 "-" "Mozilla/5.0 (Macintosh; Intel Mac OS X 10_15_7) AppleWebKit/537.36 (KHTML, like Gecko) Chrome/120.0.0.0 Safari/537.36" 101 **0/101096**
192.178.6.105 - - [21/Aug/2026:05:41:41 -0700] "GET /sites/all/themes/adaptivetheme/at_hifa/images/clean-icon-set/facebook.png HTTP/1.1" 200 1877 "https://www.hifa.org/sites/all/themes/adaptivetheme/at_hifa/css/global.styles.css?tg5ws3" "Mozilla/5.0 AppleWebKit/537.36 (KHTML, like Gecko; compatible; GoogleOther) Chrome/151.0.7922.108 Safari/537.36" 8 **0/8019**
192.178.6.105 - - [21/Aug/2026:05:41:43 -0700] "GET /sites/all/themes/adaptivetheme/at_hifa/images/clean-icon-set/youtube.png HTTP/1.1" 200 4269 "https://www.hifa.org/sites/all/themes/adaptivetheme/at_hifa/css/global.styles.css?tg5ws3" "Mozilla/5.0 AppleWebKit/537.36 (KHTML, like Gecko; compatible; GoogleOther) Chrome/151.0.7922.108 Safari/537.36" 7 **0/7301**
129.146.60.71 - - [21/Aug/2026:05:41:43 -0700] "GET /dgroups-rss/bmj-article-european-health-data-space HTTP/1.1" 200 11278 "-" "Mozilla/5.0 (X11; Linux aarch64) AppleWebKit/537.36 (KHTML, like Gecko) Chrome/139.0.0.0 Safari/537.36" 91 **0/91663**
185.191.171.16 - - [21/Aug/2026:05:41:43 -0700] "GET /dgroups-rss/reflections-hifa-discussion-open-access-medical-research HTTP/1.1" 200 13991 "-" "Mozilla/5.0 (compatible; SemrushBot/7~bl; +http://www.semrush.com/bot.html)" 83 **0/83514**
192.178.6.105 - - [21/Aug/2026:05:41:44 -0700] "GET /sites/all/themes/adaptivetheme/at_hifa/images/clean-icon-set/twitter.png HTTP/1.1" 200 17708 "https://www.hifa.org/sites/all/themes/adaptivetheme/at_hifa/css/global.styles.css?tg5ws3" "Mozilla/5.0 AppleWebKit/537.36 (KHTML, like Gecko; compatible; GoogleOther) Chrome/151.0.7922.108 Safari/537.36" 9 **0/9924**
192.178.6.105 - - [21/Aug/2026:05:41:45 -0700] "GET /misc/menu-collapsed.png HTTP/1.1" 200 105 "https://www.hifa.org/modules/system/system.theme.css?tg5ws3" "Mozilla/5.0 AppleWebKit/537.36 (KHTML, like Gecko; compatible; GoogleOther) Chrome/151.0.7922.108 Safari/537.36" 8 **0/8874**
192.178.6.105 - - [21/Aug/2026:05:41:47 -0700] "GET /misc/menu-expanded.png HTTP/1.1" 200 106 "https://www.hifa.org/modules/system/system.theme.css?tg5ws3" "Mozilla/5.0 AppleWebKit/537.36 (KHTML, like Gecko; compatible; GoogleOther) Chrome/151.0.7922.108 Safari/537.36" 9 **0/9471**
185.191.171.8 - - [21/Aug/2026:05:41:47 -0700] "GET /dgroups-rss/chatgpt-39-differentiating-reliable-information-misinformation-11 HTTP/1.1" 200 10711 "-" "Mozilla/5.0 (compatible; SemrushBot/7~bl; +http://www.semrush.com/bot.html)" 105 **0/105244**
192.178.6.105 - - [21/Aug/2026:05:41:48 -0700] "GET /sites/default/files/styles/thumbnail/public/supporting_org_photo/Elsevier.png?itok=uUCjuFEo HTTP/1.1" 200 12973 "https://www.hifa.org/working-groups/access-health-research" "Mozilla/5.0 AppleWebKit/537.36 (KHTML, like Gecko; compatible; GoogleOther) Chrome/151.0.7922.108 Safari/537.36" 8 **0/8505**
192.178.6.105 - - [21/Aug/2026:05:41:49 -0700] "GET /sites/all/themes/adaptivetheme/at_hifa/images/header/bar-icon.png HTTP/1.1" 200 1601 "https://www.hifa.org/sites/all/themes/adaptivetheme/at_hifa/css/global.styles.css?tg5ws3" "Mozilla/5.0 AppleWebKit/537.36 (KHTML, like Gecko; compatible; GoogleOther) Chrome/151.0.7922.108 Safari/537.36" 7 **0/7657**
192.178.6.105 - - [21/Aug/2026:05:41:51 -0700] "GET /sites/default/files/styles/medium/public/publications/temp-cover_11.JPG?itok=xwD7EO7x HTTP/1.1" 200 5860 "https://www.hifa.org/working-groups/access-health-research" "Mozilla/5.0 AppleWebKit/537.36 (KHTML, like Gecko; compatible; GoogleOther) Chrome/151.0.7922.108 Safari/537.36" 8 **0/8338**
34.56.53.225 - - [21/Aug/2026:05:41:51 -0700] "GET /dgroups-rss/merci-pour-votre-soutien-en-2019-et-bonne-ann%C3%A9e-10 HTTP/1.1" 200 11519 "-" "Mozilla/5.0 (Macintosh; Intel Mac OS X 10_15_7) AppleWebKit/537.36 (KHTML, like Gecko) Chrome/120.0.0.0 Safari/537.36" 110 **0/110899**
192.178.6.105 - - [21/Aug/2026:05:41:52 -0700] "GET /sites/default/files/styles/medium/public/publications/HIFA_OA_Perceptions.JPG?itok=xQFCzQGG HTTP/1.1" 200 5219 "https://www.hifa.org/working-groups/access-health-research" "Mozilla/5.0 AppleWebKit/537.36 (KHTML, like Gecko; compatible; GoogleOther) Chrome/151.0.7922.108 Safari/537.36" 10 **0/10201**
52.167.144.228 - - [21/Aug/2026:05:41:52 -0700] "GET /dgroups-rss/information-development-role-health-librarians-combating-misinformation-evidence-covid HTTP/2.0" 200 11332 "-" "Mozilla/5.0 AppleWebKit/537.36 (KHTML, like Gecko; compatible; bingbot/2.0; +http://www.bing.com/bingbot.htm) Chrome/116.0.1938.76 Safari/537.36" 121 **0/121158**
34.56.53.225 - - [21/Aug/2026:05:41:53 -0700] "GET /dgroups-rss/spotlight-group-b-strep-22-group-b-strep-nigeria HTTP/1.1" 200 13126 "-" "Mozilla/5.0 (Macintosh; Intel Mac OS X 10_15_7) AppleWebKit/537.36 (KHTML, like Gecko) Chrome/120.0.0.0 Safari/537.36" 145 **0/145875**
192.178.6.105 - - [21/Aug/2026:05:41:53 -0700] "GET /sites/all/themes/adaptivetheme/at_hifa/images/header/search-icon.png HTTP/1.1" 200 879 "https://www.hifa.org/sites/all/themes/adaptivetheme/at_hifa/css/global.styles.css?tg5ws3" "Mozilla/5.0 AppleWebKit/537.36 (KHTML, like Gecko; compatible; GoogleOther) Chrome/151.0.7922.108 Safari/537.36" 8 **0/8616**
173.252.70.10 - - [21/Aug/2026:05:41:54 -0700] "GET /node/96851029 HTTP/2.0" 200 11254 "-" "Mozilla/5.0 (Macintosh; Intel Mac OS X 10_15_7) AppleWebKit/537.36 (KHTML, like Gecko) Chrome/145.0.0.0 Safari/537.36 (compatible; meta-webindexer/1.1 (+https://developers.facebook.com/docs/sharing/webmasters/crawler))" 94 **0/94950**
192.178.6.105 - - [21/Aug/2026:05:41:54 -0700] "GET /sites/default/files/styles/medium/public/publications/HIFAlogoweb.jpg?itok=AjqGnS_x HTTP/1.1" 200 9187 "https://www.hifa.org/working-groups/access-health-research" "Mozilla/5.0 AppleWebKit/537.36 (KHTML, like Gecko; compatible; GoogleOther) Chrome/151.0.7922.108 Safari/537.36" 8 **0/8036**
192.178.6.105 - - [21/Aug/2026:05:41:56 -0700] "GET /sites/default/files/styles/medium/public/publications/AAEAAQAAAAAAAAavAAAAJDcyMDNkMzVhLTBjNWMtNGJhZC1hOWE2LTBjY2FmYjQwOTBlYg.jpg?itok=1b7hyygD HTTP/1.1" 200 7602 "https://www.hifa.org/working-groups/access-health-research" "Mozilla/5.0 AppleWebKit/537.36 (KHTML, like Gecko; compatible; GoogleOther) Chrome/151.0.7922.108 Safari/537.36" 8 **0/8572**
13.57.17.219 - - [21/Aug/2026:05:41:56 -0700] "GET /support/members/juliette?order=title&sort=asc HTTP/1.1" 200 13693 "-" "TerraCotta 0.2 https://www.github.com/ceramicTeam/CeramicTerracotta" 98 **0/98073**
192.178.6.105 - - [21/Aug/2026:05:41:57 -0700] "GET /sites/default/files/styles/thumbnail/public/contact_photo/Peh.png?itok=G9bEtQsW HTTP/1.1" 200 14265 "https://www.hifa.org/working-groups/access-health-research" "Mozilla/5.0 AppleWebKit/537.36 (KHTML, like Gecko; compatible; GoogleOther) Chrome/151.0.7922.108 Safari/537.36" 8 **0/8671**
192.178.6.105 - - [21/Aug/2026:05:41:58 -0700] "GET /sites/default/files/styles/thumbnail/public/contact_photo/najeeb%20web.JPG?itok=JNHDMwcI HTTP/1.1" 200 2796 "https://www.hifa.org/working-groups/access-health-research" "Mozilla/5.0 AppleWebKit/537.36 (KHTML, like Gecko; compatible; GoogleOther) Chrome/151.0.7922.108 Safari/537.36" 8 **0/8153**
192.178.6.96 - - [21/Aug/2026:05:42:00 -0700] "GET /sites/default/files/styles/thumbnail/public/contact_photo/nilam_mcgrath.JPG?itok=fue3wPgP HTTP/1.1" 200 2457 "https://www.hifa.org/working-groups/access-health-research" "Mozilla/5.0 AppleWebKit/537.36 (KHTML, like Gecko; compatible; GoogleOther) Chrome/151.0.7922.108 Safari/537.36" 8 **0/8691**
192.178.6.97 - - [21/Aug/2026:05:42:01 -0700] "GET /dgroups-rss/agradecimiento-y-despedida-como-moderador-y-coordinador-de-hifa-es HTTP/1.1" 200 10843 "-" "Mozilla/5.0 (Linux; Android 6.0.1; Nexus 5X Build/MMB29P) AppleWebKit/537.36 (KHTML, like Gecko) Chrome/151.0.7922.137 Mobile Safari/537.36 (compatible; Googlebot/2.1; +http://www.google.com/bot.html)" 102 **0/102736**
52.167.144.228 - - [21/Aug/2026:05:42:03 -0700] "GET /dgroups-rss/joseph-ana-6 HTTP/2.0" 200 9985 "-" "Mozilla/5.0 AppleWebKit/537.36 (KHTML, like Gecko; compatible; bingbot/2.0; +http://www.bing.com/bingbot.htm) Chrome/116.0.1938.76 Safari/537.36" 24 **0/24492**
136.119.35.120 - - [21/Aug/2026:05:42:03 -0700] "GET /dgroups-rss/covid-19-information-and-vulnerable-communities HTTP/1.1" 200 10458 "-" "Mozilla/5.0 (Macintosh; Intel Mac OS X 10_15_7) AppleWebKit/537.36 (KHTML, like Gecko) Chrome/120.0.0.0 Safari/537.36" 119 **0/119223**
9.129.22.33 - - [21/Aug/2026:05:42:03 -0700] "GET /dgroups-rss/flourish-growing-our-communities-14th-international-congress-medical-librarianship-14-16 HTTP/2.0" 200 10956 "-" "Mozilla/5.0 AppleWebKit/537.36 (KHTML, like Gecko); compatible; ChatGPT-User/1.0; +https://openai.com/bot" 97 **0/97510**
52.167.144.176 - - [21/Aug/2026:05:42:07 -0700] "GET /dgroups-rss/lancet-gh-engaging-faith-sector-strengthened-health-emergency-preparedness-and-response HTTP/2.0" 200 10334 "-" "Mozilla/5.0 AppleWebKit/537.36 (KHTML, like Gecko; compatible; bingbot/2.0; +http://www.bing.com/bingbot.htm) Chrome/116.0.1938.76 Safari/537.36" 90 **0/90502**
52.167.144.228 - - [21/Aug/2026:05:42:12 -0700] "GET /dgroups-rss/role-mobile-technology-health-informationawareness-lessons-health-systems-strengthening HTTP/2.0" 200 12159 "-" "Mozilla/5.0 AppleWebKit/537.36 (KHTML, like Gecko; compatible; bingbot/2.0; +http://www.bing.com/bingbot.htm) Chrome/116.0.1938.76 Safari/537.36" 96 **0/96847**
116.167.90.230 - - [21/Aug/2026:05:42:14 -0700] "GET / HTTP/1.1" 200 81849 "-" "Go-http-client/1.1" 490 **0/490566**
137.131.17.11 - - [21/Aug/2026:05:42:19 -0700] "GET /support/members/paola HTTP/1.1" 200 11004 "-" "Mozilla/5.0 (X11; Linux aarch64) AppleWebKit/537.36 (KHTML, like Gecko) Chrome/139.0.0.0 Safari/537.36" 99 **0/99475**
220.181.108.105 - - [21/Aug/2026:05:42:19 -0700] "GET /node/96857674 HTTP/2.0" 200 10699 "-" "Mozilla/5.0 (compatible; Baiduspider/2.0; +http://www.baidu.com/search/spider.html)" 87 **0/87960**
52.167.144.189 - - [21/Aug/2026:05:42:22 -0700] "GET /dgroups-rss/matriarch-mental-health-advocacy-gone-rosalyn-smith-carter-1927-2023 HTTP/2.0" 200 10642 "-" "Mozilla/5.0 AppleWebKit/537.36 (KHTML, like Gecko; compatible; bingbot/2.0; +http://www.bing.com/bingbot.htm) Chrome/116.0.1938.76 Safari/537.36" 96 **0/96809**
34.10.180.98 - - [21/Aug/2026:05:42:27 -0700] "GET /node/96848742 HTTP/1.1" 200 11571 "-" "Mozilla/5.0 (Macintosh; Intel Mac OS X 10_15_7) AppleWebKit/537.36 (KHTML, like Gecko) Chrome/120.0.0.0 Safari/537.36" 98 **0/98148**
20.169.78.162 - - [21/Aug/2026:05:42:29 -0700] "GET /dgroups-rss/who-guideline-management-sickle-cell-disease-scd-children-and-adolescents-0%E2%80%9319-years HTTP/2.0" 200 11094 "-" "Mozilla/5.0 AppleWebKit/537.36 (KHTML, like Gecko); compatible; ChatGPT-User/1.0; +https://openai.com/bot" 33 **0/33421**
52.167.144.189 - - [21/Aug/2026:05:42:32 -0700] "GET /dgroups-rss/immunisation-new-poster-form-children-health HTTP/2.0" 200 10962 "-" "Mozilla/5.0 AppleWebKit/537.36 (KHTML, like Gecko; compatible; bingbot/2.0; +http://www.bing.com/bingbot.htm) Chrome/116.0.1938.76 Safari/537.36" 103 **0/103307**
85.208.96.204 - - [21/Aug/2026:05:42:32 -0700] "GET /support/supporting-organisations/2?order=title&rnd=1758261180544&sort=asc HTTP/1.1" 200 39008 "-" "Mozilla/5.0 (compatible; SemrushBot/7~bl; +http://www.semrush.com/bot.html)" 176 **0/176829**
173.252.82.52 - - [21/Aug/2026:05:42:36 -0700] "GET /node/96855135 HTTP/2.0" 200 10411 "-" "Mozilla/5.0 (Windows NT 10.0; Win64; x64) AppleWebKit/537.36 (KHTML, like Gecko) Chrome/145.0.0.0 Safari/537.36 (compatible; meta-webindexer/1.1 (+https://developers.facebook.com/docs/sharing/webmasters/crawler))" 92 **0/92665**
173.252.82.23 - - [21/Aug/2026:05:42:37 -0700] "GET /sites/all/modules/modal_forms/css/modal_forms_popup.css?tg5ws3 HTTP/2.0" 200 542 "https://hifa.org/node/96855135" "Mozilla/5.0 (Windows NT 10.0; Win64; x64) AppleWebKit/537.36 (KHTML, like Gecko) Chrome/145.0.0.0 Safari/537.36 (compatible; meta-webindexer/1.1 (+https://developers.facebook.com/docs/sharing/webmasters/crawler))" 9 **0/9491**
34.56.53.225 - - [21/Aug/2026:05:42:37 -0700] "GET /dgroups-rss/evidence-aid-newsletter HTTP/1.1" 200 10676 "-" "Mozilla/5.0 (Macintosh; Intel Mac OS X 10_15_7) AppleWebKit/537.36 (KHTML, like Gecko) Chrome/120.0.0.0 Safari/537.36" 107 **0/107909**
52.167.144.189 - - [21/Aug/2026:05:42:42 -0700] "GET /dgroups-rss/new-publication-global-health-research-and-policy-maternal-and-child-mortality-middle HTTP/2.0" 200 11647 "-" "Mozilla/5.0 AppleWebKit/537.36 (KHTML, like Gecko; compatible; bingbot/2.0; +http://www.bing.com/bingbot.htm) Chrome/116.0.1938.76 Safari/537.36" 100 **0/100742**
110.44.1.72 - - [21/Aug/2026:05:42:51 -0700] "GET /dgroups-rss/journal-communication-healthcare-science-trust-3 HTTP/2.0" 200 10331 "-" "Mozilla/5.0 (Linux; Android 6.0; Nexus 5 Build/MRA58N) AppleWebKit/537.36 (KHTML, like Gecko) Chrome/41.0.2656.1605 Mobile Safari/537.36" 21 **0/21947**
162.120.184.1 - - [21/Aug/2026:05:42:51 -0700] "GET /news/hifa-announces-coordination-team-country-representatives HTTP/2.0" 200 12861 "https://www.google.com/" "Mozilla/5.0 (Linux; Android 10; K) AppleWebKit/537.36 (KHTML, like Gecko) Chrome/151.0.0.0 Mobile Safari/537.36" 104 **0/104120**
13.57.17.219 - - [21/Aug/2026:05:42:51 -0700] "GET /taxonomy/term/20?page=14 HTTP/1.1" 200 10734 "-" "TerraCotta 0.2 https://www.github.com/ceramicTeam/CeramicTerracotta" 113 **0/113474**
52.167.144.176 - - [21/Aug/2026:05:42:52 -0700] "GET /dgroups-rss/lancet-global-mortality-associated-33-bacterial-pathogens-2019-systematic-analysis HTTP/2.0" 200 11448 "-" "Mozilla/5.0 AppleWebKit/537.36 (KHTML, like Gecko; compatible; bingbot/2.0; +http://www.bing.com/bingbot.htm) Chrome/116.0.1938.76 Safari/537.36" 87 **0/87057**
185.191.171.10 - - [21/Aug/2026:05:42:55 -0700] "GET /dgroups-rss/over-stretched-humanitarian-system-and-climate-crisis HTTP/1.1" 200 10854 "-" "Mozilla/5.0 (compatible; SemrushBot/7~bl; +http://www.semrush.com/bot.html)" 85 **0/85040**
85.208.96.199 - - [21/Aug/2026:05:42:57 -0700] "GET /dgroups-rss/access-health-research-key-concepts-searching-evidence-introduction-healthcare-0 HTTP/1.1" 200 10106 "-" "Mozilla/5.0 (compatible; SemrushBot/7~bl; +http://www.semrush.com/bot.html)" 80 **0/80572**
52.167.144.176 - - [21/Aug/2026:05:43:02 -0700] "GET /dgroups-rss/invitation-using-evidence-best-practice-%E2%80%98research-practice%E2%80%99-and-%E2%80%98practice-audit%E2%80%99-pillars HTTP/2.0" 404 60858 "-" "Mozilla/5.0 AppleWebKit/537.36 (KHTML, like Gecko; compatible; bingbot/2.0; +http://www.bing.com/bingbot.htm) Chrome/116.0.1938.76 Safari/537.36" 97 **0/97522**
172.120.102.29 - - [21/Aug/2026:05:43:03 -0700] "GET /dgroups-rss/william-foege-2-evidence-based-practice HTTP/1.1" 200 10877 "-" "Mozilla/5.0 (compatible; Googlebot/2.1; +http://www.google.com/bot.html)" 281 **0/281473**
114.119.144.7 - - [21/Aug/2026:05:43:05 -0700] "GET /dgroups-rss/mhealth-innovate-36-legal-implications HTTP/1.1" 200 11109 "https://hifa.org/rss-feeds/17?page=11" "Mozilla/5.0 (Linux; Android 7.0;) AppleWebKit/537.36 (HTML, like Gecko) Mobile Safari/537.36 (compatible; PetalBot;+https://webmaster.petalsearch.com/site/petalbot)" 99 **0/99151**
116.179.32.161 - - [21/Aug/2026:05:43:08 -0700] "GET /dgroups-rss/alcohol-use-disorders-83-role-alcohol-industry-13-alcohol-industry-and-misinformation-3 HTTP/2.0" 200 10524 "-" "Mozilla/5.0 (compatible; Baiduspider/2.0; +http://www.baidu.com/search/spider.html)" 19 **0/19165**
34.30.223.149 - - [21/Aug/2026:05:43:08 -0700] "GET /node/96853900 HTTP/1.1" 200 15107 "-" "Mozilla/5.0 (Macintosh; Intel Mac OS X 10_15_7) AppleWebKit/537.36 (KHTML, like Gecko) Chrome/120.0.0.0 Safari/537.36" 117 **0/117218**
52.167.144.176 - - [21/Aug/2026:05:43:12 -0700] "GET /dgroups-rss/artificial-intelligence-electronic-medical-records-and-informed-decision-making-4 HTTP/2.0" 200 11424 "-" "Mozilla/5.0 AppleWebKit/537.36 (KHTML, like Gecko; compatible; bingbot/2.0; +http://www.bing.com/bingbot.htm) Chrome/116.0.1938.76 Safari/537.36" 100 **0/100256**
13.57.17.219 - - [21/Aug/2026:05:43:13 -0700] "GET /dgroups-rss/ehs-covid-506-action-brief-maintaining-essential-health-services-abia-state-nigeria HTTP/1.1" 200 10486 "-" "TerraCotta 0.2 https://www.github.com/ceramicTeam/CeramicTerracotta" 84 **0/84562**
47.128.119.16 - - [21/Aug/2026:05:43:15 -0700] "GET /dgroups-rss/journal-communication-healthcare-science-trust-3 HTTP/2.0" 403 13 "-" "Mozilla/5.0 (Linux; Android 5.0) AppleWebKit/537.36 (KHTML, like Gecko) Mobile Safari/537.36 (compatible; TikTokSpider; ttspider-feedback@tiktok.com)" 8 **0/8144**
136.119.35.120 - - [21/Aug/2026:05:43:18 -0700] "GET /dgroups-rss/announcing-virtual-global-health-innovation-conference-april HTTP/1.1" 200 10722 "-" "Mozilla/5.0 (Macintosh; Intel Mac OS X 10_15_7) AppleWebKit/537.36 (KHTML, like Gecko) Chrome/120.0.0.0 Safari/537.36" 117 **0/117619**
136.119.35.120 - - [21/Aug/2026:05:43:24 -0700] "GET /dgroups-rss/propose-topic-our-second-chifa-spotlight HTTP/1.1" 200 10559 "-" "Mozilla/5.0 (Macintosh; Intel Mac OS X 10_15_7) AppleWebKit/537.36 (KHTML, like Gecko) Chrome/120.0.0.0 Safari/537.36" 88 **0/88136**
8.222.238.93 - - [21/Aug/2026:05:43:28 -0700] "GET / HTTP/1.1" 200 12258 "-" "Mozilla/5.0 (Windows NT 6.1; WOW64) AppleWebKit/537.36 (KHTML, like Gecko) Chrome/30.0.1599.101 Safari/537.36" 17 **0/17667**
8.222.238.93 - - [21/Aug/2026:05:43:28 -0700] "GET /index.php HTTP/1.1" 200 12259 "-" "Mozilla/5.0 (Windows NT 6.1; WOW64) AppleWebKit/537.36 (KHTML, like Gecko) Chrome/30.0.1599.101 Safari/537.36" 18 **0/18347**
34.30.223.149 - - [21/Aug/2026:05:43:31 -0700] "GET /forums/hifa-zambia-2011-2024/supporting-organisations/9?sort=asc HTTP/1.1" 200 10239 "-" "Mozilla/5.0 (Macintosh; Intel Mac OS X 10_15_7) AppleWebKit/537.36 (KHTML, like Gecko) Chrome/120.0.0.0 Safari/537.36" 151 **0/151074**
13.57.17.219 - - [21/Aug/2026:05:43:35 -0700] "GET /dgroups-rss/menstruation-11 HTTP/1.1" 200 10521 "-" "TerraCotta 0.2 https://www.github.com/ceramicTeam/CeramicTerracotta" 102 **0/102130**
34.123.149.87 - - [21/Aug/2026:05:43:36 -0700] "GET /dgroups-rss/bmj-news-taking-down-online-scientific-misinformation-isnt-necessary-most-people-dont-2 HTTP/1.1" 200 11444 "-" "Mozilla/5.0 (Macintosh; Intel Mac OS X 10_15_7) AppleWebKit/537.36 (KHTML, like Gecko) Chrome/120.0.0.0 Safari/537.36" 90 **0/90269**
57.141.8.26 - - [21/Aug/2026:05:43:40 -0700] "GET / HTTP/2.0" 200 12258 "-" "facebookexternalhit/1.1 (+http://www.facebook.com/externalhit_uatext.php)" 20 **0/20627**
34.10.180.98 - - [21/Aug/2026:05:43:43 -0700] "GET /support/supporting-organisations/rural-women-centre-education-and-development-ruwced HTTP/1.1" 200 39024 "-" "Mozilla/5.0 (Macintosh; Intel Mac OS X 10_15_7) AppleWebKit/537.36 (KHTML, like Gecko) Chrome/120.0.0.0 Safari/537.36" 169 **0/169669**
13.57.17.219 - - [21/Aug/2026:05:43:47 -0700] "GET /support/members/ann HTTP/1.1" 200 11065 "-" "TerraCotta 0.2 https://www.github.com/ceramicTeam/CeramicTerracotta" 101 **0/101009**
85.208.96.209 - - [21/Aug/2026:05:43:49 -0700] "GET /dgroups-rss/artificial-intelligence-14-using-ai-fight-misinformation-3 HTTP/1.1" 200 10088 "-" "Mozilla/5.0 (compatible; SemrushBot/7~bl; +http://www.semrush.com/bot.html)" 82 **0/82622**
161.123.125.2 - - [21/Aug/2026:05:43:51 -0700] "GET /dgroups-rss/journal-communication-healthcare-science-trust-3 HTTP/2.0" 200 10331 "https://hifa.org/" "Mozilla/5.0 (Windows NT 10.0; Win64; x64) AppleWebKit/537.36 (KHTML, like Gecko) Chrome/150.0.0.0 Safari/537.36" 19 **0/19079**
34.56.53.225 - - [21/Aug/2026:05:43:53 -0700] "GET /dgroups-rss/reposting-children-health-diarrhoea-poster HTTP/1.1" 200 11636 "-" "Mozilla/5.0 (Macintosh; Intel Mac OS X 10_15_7) AppleWebKit/537.36 (KHTML, like Gecko) Chrome/120.0.0.0 Safari/537.36" 110 **0/110444**
13.57.17.219 - - [21/Aug/2026:05:43:58 -0700] "GET /dgroups-rss/hifa-projects-25-engaging-community-health-workers-local-and-global-health-communication HTTP/1.1" 200 11448 "-" "TerraCotta 0.2 https://www.github.com/ceramicTeam/CeramicTerracotta" 92 **0/92369**
220.181.108.103 - - [21/Aug/2026:05:43:59 -0700] "GET /support/supporting-organisations/unapsa HTTP/2.0" 200 11035 "-" "Mozilla/5.0 (compatible; Baiduspider/2.0; +http://www.baidu.com/search/spider.html)" 97 **0/97441**
31.40.63.1 - - [21/Aug/2026:05:44:04 -0700] "GET /dgroups-rss/womenlifthealth-2022-us-leadership-journey HTTP/1.1" 404 60624 "-" "Mozilla/5.0 (Macintosh; Intel Mac OS X 15_2_1) AppleWebKit/537.36 (KHTML, like Gecko) Chrome/131.0.6778.139 Safari/537.36" 95 **0/95855**
104.23.223.88 - - [21/Aug/2026:05:44:06 -0700] "GET / HTTP/2.0" 200 12258 "-" "http://healthinformationforum.org/wp-admin/install.php?step=1" 16 **0/16804**
104.164.44.77 - - [21/Aug/2026:05:44:06 -0700] "GET /dgroups-rss/journal-communication-healthcare-science-trust-3 HTTP/2.0" 200 10331 "-" "Mozilla/5.0 (iPhone; CPU iPhone OS 11_0 like Mac OS X) AppleWebKit/537.36 (KHTML, like Gecko) Chrome/59.0.1978.1154 Mobile Safari/537.36" 18 **0/18330**
13.57.17.219 - - [21/Aug/2026:05:44:09 -0700] "GET /dgroups-rss/open-access-39-q4-how-would-you-design-oa-system-6-preprints-and-plan-u-2 HTTP/1.1" 200 11084 "-" "TerraCotta 0.2 https://www.github.com/ceramicTeam/CeramicTerracotta" 91 **0/91525**
216.244.66.236 - - [21/Aug/2026:05:44:10 -0700] "GET /dgroups-rss/update-publications-and-events-related-primary-health-care-and-community-health-10 HTTP/1.1" 200 68403 "-" "Mozilla/5.0 (compatible; DotBot/1.2; +https://opensiteexplorer.org/dotbot; help@moz.com)" 91 **0/91328**
13.57.17.219 - - [21/Aug/2026:05:44:14 -0700] "GET /support/supporting-organisations/rural-and-remote-health-journal/1011 HTTP/1.1" 200 39040 "-" "TerraCotta 0.2 https://www.github.com/ceramicTeam/CeramicTerracotta" 159 **0/159545**
132.226.87.157 - - [21/Aug/2026:05:44:14 -0700] "GET /dgroups-rss/quality-319-compassion-palliative-care-march-23-2022-register-today HTTP/1.1" 200 11245 "-" "Mozilla/5.0 (X11; Linux aarch64) AppleWebKit/537.36 (KHTML, like Gecko) Chrome/139.0.0.0 Safari/537.36" 81 **0/81350**
172.120.102.30 - - [21/Aug/2026:05:44:18 -0700] "GET /dgroups-rss/william-foege-4-evidence-based-practice-3 HTTP/1.1" 200 10805 "-" "Mozilla/5.0 (compatible; Googlebot/2.1; +http://www.google.com/bot.html)" 97 **0/97560**
9.129.58.19 - - [21/Aug/2026:05:44:24 -0700] "GET /dgroups-rss/adhd-charity-complains-about-channel-4-documentary HTTP/2.0" 200 10590 "-" "Mozilla/5.0 AppleWebKit/537.36 (KHTML, like Gecko); compatible; ChatGPT-User/1.0; +https://openai.com/bot" 87 **0/87367**
13.57.17.219 - - [21/Aug/2026:05:44:25 -0700] "GET /dgroups-rss/comprehensive-sexuality-education-linked-srh-services-reduces-early-and-unintended-0 HTTP/1.1" 200 12097 "-" "TerraCotta 0.2 https://www.github.com/ceramicTeam/CeramicTerracotta" 80 **0/80198**
47.128.119.192 - - [21/Aug/2026:05:44:27 -0700] "GET /dgroups-rss/journal-communication-healthcare-science-trust-3 HTTP/2.0" 403 13 "-" "Mozilla/5.0 (Linux; Android 5.0) AppleWebKit/537.36 (KHTML, like Gecko) Mobile Safari/537.36 (compatible; TikTokSpider; ttspider-feedback@tiktok.com)" 8 **0/8299**
43.135.107.166 - - [21/Aug/2026:05:44:27 -0700] "GET /people/country-representatives/%5Cu0022%5C/support%5C/members%5C/subhadra%5Cu0022%5Cu003ESubhadra HTTP/2.0" 200 31600 "-" "Mozilla/5.0 (Windows NT 10.0; Win64; x64) AppleWebKit/537.36 (KHTML, like Gecko) Chrome/122.0.0.0 Safari/537.36 Edg/122.0.0.0" 156 **0/156910**
114.119.144.7 - - [21/Aug/2026:05:44:28 -0700] "GET /dgroups-rss/leadership-and-management-training-african-psychiatrists-era-task-sharing HTTP/1.1" 404 60717 "https://hifa.org/rss-feeds/17?page=47" "Mozilla/5.0 (Linux; Android 7.0;) AppleWebKit/537.36 (HTML, like Gecko) Mobile Safari/537.36 (compatible; PetalBot;+https://webmaster.petalsearch.com/site/petalbot)" 91 **0/91995**
69.171.231.31 - - [21/Aug/2026:05:44:28 -0700] "GET /robots.txt HTTP/2.0" 206 752 "-" "facebookexternalhit/1.1 (+http://www.facebook.com/externalhit_uatext.php)" 8 **0/8456**
85.208.96.201 - - [21/Aug/2026:05:44:29 -0700] "GET /dgroups-rss/who-cholera-kills-more-people-second-consecutive-year-while-prevention-and-treatment HTTP/1.1" 200 11924 "-" "Mozilla/5.0 (compatible; SemrushBot/7~bl; +http://www.semrush.com/bot.html)" 99 **0/99577**
34.34.225.141 - - [21/Aug/2026:05:44:32 -0700] "GET /dgroups-rss/who-week-ahead-media-launch-world-malaria-report-2025 HTTP/2.0" 200 11160 "-" "Mozilla/5.0 (X11; Linux x86_64) AppleWebKit/537.36 (KHTML, like Gecko) Chrome/151.0.0.0 Safari/537.36" 98 **0/98292**
34.34.225.141 - - [21/Aug/2026:05:44:33 -0700] "GET /modules/system/system.base.css?tg5ws3 HTTP/2.0" 200 1883 "https://www.hifa.org/dgroups-rss/who-week-ahead-media-launch-world-malaria-report-2025" "Mozilla/5.0 (X11; Linux x86_64) AppleWebKit/537.36 (KHTML, like Gecko) Chrome/151.0.0.0 Safari/537.36" 8 **0/8943**
34.34.225.141 - - [21/Aug/2026:05:44:33 -0700] "GET /modules/system/system.menus.css?tg5ws3 HTTP/2.0" 200 661 "https://www.hifa.org/dgroups-rss/who-week-ahead-media-launch-world-malaria-report-2025" "Mozilla/5.0 (X11; Linux x86_64) AppleWebKit/537.36 (KHTML, like Gecko) Chrome/151.0.0.0 Safari/537.36" 9 **0/9198**
34.34.225.141 - - [21/Aug/2026:05:44:33 -0700] "GET /modules/system/system.messages.css?tg5ws3 HTTP/2.0" 200 382 "https://www.hifa.org/dgroups-rss/who-week-ahead-media-launch-world-malaria-report-2025" "Mozilla/5.0 (X11; Linux x86_64) AppleWebKit/537.36 (KHTML, like Gecko) Chrome/151.0.0.0 Safari/537.36" 10 **0/10956**
34.34.225.141 - - [21/Aug/2026:05:44:33 -0700] "GET /sites/all/libraries/shadowbox/shadowbox.css?tg5ws3 HTTP/2.0" 200 714 "https://www.hifa.org/dgroups-rss/who-week-ahead-media-launch-world-malaria-report-2025" "Mozilla/5.0 (X11; Linux x86_64) AppleWebKit/537.36 (KHTML, like Gecko) Chrome/151.0.0.0 Safari/537.36" 11 **0/11362**
34.34.225.141 - - [21/Aug/2026:05:44:33 -0700] "GET /modules/system/system.theme.css?tg5ws3 HTTP/2.0" 200 1220 "https://www.hifa.org/dgroups-rss/who-week-ahead-media-launch-world-malaria-report-2025" "Mozilla/5.0 (X11; Linux x86_64) AppleWebKit/537.36 (KHTML, like Gecko) Chrome/151.0.0.0 Safari/537.36" 12 **0/12502**
34.34.225.141 - - [21/Aug/2026:05:44:33 -0700] "GET /sites/all/modules/jquery_update/replace/ui/themes/base/minified/jquery.ui.theme.min.css?tg5ws3 HTTP/2.0" 200 2292 "https://www.hifa.org/dgroups-rss/who-week-ahead-media-launch-world-malaria-report-2025" "Mozilla/5.0 (X11; Linux x86_64) AppleWebKit/537.36 (KHTML, like Gecko) Chrome/151.0.0.0 Safari/537.36" 12 **0/12695**
34.34.225.141 - - [21/Aug/2026:05:44:33 -0700] "GET /modules/field/theme/field.css?tg5ws3 HTTP/2.0" 200 235 "https://www.hifa.org/dgroups-rss/who-week-ahead-media-launch-world-malaria-report-2025" "Mozilla/5.0 (X11; Linux x86_64) AppleWebKit/537.36 (KHTML, like Gecko) Chrome/151.0.0.0 Safari/537.36" 15 **0/15610**
34.34.225.141 - - [21/Aug/2026:05:44:33 -0700] "GET /modules/search/search.css?tg5ws3 HTTP/2.0" 200 232 "https://www.hifa.org/dgroups-rss/who-week-ahead-media-launch-world-malaria-report-2025" "Mozilla/5.0 (X11; Linux x86_64) AppleWebKit/537.36 (KHTML, like Gecko) Chrome/151.0.0.0 Safari/537.36" 18 **0/18573**
34.34.225.141 - - [21/Aug/2026:05:44:33 -0700] "GET /sites/all/modules/jquery_update/replace/ui/themes/base/minified/jquery.ui.core.min.css?tg5ws3 HTTP/2.0" 200 502 "https://www.hifa.org/dgroups-rss/who-week-ahead-media-launch-world-malaria-report-2025" "Mozilla/5.0 (X11; Linux x86_64) AppleWebKit/537.36 (KHTML, like Gecko) Chrome/151.0.0.0 Safari/537.36" 19 **0/19482**
34.34.225.141 - - [21/Aug/2026:05:44:33 -0700] "GET /modules/node/node.css?tg5ws3 HTTP/2.0" 200 109 "https://www.hifa.org/dgroups-rss/who-week-ahead-media-launch-world-malaria-report-2025" "Mozilla/5.0 (X11; Linux x86_64) AppleWebKit/537.36 (KHTML, like Gecko) Chrome/151.0.0.0 Safari/537.36" 20 **0/20192**
34.34.225.141 - - [21/Aug/2026:05:44:33 -0700] "GET /sites/all/modules/views/css/views.css?tg5ws3 HTTP/2.0" 200 309 "https://www.hifa.org/dgroups-rss/who-week-ahead-media-launch-world-malaria-report-2025" "Mozilla/5.0 (X11; Linux x86_64) AppleWebKit/537.36 (KHTML, like Gecko) Chrome/151.0.0.0 Safari/537.36" 21 **0/21312**
34.34.225.141 - - [21/Aug/2026:05:44:33 -0700] "GET /modules/user/user.css?tg5ws3 HTTP/2.0" 200 698 "https://www.hifa.org/dgroups-rss/who-week-ahead-media-launch-world-malaria-report-2025" "Mozilla/5.0 (X11; Linux x86_64) AppleWebKit/537.36 (KHTML, like Gecko) Chrome/151.0.0.0 Safari/537.36" 26 **0/26342**
34.34.225.141 - - [21/Aug/2026:05:44:33 -0700] "GET /sites/all/modules/ctools/css/modal.css?tg5ws3 HTTP/2.0" 200 761 "https://www.hifa.org/dgroups-rss/who-week-ahead-media-launch-world-malaria-report-2025" "Mozilla/5.0 (X11; Linux x86_64) AppleWebKit/537.36 (KHTML, like Gecko) Chrome/151.0.0.0 Safari/537.36" 26 **0/26617**
34.34.225.141 - - [21/Aug/2026:05:44:33 -0700] "GET /sites/all/modules/ctools/css/ctools.css?tg5ws3 HTTP/2.0" 200 256 "https://www.hifa.org/dgroups-rss/who-week-ahead-media-launch-world-malaria-report-2025" "Mozilla/5.0 (X11; Linux x86_64) AppleWebKit/537.36 (KHTML, like Gecko) Chrome/151.0.0.0 Safari/537.36" 14 **0/14115**
34.34.225.141 - - [21/Aug/2026:05:44:33 -0700] "GET /sites/all/modules/ckeditor/css/ckeditor.css?tg5ws3 HTTP/2.0" 200 191 "https://www.hifa.org/dgroups-rss/who-week-ahead-media-launch-world-malaria-report-2025" "Mozilla/5.0 (X11; Linux x86_64) AppleWebKit/537.36 (KHTML, like Gecko) Chrome/151.0.0.0 Safari/537.36" 14 **0/14399**
34.34.225.141 - - [21/Aug/2026:05:44:33 -0700] "GET /sites/all/modules/modal_forms/css/modal_forms_popup.css?tg5ws3 HTTP/2.0" 200 542 "https://www.hifa.org/dgroups-rss/who-week-ahead-media-launch-world-malaria-report-2025" "Mozilla/5.0 (X11; Linux x86_64) AppleWebKit/537.36 (KHTML, like Gecko) Chrome/151.0.0.0 Safari/537.36" 14 **0/14565**
34.34.225.141 - - [21/Aug/2026:05:44:33 -0700] "GET /sites/all/modules/date/date_api/date.css?tg5ws3 HTTP/2.0" 200 1207 "https://www.hifa.org/dgroups-rss/who-week-ahead-media-launch-world-malaria-report-2025" "Mozilla/5.0 (X11; Linux x86_64) AppleWebKit/537.36 (KHTML, like Gecko) Chrome/151.0.0.0 Safari/537.36" 14 **0/14616**
34.34.225.141 - - [21/Aug/2026:05:44:33 -0700] "GET /sites/all/themes/adaptivetheme/at_hifa/css/responsive.custom.css?tg5ws3 HTTP/2.0" 200 1207 "https://www.hifa.org/dgroups-rss/who-week-ahead-media-launch-world-malaria-report-2025" "Mozilla/5.0 (X11; Linux x86_64) AppleWebKit/537.36 (KHTML, like Gecko) Chrome/151.0.0.0 Safari/537.36" 20 **0/20379**
34.34.225.141 - - [21/Aug/2026:05:44:33 -0700] "GET /sites/all/modules/tb_megamenu/css/compatibility.css?tg5ws3 HTTP/2.0" 200 321 "https://www.hifa.org/dgroups-rss/who-week-ahead-media-launch-world-malaria-report-2025" "Mozilla/5.0 (X11; Linux x86_64) AppleWebKit/537.36 (KHTML, like Gecko) Chrome/151.0.0.0 Safari/537.36" 21 **0/21361**
34.34.225.141 - - [21/Aug/2026:05:44:33 -0700] "GET /sites/all/themes/adaptivetheme/adaptivetheme/at_core/css/at.layout.css?tg5ws3 HTTP/2.0" 200 363 "https://www.hifa.org/dgroups-rss/who-week-ahead-media-launch-world-malaria-report-2025" "Mozilla/5.0 (X11; Linux x86_64) AppleWebKit/537.36 (KHTML, like Gecko) Chrome/151.0.0.0 Safari/537.36" 21 **0/21384**
34.34.225.141 - - [21/Aug/2026:05:44:33 -0700] "GET /sites/all/themes/adaptivetheme/at_hifa/css/global.base.css?tg5ws3 HTTP/2.0" 200 4024 "https://www.hifa.org/dgroups-rss/who-week-ahead-media-launch-world-malaria-report-2025" "Mozilla/5.0 (X11; Linux x86_64) AppleWebKit/537.36 (KHTML, like Gecko) Chrome/151.0.0.0 Safari/537.36" 21 **0/21595**
34.34.225.141 - - [21/Aug/2026:05:44:33 -0700] "GET /sites/all/themes/adaptivetheme/at_hifa/css/global.styles.css?tg5ws3 HTTP/2.0" 200 10012 "https://www.hifa.org/dgroups-rss/who-week-ahead-media-launch-world-malaria-report-2025" "Mozilla/5.0 (X11; Linux x86_64) AppleWebKit/537.36 (KHTML, like Gecko) Chrome/151.0.0.0 Safari/537.36" 21 **0/21793**
34.34.225.141 - - [21/Aug/2026:05:44:33 -0700] "GET /sites/default/files/adaptivetheme/at_hifa_files/at_hifa.responsive.layout.css?tg5ws3 HTTP/2.0" 200 1065 "https://www.hifa.org/dgroups-rss/who-week-ahead-media-launch-world-malaria-report-2025" "Mozilla/5.0 (X11; Linux x86_64) AppleWebKit/537.36 (KHTML, like Gecko) Chrome/151.0.0.0 Safari/537.36" 21 **0/21984**
34.34.225.141 - - [21/Aug/2026:05:44:33 -0700] "GET /sites/all/themes/adaptivetheme/at_hifa/css/responsive.desktop.css?tg5ws3 HTTP/2.0" 200 235 "https://www.hifa.org/dgroups-rss/who-week-ahead-media-launch-world-malaria-report-2025" "Mozilla/5.0 (X11; Linux x86_64) AppleWebKit/537.36 (KHTML, like Gecko) Chrome/151.0.0.0 Safari/537.36" 22 **0/22435**
34.34.225.141 - - [21/Aug/2026:05:44:33 -0700] "GET /misc/jquery-extend-3.4.0.js?v=1.12.4 HTTP/2.0" 200 1330 "https://www.hifa.org/dgroups-rss/who-week-ahead-media-launch-world-malaria-report-2025" "Mozilla/5.0 (X11; Linux x86_64) AppleWebKit/537.36 (KHTML, like Gecko) Chrome/151.0.0.0 Safari/537.36" 22 **0/22678**
34.34.225.141 - - [21/Aug/2026:05:44:33 -0700] "GET /misc/jquery-html-prefilter-3.5.0-backport.js?v=1.12.4 HTTP/2.0" 200 4480 "https://www.hifa.org/dgroups-rss/who-week-ahead-media-launch-world-malaria-report-2025" "Mozilla/5.0 (X11; Linux x86_64) AppleWebKit/537.36 (KHTML, like Gecko) Chrome/151.0.0.0 Safari/537.36" 22 **0/22928**
34.34.225.141 - - [21/Aug/2026:05:44:33 -0700] "GET /misc/jquery.once.js?v=1.2 HTTP/2.0" 200 1066 "https://www.hifa.org/dgroups-rss/who-week-ahead-media-launch-world-malaria-report-2025" "Mozilla/5.0 (X11; Linux x86_64) AppleWebKit/537.36 (KHTML, like Gecko) Chrome/151.0.0.0 Safari/537.36" 23 **0/23102**
34.56.53.225 - - [21/Aug/2026:05:44:33 -0700] "GET /news/hifa-blog-month-review-march-2018-tramadol HTTP/1.1" 200 13145 "-" "Mozilla/5.0 (Macintosh; Intel Mac OS X 10_15_7) AppleWebKit/537.36 (KHTML, like Gecko) Chrome/120.0.0.0 Safari/537.36" 114 **0/114524**
34.34.225.141 - - [21/Aug/2026:05:44:33 -0700] "GET /sites/all/themes/adaptivetheme/at_hifa/scripts/expanding-bars.js?tg5ws3 HTTP/2.0" 200 533 "https://www.hifa.org/dgroups-rss/who-week-ahead-media-launch-world-malaria-report-2025" "Mozilla/5.0 (X11; Linux x86_64) AppleWebKit/537.36 (KHTML, like Gecko) Chrome/151.0.0.0 Safari/537.36" 101 **0/101608**
34.34.225.141 - - [21/Aug/2026:05:44:33 -0700] "GET /misc/drupal.js?tg5ws3 HTTP/2.0" 200 7052 "https://www.hifa.org/dgroups-rss/who-week-ahead-media-launch-world-malaria-report-2025" "Mozilla/5.0 (X11; Linux x86_64) AppleWebKit/537.36 (KHTML, like Gecko) Chrome/151.0.0.0 Safari/537.36" 102 **0/102222**
34.34.225.141 - - [21/Aug/2026:05:44:33 -0700] "GET /sites/all/modules/tb_megamenu/css/bootstrap.css?tg5ws3 HTTP/2.0" 200 10792 "https://www.hifa.org/dgroups-rss/who-week-ahead-media-launch-world-malaria-report-2025" "Mozilla/5.0 (X11; Linux x86_64) AppleWebKit/537.36 (KHTML, like Gecko) Chrome/151.0.0.0 Safari/537.36" 102 **0/102947**
34.34.225.141 - - [21/Aug/2026:05:44:33 -0700] "GET /sites/all/themes/adaptivetheme/at_hifa/images/header/hifa-logo-web.png HTTP/2.0" 200 13475 "https://www.hifa.org/dgroups-rss/who-week-ahead-media-launch-world-malaria-report-2025" "Mozilla/5.0 (X11; Linux x86_64) AppleWebKit/537.36 (KHTML, like Gecko) Chrome/151.0.0.0 Safari/537.36" 102 **0/102409**
34.34.225.141 - - [21/Aug/2026:05:44:33 -0700] "GET /sites/all/modules/tb_megamenu/css/base.css?tg5ws3 HTTP/2.0" 200 4424 "https://www.hifa.org/dgroups-rss/who-week-ahead-media-launch-world-malaria-report-2025" "Mozilla/5.0 (X11; Linux x86_64) AppleWebKit/537.36 (KHTML, like Gecko) Chrome/151.0.0.0 Safari/537.36" 124 **0/124952**
34.34.225.141 - - [21/Aug/2026:05:44:33 -0700] "GET /sites/all/modules/tb_megamenu/css/default.css?tg5ws3 HTTP/2.0" 200 6876 "https://www.hifa.org/dgroups-rss/who-week-ahead-media-launch-world-malaria-report-2025" "Mozilla/5.0 (X11; Linux x86_64) AppleWebKit/537.36 (KHTML, like Gecko) Chrome/151.0.0.0 Safari/537.36" 125 **0/125273**
34.34.225.141 - - [21/Aug/2026:05:44:33 -0700] "GET /sites/all/modules/jquery_update/js/jquery_browser.js?v=0.0.1 HTTP/2.0" 200 259 "https://www.hifa.org/dgroups-rss/who-week-ahead-media-launch-world-malaria-report-2025" "Mozilla/5.0 (X11; Linux x86_64) AppleWebKit/537.36 (KHTML, like Gecko) Chrome/151.0.0.0 Safari/537.36" 125 **0/125152**
34.34.225.141 - - [21/Aug/2026:05:44:33 -0700] "GET /sites/all/modules/jquery_update/replace/ui/external/jquery.cookie.js?v=67fb34f6a866c40d0570 HTTP/2.0" 200 1353 "https://www.hifa.org/dgroups-rss/who-week-ahead-media-launch-world-malaria-report-2025" "Mozilla/5.0 (X11; Linux x86_64) AppleWebKit/537.36 (KHTML, like Gecko) Chrome/151.0.0.0 Safari/537.36" 125 **0/125512**
34.34.225.141 - - [21/Aug/2026:05:44:33 -0700] "GET /sites/all/modules/jquery_update/replace/jquery.form/4/jquery.form.min.js?v=4.2.1 HTTP/2.0" 200 6271 "https://www.hifa.org/dgroups-rss/who-week-ahead-media-launch-world-malaria-report-2025" "Mozilla/5.0 (X11; Linux x86_64) AppleWebKit/537.36 (KHTML, like Gecko) Chrome/151.0.0.0 Safari/537.36" 125 **0/125727**
34.34.225.141 - - [21/Aug/2026:05:44:33 -0700] "GET /sites/all/libraries/shadowbox/shadowbox.js?v=3.0.3 HTTP/2.0" 200 18498 "https://www.hifa.org/dgroups-rss/who-week-ahead-media-launch-world-malaria-report-2025" "Mozilla/5.0 (X11; Linux x86_64) AppleWebKit/537.36 (KHTML, like Gecko) Chrome/151.0.0.0 Safari/537.36" 125 **0/125919**
34.34.225.141 - - [21/Aug/2026:05:44:33 -0700] "GET /sites/all/modules/shadowbox/shadowbox_auto.js?v=3.0.3 HTTP/2.0" 200 376 "https://www.hifa.org/dgroups-rss/who-week-ahead-media-launch-world-malaria-report-2025" "Mozilla/5.0 (X11; Linux x86_64) AppleWebKit/537.36 (KHTML, like Gecko) Chrome/151.0.0.0 Safari/537.36" 126 **0/126133**
34.34.225.141 - - [21/Aug/2026:05:44:33 -0700] "GET /misc/form-single-submit.js?v=7.102 HTTP/2.0" 200 1192 "https://www.hifa.org/dgroups-rss/who-week-ahead-media-launch-world-malaria-report-2025" "Mozilla/5.0 (X11; Linux x86_64) AppleWebKit/537.36 (KHTML, like Gecko) Chrome/151.0.0.0 Safari/537.36" 126 **0/126314**
34.34.225.141 - - [21/Aug/2026:05:44:33 -0700] "GET /misc/ajax.js?v=7.102 HTTP/2.0" 200 8388 "https://www.hifa.org/dgroups-rss/who-week-ahead-media-launch-world-malaria-report-2025" "Mozilla/5.0 (X11; Linux x86_64) AppleWebKit/537.36 (KHTML, like Gecko) Chrome/151.0.0.0 Safari/537.36" 126 **0/126587**
34.34.225.141 - - [21/Aug/2026:05:44:33 -0700] "GET /sites/all/modules/jquery_update/js/jquery_update.js?v=0.0.1 HTTP/2.0" 200 202 "https://www.hifa.org/dgroups-rss/who-week-ahead-media-launch-world-malaria-report-2025" "Mozilla/5.0 (X11; Linux x86_64) AppleWebKit/537.36 (KHTML, like Gecko) Chrome/151.0.0.0 Safari/537.36" 126 **0/126904**
34.34.225.141 - - [21/Aug/2026:05:44:33 -0700] "GET /sites/all/modules/entityreference/js/entityreference.js?tg5ws3 HTTP/2.0" 200 354 "https://www.hifa.org/dgroups-rss/who-week-ahead-media-launch-world-malaria-report-2025" "Mozilla/5.0 (X11; Linux x86_64) AppleWebKit/537.36 (KHTML, like Gecko) Chrome/151.0.0.0 Safari/537.36" 127 **0/127114**
34.34.225.141 - - [21/Aug/2026:05:44:33 -0700] "GET /misc/progress.js?v=7.102 HTTP/2.0" 200 1202 "https://www.hifa.org/dgroups-rss/who-week-ahead-media-launch-world-malaria-report-2025" "Mozilla/5.0 (X11; Linux x86_64) AppleWebKit/537.36 (KHTML, like Gecko) Chrome/151.0.0.0 Safari/537.36" 127 **0/127342**
34.34.225.141 - - [21/Aug/2026:05:44:33 -0700] "GET /sites/all/modules/ctools/js/modal.js?tg5ws3 HTTP/2.0" 200 6785 "https://www.hifa.org/dgroups-rss/who-week-ahead-media-launch-world-malaria-report-2025" "Mozilla/5.0 (X11; Linux x86_64) AppleWebKit/537.36 (KHTML, like Gecko) Chrome/151.0.0.0 Safari/537.36" 127 **0/127684**
34.34.225.141 - - [21/Aug/2026:05:44:33 -0700] "GET /sites/all/modules/modal_forms/js/modal_forms_popup.js?tg5ws3 HTTP/2.0" 200 348 "https://www.hifa.org/dgroups-rss/who-week-ahead-media-launch-world-malaria-report-2025" "Mozilla/5.0 (X11; Linux x86_64) AppleWebKit/537.36 (KHTML, like Gecko) Chrome/151.0.0.0 Safari/537.36" 127 **0/127947**
34.34.225.141 - - [21/Aug/2026:05:44:33 -0700] "GET /sites/all/modules/google_analytics/googleanalytics.js?tg5ws3 HTTP/2.0" 200 1936 "https://www.hifa.org/dgroups-rss/who-week-ahead-media-launch-world-malaria-report-2025" "Mozilla/5.0 (X11; Linux x86_64) AppleWebKit/537.36 (KHTML, like Gecko) Chrome/151.0.0.0 Safari/537.36" 128 **0/128123**
34.34.225.141 - - [21/Aug/2026:05:44:33 -0700] "GET /sites/all/modules/tb_megamenu/js/tb-megamenu-frontend.js?tg5ws3 HTTP/2.0" 200 3445 "https://www.hifa.org/dgroups-rss/who-week-ahead-media-launch-world-malaria-report-2025" "Mozilla/5.0 (X11; Linux x86_64) AppleWebKit/537.36 (KHTML, like Gecko) Chrome/151.0.0.0 Safari/537.36" 128 **0/128356**
34.34.225.141 - - [21/Aug/2026:05:44:33 -0700] "GET /sites/all/modules/tb_megamenu/js/tb-megamenu-touch.js?tg5ws3 HTTP/2.0" 200 742 "https://www.hifa.org/dgroups-rss/who-week-ahead-media-launch-world-malaria-report-2025" "Mozilla/5.0 (X11; Linux x86_64) AppleWebKit/537.36 (KHTML, like Gecko) Chrome/151.0.0.0 Safari/537.36" 128 **0/128534**
34.34.225.141 - - [21/Aug/2026:05:44:33 -0700] "GET /sites/all/themes/adaptivetheme/at_hifa/scripts/font-includes.js?tg5ws3 HTTP/2.0" 200 407 "https://www.hifa.org/dgroups-rss/who-week-ahead-media-launch-world-malaria-report-2025" "Mozilla/5.0 (X11; Linux x86_64) AppleWebKit/537.36 (KHTML, like Gecko) Chrome/151.0.0.0 Safari/537.36" 128 **0/128750**
34.34.225.141 - - [21/Aug/2026:05:44:33 -0700] "GET /sites/all/themes/adaptivetheme/at_hifa/scripts/classie.js?tg5ws3 HTTP/2.0" 200 632 "https://www.hifa.org/dgroups-rss/who-week-ahead-media-launch-world-malaria-report-2025" "Mozilla/5.0 (X11; Linux x86_64) AppleWebKit/537.36 (KHTML, like Gecko) Chrome/151.0.0.0 Safari/537.36" 128 **0/128977**
34.34.225.141 - - [21/Aug/2026:05:44:33 -0700] "GET /sites/all/themes/adaptivetheme/at_hifa/images/header/hifa-title.png HTTP/2.0" 200 2995 "https://www.hifa.org/dgroups-rss/who-week-ahead-media-launch-world-malaria-report-2025" "Mozilla/5.0 (X11; Linux x86_64) AppleWebKit/537.36 (KHTML, like Gecko) Chrome/151.0.0.0 Safari/537.36" 129 **0/129136**
34.34.225.141 - - [21/Aug/2026:05:44:33 -0700] "GET /sites/default/files/sitebyevucan.png HTTP/2.0" 200 5062 "https://www.hifa.org/dgroups-rss/who-week-ahead-media-launch-world-malaria-report-2025" "Mozilla/5.0 (X11; Linux x86_64) AppleWebKit/537.36 (KHTML, like Gecko) Chrome/151.0.0.0 Safari/537.36" 9 **0/9644**
34.34.225.141 - - [21/Aug/2026:05:44:33 -0700] "GET /sites/all/themes/adaptivetheme/at_hifa/css/responsive.smalltouch.landscape.css?tg5ws3 HTTP/2.0" 200 537 "https://www.hifa.org/dgroups-rss/who-week-ahead-media-launch-world-malaria-report-2025" "Mozilla/5.0 (X11; Linux x86_64) AppleWebKit/537.36 (KHTML, like Gecko) Chrome/151.0.0.0 Safari/537.36" 9 **0/9780**
34.34.225.141 - - [21/Aug/2026:05:44:33 -0700] "GET /sites/all/themes/adaptivetheme/at_hifa/css/responsive.tablet.portrait.css?tg5ws3 HTTP/2.0" 200 289 "https://www.hifa.org/dgroups-rss/who-week-ahead-media-launch-world-malaria-report-2025" "Mozilla/5.0 (X11; Linux x86_64) AppleWebKit/537.36 (KHTML, like Gecko) Chrome/151.0.0.0 Safari/537.36" 10 **0/10172**
34.34.225.141 - - [21/Aug/2026:05:44:33 -0700] "GET /sites/all/themes/adaptivetheme/at_hifa/css/responsive.smalltouch.portrait.css?tg5ws3 HTTP/2.0" 200 1092 "https://www.hifa.org/dgroups-rss/who-week-ahead-media-launch-world-malaria-report-2025" "Mozilla/5.0 (X11; Linux x86_64) AppleWebKit/537.36 (KHTML, like Gecko) Chrome/151.0.0.0 Safari/537.36" 10 **0/10942**
34.34.225.141 - - [21/Aug/2026:05:44:33 -0700] "GET /sites/all/themes/adaptivetheme/at_hifa/css/responsive.tablet.landscape.css?tg5ws3 HTTP/2.0" 200 235 "https://www.hifa.org/dgroups-rss/who-week-ahead-media-launch-world-malaria-report-2025" "Mozilla/5.0 (X11; Linux x86_64) AppleWebKit/537.36 (KHTML, like Gecko) Chrome/151.0.0.0 Safari/537.36" 14 **0/14127**
34.34.225.141 - - [21/Aug/2026:05:44:33 -0700] "GET /sites/all/themes/adaptivetheme/at_hifa/images/header/header-bkg.png HTTP/2.0" 200 1168 "https://www.hifa.org/sites/all/themes/adaptivetheme/at_hifa/css/global.styles.css?tg5ws3" "Mozilla/5.0 (X11; Linux x86_64) AppleWebKit/537.36 (KHTML, like Gecko) Chrome/151.0.0.0 Safari/537.36" 8 **0/8089**
34.34.225.141 - - [21/Aug/2026:05:44:33 -0700] "GET /sites/all/themes/adaptivetheme/at_hifa/images/clean-icon-set/twitter.png HTTP/2.0" 200 17708 "https://www.hifa.org/sites/all/themes/adaptivetheme/at_hifa/css/global.styles.css?tg5ws3" "Mozilla/5.0 (X11; Linux x86_64) AppleWebKit/537.36 (KHTML, like Gecko) Chrome/151.0.0.0 Safari/537.36" 5 **0/5115**
34.34.225.141 - - [21/Aug/2026:05:44:33 -0700] "GET /sites/all/themes/adaptivetheme/at_hifa/images/clean-icon-set/youtube.png HTTP/2.0" 200 4269 "https://www.hifa.org/sites/all/themes/adaptivetheme/at_hifa/css/global.styles.css?tg5ws3" "Mozilla/5.0 (X11; Linux x86_64) AppleWebKit/537.36 (KHTML, like Gecko) Chrome/151.0.0.0 Safari/537.36" 7 **0/7490**
34.34.225.141 - - [21/Aug/2026:05:44:33 -0700] "GET /sites/all/themes/adaptivetheme/at_hifa/images/header/search-icon.png HTTP/2.0" 200 879 "https://www.hifa.org/sites/all/themes/adaptivetheme/at_hifa/css/global.styles.css?tg5ws3" "Mozilla/5.0 (X11; Linux x86_64) AppleWebKit/537.36 (KHTML, like Gecko) Chrome/151.0.0.0 Safari/537.36" 8 **0/8146**
34.34.225.141 - - [21/Aug/2026:05:44:33 -0700] "GET /sites/all/themes/adaptivetheme/at_hifa/images/clean-icon-set/ig.png HTTP/2.0" 200 50896 "https://www.hifa.org/sites/all/themes/adaptivetheme/at_hifa/css/global.styles.css?tg5ws3" "Mozilla/5.0 (X11; Linux x86_64) AppleWebKit/537.36 (KHTML, like Gecko) Chrome/151.0.0.0 Safari/537.36" 8 **0/8991**
