185.246.173.219 - - [21/Aug/2026:05:18:57 -0700] "GET / HTTP/2.0" 200 12258 "-" "Mozilla/5.0 (Windows NT 10.0; Win64; x64) AppleWebKit/537.36 (KHTML, like Gecko) Chrome/151.0.0.0 Safari/537.36 Edg/151.0.0.0" 18 **0/18371**
64.16.133.32 - - [21/Aug/2026:05:18:57 -0700] "GET /dgroups-rss/calling-all-hifa-members-please-can-you-support-hifa HTTP/1.1" 200 10666 "-" "Mozilla/5.0 (Macintosh; Intel Mac OS X 10_15_7) AppleWebKit/537.36 (KHTML, like Gecko) Chrome/104.0.0.0 Safari/537.36" 105 **0/105301**
64.16.133.32 - - [21/Aug/2026:05:18:58 -0700] "GET /news/hifa-country-representative-year-2018-jackeline-alger-receives-prestigious-recognition-honduras HTTP/1.1" 200 10628 "-" "Mozilla/5.0 (Macintosh; Intel Mac OS X 10_15_7) AppleWebKit/537.36 (KHTML, like Gecko) Chrome/104.0.0.0 Safari/537.36" 98 **0/98130**
64.16.133.32 - - [21/Aug/2026:05:18:58 -0700] "GET /dgroups-rss/alcohol-use-disorders-139-problem-not-recognizing-problem HTTP/1.1" 200 11747 "-" "Mozilla/5.0 (Macintosh; Intel Mac OS X 10_15_7) AppleWebKit/537.36 (KHTML, like Gecko) Chrome/104.0.0.0 Safari/537.36" 114 **0/114260**
103.110.163.228 - - [21/Aug/2026:05:18:59 -0700] "GET /index.php HTTP/2.0" 200 12259 "-" "Mozilla/5.0 (Linux; Android 5.0; SM-G900P Build/LRX21T) AppleWebKit/537.36 (KHTML, like Gecko) Chrome/60.0.4157.1593 Mobile Safari/537.36" 15 **0/15683**
64.16.133.32 - - [21/Aug/2026:05:18:58 -0700] "GET /dgroups-rss/%C2%A1gracias-por-su-apoyo-en-2019-y-feliz-a%C3%B1o-nuevo HTTP/1.1" 200 10550 "-" "Mozilla/5.0 (Macintosh; Intel Mac OS X 10_15_7) AppleWebKit/537.36 (KHTML, like Gecko) Chrome/104.0.0.0 Safari/537.36" 90 **0/90895**
139.190.224.22 - - [21/Aug/2026:05:19:01 -0700] "GET /dgroups-rss/bmj-innovation-barriers-and-facilitators-adoption-telemedicine-services-low-income-and HTTP/1.1" 200 12191 "-" "Mozilla/5.0 (Macintosh; Intel Mac OS X 10_15_7) AppleWebKit/537.36 (KHTML, like Gecko) Chrome/104.0.0.0 Safari/537.36" 107 **0/107482**
139.190.224.22 - - [21/Aug/2026:05:19:01 -0700] "GET /dgroups-rss/alcohol-use-disorders-89-alcohol-industry-and-misinformation-6 HTTP/1.1" 200 11213 "-" "Mozilla/5.0 (Macintosh; Intel Mac OS X 10_15_7) AppleWebKit/537.36 (KHTML, like Gecko) Chrome/104.0.0.0 Safari/537.36" 114 **0/114002**
139.190.224.22 - - [21/Aug/2026:05:19:02 -0700] "GET /dgroups-rss/anesthesia-capacity-district-level-hospitals-malawi-tanzania-and-zambia-2 HTTP/1.1" 200 11232 "-" "Mozilla/5.0 (Macintosh; Intel Mac OS X 10_15_7) AppleWebKit/537.36 (KHTML, like Gecko) Chrome/104.0.0.0 Safari/537.36" 124 **0/124727**
220.181.108.176 - - [21/Aug/2026:05:19:02 -0700] "GET /dgroups-rss/unnecessary-hospitalisations-and-misuse-antibiotics-tajikistan-0 HTTP/2.0" 200 11620 "-" "Mozilla/5.0 (compatible; Baiduspider/2.0; +http://www.baidu.com/search/spider.html)" 112 **0/112183**
139.190.224.22 - - [21/Aug/2026:05:19:02 -0700] "GET /dgroups-rss/nuevo-podcast-de-la-escuela-de-pacientes-sobre-la-enfermedad-de-crohn-y-la-ostom%C3%ADa HTTP/1.1" 200 10501 "-" "Mozilla/5.0 (Macintosh; Intel Mac OS X 10_15_7) AppleWebKit/537.36 (KHTML, like Gecko) Chrome/104.0.0.0 Safari/537.36" 17 **0/17154**
139.190.224.22 - - [21/Aug/2026:05:19:02 -0700] "GET /dgroups-rss/have-your-say-about-realities-evidence-based-implementation HTTP/1.1" 200 10667 "-" "Mozilla/5.0 (Macintosh; Intel Mac OS X 10_15_7) AppleWebKit/537.36 (KHTML, like Gecko) Chrome/104.0.0.0 Safari/537.36" 107 **0/107485**
139.190.224.22 - - [21/Aug/2026:05:19:02 -0700] "GET /rss-feeds/96834259?page=9 HTTP/1.1" 200 17742 "-" "Mozilla/5.0 (Macintosh; Intel Mac OS X 10_15_7) AppleWebKit/537.36 (KHTML, like Gecko) Chrome/104.0.0.0 Safari/537.36" 239 **0/239922**
139.190.224.22 - - [21/Aug/2026:05:19:03 -0700] "GET /dgroups-rss/editorial-nuclear-risk-and-health HTTP/1.1" 200 11162 "-" "Mozilla/5.0 (Macintosh; Intel Mac OS X 10_15_7) AppleWebKit/537.36 (KHTML, like Gecko) Chrome/104.0.0.0 Safari/537.36" 97 **0/97612**
139.190.224.22 - - [21/Aug/2026:05:19:03 -0700] "GET /dgroups-rss/becoming-phronimos-evidence-based-medicine-clinical-decision-making-and-role-practical-0 HTTP/1.1" 200 10212 "-" "Mozilla/5.0 (Macintosh; Intel Mac OS X 10_15_7) AppleWebKit/537.36 (KHTML, like Gecko) Chrome/104.0.0.0 Safari/537.36" 103 **0/103112**
139.190.224.22 - - [21/Aug/2026:05:19:03 -0700] "GET /people/country-representatives?%3Bcountry=All&order=country&sort=desc HTTP/1.1" 200 31507 "-" "Mozilla/5.0 (Macintosh; Intel Mac OS X 10_15_7) AppleWebKit/537.36 (KHTML, like Gecko) Chrome/104.0.0.0 Safari/537.36" 454 **0/454778**
139.190.224.22 - - [21/Aug/2026:05:19:03 -0700] "GET /dgroups-rss/presentaci%C3%B3n-y-saludo-0 HTTP/1.1" 200 10436 "-" "Mozilla/5.0 (Macintosh; Intel Mac OS X 10_15_7) AppleWebKit/537.36 (KHTML, like Gecko) Chrome/104.0.0.0 Safari/537.36" 103 **0/103721**
82.26.28.225 - - [21/Aug/2026:05:19:04 -0700] "GET /dgroups-rss/des-professionnels-form%C3%A9s-en-syst%C3%A8me-de-gestion-des-incidents-lors-des-crises-2 HTTP/1.1" 200 12618 "-" "Mozilla/5.0 (Macintosh; Intel Mac OS X 10_15_7) AppleWebKit/537.36 (KHTML, like Gecko) Chrome/104.0.0.0 Safari/537.36" 106 **0/106111**
82.26.28.225 - - [21/Aug/2026:05:19:04 -0700] "GET /support/members/fatima HTTP/1.1" 200 11142 "-" "Mozilla/5.0 (Macintosh; Intel Mac OS X 10_15_7) AppleWebKit/537.36 (KHTML, like Gecko) Chrome/104.0.0.0 Safari/537.36" 93 **0/93354**
82.26.28.225 - - [21/Aug/2026:05:19:04 -0700] "GET /dgroups-rss/new-updates-maternal-and-child-health-nutrition-and-covid-19-%E2%80%93-excerpts-scientific-9 HTTP/1.1" 200 10330 "-" "Mozilla/5.0 (Macintosh; Intel Mac OS X 10_15_7) AppleWebKit/537.36 (KHTML, like Gecko) Chrome/104.0.0.0 Safari/537.36" 109 **0/109076**
82.26.28.225 - - [21/Aug/2026:05:19:05 -0700] "GET /people/social-media?order=country&sort=asc HTTP/1.1" 200 12471 "-" "Mozilla/5.0 (Macintosh; Intel Mac OS X 10_15_7) AppleWebKit/537.36 (KHTML, like Gecko) Chrome/104.0.0.0 Safari/537.36" 216 **0/216927**
82.26.28.225 - - [21/Aug/2026:05:19:05 -0700] "GET /dgroups-rss/chatbots-health-what-do-we-know-3 HTTP/1.1" 200 11381 "-" "Mozilla/5.0 (Macintosh; Intel Mac OS X 10_15_7) AppleWebKit/537.36 (KHTML, like Gecko) Chrome/104.0.0.0 Safari/537.36" 85 **0/85309**
82.26.28.225 - - [21/Aug/2026:05:19:05 -0700] "GET /dgroups-rss/depresi%C3%B3n-ansiedad-y-desesperanza-en-pacientes-durante-la-pandemia-del-covid-19 HTTP/1.1" 200 10524 "-" "Mozilla/5.0 (Macintosh; Intel Mac OS X 10_15_7) AppleWebKit/537.36 (KHTML, like Gecko) Chrome/104.0.0.0 Safari/537.36" 92 **0/92493**
82.26.28.225 - - [21/Aug/2026:05:19:05 -0700] "GET /dgroups-rss/child-friendly-information-ppe-personal-protective-equipment HTTP/1.1" 200 10189 "-" "Mozilla/5.0 (Macintosh; Intel Mac OS X 10_15_7) AppleWebKit/537.36 (KHTML, like Gecko) Chrome/104.0.0.0 Safari/537.36" 101 **0/101154**
82.26.28.225 - - [21/Aug/2026:05:19:06 -0700] "GET /dgroups-rss/hifa-global-consultation-14-preliminary-results-global-survey-part-1 HTTP/1.1" 200 10993 "-" "Mozilla/5.0 (Macintosh; Intel Mac OS X 10_15_7) AppleWebKit/537.36 (KHTML, like Gecko) Chrome/104.0.0.0 Safari/537.36" 98 **0/98125**
82.26.28.225 - - [21/Aug/2026:05:19:06 -0700] "GET /dgroups-rss/better-informed-patients-use-services-less-and-have-better-outcomes HTTP/1.1" 200 11093 "-" "Mozilla/5.0 (Macintosh; Intel Mac OS X 10_15_7) AppleWebKit/537.36 (KHTML, like Gecko) Chrome/104.0.0.0 Safari/537.36" 110 **0/110324**
82.26.28.225 - - [21/Aug/2026:05:19:06 -0700] "GET /dgroups-rss/dr-e-micky-globally-accepted-technologies HTTP/1.1" 200 12366 "-" "Mozilla/5.0 (Macintosh; Intel Mac OS X 10_15_7) AppleWebKit/537.36 (KHTML, like Gecko) Chrome/104.0.0.0 Safari/537.36" 99 **0/99501**
13.57.17.219 - - [21/Aug/2026:05:19:07 -0700] "GET /dgroups-rss/covid-19-situa%C3%A7%C3%A3o-mundial-e-dos-pa%C3%ADses-de-l%C3%ADngua-portuguesa-em-30-de-setembro-de-2020 HTTP/2.0" 200 10554 "-" "TerraCotta 0.2 https://www.github.com/ceramicTeam/CeramicTerracotta" 89 **0/89498**
34.30.223.149 - - [21/Aug/2026:05:19:07 -0700] "GET /dgroups-rss/increased-number-brought-dead-cases-covid-19-zambia HTTP/1.1" 200 11156 "-" "Mozilla/5.0 (Macintosh; Intel Mac OS X 10_15_7) AppleWebKit/537.36 (KHTML, like Gecko) Chrome/120.0.0.0 Safari/537.36" 106 **0/106452**
185.191.171.1 - - [21/Aug/2026:05:19:08 -0700] "GET /support/supporting-organisations/rural-and-remote-health-journal/1000?order=title&sort=desc HTTP/1.1" 200 38988 "-" "Mozilla/5.0 (compatible; SemrushBot/7~bl; +http://www.semrush.com/bot.html)" 555 **0/555545**
82.26.28.235 - - [21/Aug/2026:05:19:09 -0700] "GET /news/rss/mhealth-innovate-exploring-healthcare-workers-nformal-use-pessoal-mobile-telefone-pesquisa HTTP/1.1" 200 1378 "-" "Mozilla/5.0 (Macintosh; Intel Mac OS X 10_15_7) AppleWebKit/537.36 (KHTML, like Gecko) Chrome/104.0.0.0 Safari/537.36" 57 **0/57791**
82.26.28.235 - - [21/Aug/2026:05:19:09 -0700] "GET /dgroups-rss/unlock-your-future-medical-education-50-scholarships-exclusive-course HTTP/1.1" 200 11026 "-" "Mozilla/5.0 (Macintosh; Intel Mac OS X 10_15_7) AppleWebKit/537.36 (KHTML, like Gecko) Chrome/104.0.0.0 Safari/537.36" 90 **0/90328**
82.26.28.235 - - [21/Aug/2026:05:19:09 -0700] "GET /dgroups-rss/japan-bans-corporal-punishment-children-13 HTTP/1.1" 200 10267 "-" "Mozilla/5.0 (Macintosh; Intel Mac OS X 10_15_7) AppleWebKit/537.36 (KHTML, like Gecko) Chrome/104.0.0.0 Safari/537.36" 95 **0/95118**
82.26.28.235 - - [21/Aug/2026:05:19:09 -0700] "GET /dgroups-rss/prevalencia-de-ansiedad-depresion-desesperanza-en-personal-de-salud-en-la-pandemia-0 HTTP/1.1" 200 10796 "-" "Mozilla/5.0 (Macintosh; Intel Mac OS X 10_15_7) AppleWebKit/537.36 (KHTML, like Gecko) Chrome/104.0.0.0 Safari/537.36" 102 **0/102936**
82.26.28.235 - - [21/Aug/2026:05:19:10 -0700] "GET /dgroups-rss/information-children-coronavirus HTTP/1.1" 200 11961 "-" "Mozilla/5.0 (Macintosh; Intel Mac OS X 10_15_7) AppleWebKit/537.36 (KHTML, like Gecko) Chrome/104.0.0.0 Safari/537.36" 97 **0/97831**
82.26.28.235 - - [21/Aug/2026:05:19:10 -0700] "GET /dgroups-rss/new-technical-briefs-senegalese-health-service-strengthening-project HTTP/1.1" 200 10369 "-" "Mozilla/5.0 (Macintosh; Intel Mac OS X 10_15_7) AppleWebKit/537.36 (KHTML, like Gecko) Chrome/104.0.0.0 Safari/537.36" 105 **0/105614**
34.30.223.149 - - [21/Aug/2026:05:19:10 -0700] "GET /node/96830547 HTTP/1.1" 200 10970 "-" "Mozilla/5.0 (Macintosh; Intel Mac OS X 10_15_7) AppleWebKit/537.36 (KHTML, like Gecko) Chrome/120.0.0.0 Safari/537.36" 123 **0/123398**
82.26.28.235 - - [21/Aug/2026:05:19:10 -0700] "GET /dgroups-rss/comunicado-de-prensa-de-la-oms-duod%C3%A9cima-reuni%C3%B3n-del-comit%C3%A9-de-emergencias-del HTTP/1.1" 200 10995 "-" "Mozilla/5.0 (Macintosh; Intel Mac OS X 10_15_7) AppleWebKit/537.36 (KHTML, like Gecko) Chrome/104.0.0.0 Safari/537.36" 105 **0/105082**
82.26.28.235 - - [21/Aug/2026:05:19:10 -0700] "GET /dgroups-rss/benefits-without-disruption-ai-driven-learning-medicine-revolutionizing-objective-skills HTTP/1.1" 200 11422 "-" "Mozilla/5.0 (Macintosh; Intel Mac OS X 10_15_7) AppleWebKit/537.36 (KHTML, like Gecko) Chrome/104.0.0.0 Safari/537.36" 98 **0/98744**
82.26.28.235 - - [21/Aug/2026:05:19:10 -0700] "GET /dgroups-rss/call-speakers-%E2%80%93-ifla-health-and-biosciences-section-satellite-meeting-29-july-2022 HTTP/1.1" 200 11257 "-" "Mozilla/5.0 (Macintosh; Intel Mac OS X 10_15_7) AppleWebKit/537.36 (KHTML, like Gecko) Chrome/104.0.0.0 Safari/537.36" 96 **0/96781**
82.26.28.235 - - [21/Aug/2026:05:19:10 -0700] "GET /dgroups-rss/taiwan-and-covid-19-0 HTTP/1.1" 200 10600 "-" "Mozilla/5.0 (Macintosh; Intel Mac OS X 10_15_7) AppleWebKit/537.36 (KHTML, like Gecko) Chrome/104.0.0.0 Safari/537.36" 91 **0/91704**
34.56.53.225 - - [21/Aug/2026:05:19:12 -0700] "GET /working-groups/96851832/members HTTP/1.1" 404 60556 "-" "Mozilla/5.0 (Macintosh; Intel Mac OS X 10_15_7) AppleWebKit/537.36 (KHTML, like Gecko) Chrome/120.0.0.0 Safari/537.36" 84 **0/84261**
34.42.229.145 - - [21/Aug/2026:05:19:16 -0700] "GET /news/hifa-uk%E2%80%93east-africa-health-summit-bma-london-22-april-2017 HTTP/1.1" 200 10118 "-" "Mozilla/5.0 (Macintosh; Intel Mac OS X 10_15_7) AppleWebKit/537.36 (KHTML, like Gecko) Chrome/120.0.0.0 Safari/537.36" 81 **0/81139**
216.244.66.236 - - [21/Aug/2026:05:19:16 -0700] "GET /support/supporting-organisations/student-network-organization%26?order=country&sort=asc HTTP/1.1" 200 415802 "-" "Mozilla/5.0 (compatible; DotBot/1.2; +https://opensiteexplorer.org/dotbot; help@moz.com)" 581 **0/581884**
185.191.171.12 - - [21/Aug/2026:05:19:20 -0700] "GET /dgroups-rss/representing-hifa-world-patient-safety-day-global-conference-geneva-september-2023-2 HTTP/1.1" 200 11050 "-" "Mozilla/5.0 (compatible; SemrushBot/7~bl; +http://www.semrush.com/bot.html)" 105 **0/105274**
35.254.159.230 - - [21/Aug/2026:05:19:20 -0700] "GET /dgroups-rss/looking-glass-collective-self-assessment-health-literacy-5 HTTP/1.1" 200 10341 "-" "Mozilla/5.0 (Macintosh; Intel Mac OS X 10_15_7) AppleWebKit/537.36 (KHTML, like Gecko) Chrome/120.0.0.0 Safari/537.36" 100 **0/100247**
200.164.143.252 - - [21/Aug/2026:05:19:23 -0700] "GET /support/members/roman HTTP/2.0" 200 11259 "-" "Mozilla/5.0 (Linux; Android 8.0; Pixel 2 Build/OPD3.170816.012) AppleWebKit/537.36 (KHTML, like Gecko) Chrome/50.0.3285.1296 Mobile Safari/537.36" 106 **0/106189**
114.119.129.199 - - [21/Aug/2026:05:19:23 -0700] "GET /dgroups-rss/camcar-his-2025-central-america-caribbean-healthcare-innovation-summit-2025 HTTP/1.1" 200 11442 "https://www.hifa.org/dgroups-rss/camcar-his-2025-central-america-caribbean-healthcare-innovation-summit-2025" "Mozilla/5.0 (Linux; Android 7.0;) AppleWebKit/537.36 (HTML, like Gecko) Mobile Safari/537.36 (compatible; PetalBot;+https://webmaster.petalsearch.com/site/petalbot)" 82 **0/82620**
40.77.167.130 - - [21/Aug/2026:05:19:24 -0700] "GET /dgroups-rss/who-adopting-healthy-lifestyle-helps-reduce-risk-dementia HTTP/2.0" 200 12030 "-" "Mozilla/5.0 AppleWebKit/537.36 (KHTML, like Gecko; compatible; bingbot/2.0; +http://www.bing.com/bingbot.htm) Chrome/116.0.1938.76 Safari/537.36" 98 **0/98578**
104.223.64.177 - - [21/Aug/2026:05:19:26 -0700] "GET /sites/default/files/styles/medium/public/contact_photo/Shrestha%2C%20Roman-1.jpg?itok=_Jv9mNHJ HTTP/2.0" 206 500 "https://hifa.org/" "Mozilla/5.0 (Linux; Android 8.0; Pixel 2 Build/OPD3.170816.012) AppleWebKit/537.36 (KHTML, like Gecko) Chrome/50.0.3285.1296 Mobile Safari/537.36" 9 **0/9848**
104.223.117.47 - - [21/Aug/2026:05:19:26 -0700] "GET /sites/all/modules/ds/layouts/ds_3col_stacked_fluid/ds_3col_stacked_fluid.css?tg5ws3 HTTP/2.0" 200 226 "https://hifa.org/support/members/roman" "Mozilla/5.0 (Linux; Android 8.0; Pixel 2 Build/OPD3.170816.012) AppleWebKit/537.36 (KHTML, like Gecko) Chrome/50.0.3285.1296 Mobile Safari/537.36" 8 **0/8700**
104.23.223.88 - - [21/Aug/2026:05:19:31 -0700] "GET / HTTP/2.0" 200 12258 "-" "http://healthinformationforum.org/wp-admin/install.php?step=1" 22 **0/22060**
85.208.96.212 - - [21/Aug/2026:05:19:36 -0700] "GET /dgroups-rss/invitaci%C3%B3n-%E2%80%93-hora-del-t%C3%A9-con-rising-scholars-sesi%C3%B3n-en-espa%C3%B1ol-%E2%80%93-13-de-noviembre-3-0 HTTP/1.1" 200 11043 "-" "Mozilla/5.0 (compatible; SemrushBot/7~bl; +http://www.semrush.com/bot.html)" 18 **0/18311**
220.181.108.168 - - [21/Aug/2026:05:19:49 -0700] "GET /dgroups-rss/lancet-sustainable-development-broken-and-needs-repair-thet HTTP/2.0" 200 11036 "-" "Mozilla/5.0 (compatible; Baiduspider/2.0; +http://www.baidu.com/search/spider.html)" 90 **0/90193**
13.57.17.219 - - [21/Aug/2026:05:19:57 -0700] "GET /dgroups-rss/quality-322-patient-safety-fragile-conflict-affected-and-vulnerable-settings HTTP/2.0" 200 10798 "-" "TerraCotta 0.2 https://www.github.com/ceramicTeam/CeramicTerracotta" 97 **0/97729**
13.57.17.219 - - [21/Aug/2026:05:20:01 -0700] "GET /about-hifa/testimonials/sudarshan-paudel-patan-academy-health-sciences-nepal HTTP/2.0" 200 10045 "-" "TerraCotta 0.2 https://www.github.com/ceramicTeam/CeramicTerracotta" 217 **0/217213**
220.196.160.165 - - [21/Aug/2026:05:20:02 -0700] "GET /people/staff HTTP/2.0" 200 10462 "-" "Mozilla/5.0 (Macintosh; Intel Mac OS X 10_15_7) AppleWebKit/605.1.15 (KHTML, like Gecko) Version/17.3 Safari/605.1.15" 19 **0/19933**
13.57.17.219 - - [21/Aug/2026:05:20:03 -0700] "GET /news/hifa-blog-month-review-feb-apr-2020-coronavirus-and-cancer-misinformation HTTP/2.0" 200 12841 "-" "TerraCotta 0.2 https://www.github.com/ceramicTeam/CeramicTerracotta" 94 **0/94042**
57.141.20.56 - - [21/Aug/2026:05:20:03 -0700] "GET /dgroups-rss/opioid-drugs-7-q2-what-current-state-opioid-misuse-your-country-3-global-overview-opioid HTTP/2.0" 200 11209 "-" "Mozilla/5.0 (Macintosh; Intel Mac OS X 10_15_7) AppleWebKit/537.36 (KHTML, like Gecko) Chrome/145.0.0.0 Safari/537.36 (compatible; meta-externalagent/1.1 (+https://developers.facebook.com/docs/sharing/webmasters/crawler))" 126 **0/126091**
52.167.144.169 - - [21/Aug/2026:05:20:13 -0700] "GET /support/members/nicole HTTP/2.0" 200 11270 "-" "Mozilla/5.0 AppleWebKit/537.36 (KHTML, like Gecko; compatible; bingbot/2.0; +http://www.bing.com/bingbot.htm) Chrome/116.0.1938.76 Safari/537.36" 119 **0/119894**
34.30.223.149 - - [21/Aug/2026:05:20:19 -0700] "GET /dgroups-rss/manejo-de-la-dislipidemia-en-el-contexto-del-s%C3%ADndrome-metab%C3%B3lico-relacionado-con-la HTTP/1.1" 200 10945 "-" "Mozilla/5.0 (Macintosh; Intel Mac OS X 10_15_7) AppleWebKit/537.36 (KHTML, like Gecko) Chrome/120.0.0.0 Safari/537.36" 89 **0/89841**
192.178.6.96 - - [21/Aug/2026:05:20:21 -0700] "GET /dgroups-rss/call-abstracts-icgbs-2022-open-through-may-1st HTTP/1.1" 200 10655 "-" "Mozilla/5.0 (Linux; Android 6.0.1; Nexus 5X Build/MMB29P) AppleWebKit/537.36 (KHTML, like Gecko) Chrome/151.0.7922.137 Mobile Safari/537.36 (compatible; Googlebot/2.1; +http://www.google.com/bot.html)" 108 **0/108656**
57.141.20.38 - - [21/Aug/2026:05:20:22 -0700] "GET /node/96857947 HTTP/2.0" 200 11589 "-" "Mozilla/5.0 (Windows NT 10.0; Win64; x64) AppleWebKit/537.36 (KHTML, like Gecko) Chrome/145.0.0.0 Safari/537.36 (compatible; meta-externalagent/1.1 (+https://developers.facebook.com/docs/sharing/webmasters/crawler))" 98 **0/98174**
57.141.20.25 - - [21/Aug/2026:05:20:23 -0700] "GET /sites/all/modules/ds/layouts/ds_3col/ds_3col.css?tg5ws3 HTTP/2.0" 200 154 "https://www.hifa.org/node/96857947" "Mozilla/5.0 (Windows NT 10.0; Win64; x64) AppleWebKit/537.36 (KHTML, like Gecko) Chrome/145.0.0.0 Safari/537.36 (compatible; meta-externalagent/1.1 (+https://developers.facebook.com/docs/sharing/webmasters/crawler))" 8 **0/8053**
57.141.20.54 - - [21/Aug/2026:05:20:23 -0700] "GET /sites/all/modules/gmap/js/icon.js?tg5ws3 HTTP/2.0" 200 2264 "https://www.hifa.org/node/96857947" "Mozilla/5.0 (Windows NT 10.0; Win64; x64) AppleWebKit/537.36 (KHTML, like Gecko) Chrome/145.0.0.0 Safari/537.36 (compatible; meta-externalagent/1.1 (+https://developers.facebook.com/docs/sharing/webmasters/crawler))" 9 **0/9997**
57.141.20.56 - - [21/Aug/2026:05:20:23 -0700] "GET /sites/all/modules/gmap/js/marker.js?tg5ws3 HTTP/2.0" 200 1790 "https://www.hifa.org/node/96857947" "Mozilla/5.0 (Windows NT 10.0; Win64; x64) AppleWebKit/537.36 (KHTML, like Gecko) Chrome/145.0.0.0 Safari/537.36 (compatible; meta-externalagent/1.1 (+https://developers.facebook.com/docs/sharing/webmasters/crawler))" 8 **0/8640**
57.141.20.41 - - [21/Aug/2026:05:20:23 -0700] "GET /sites/all/modules/gmap/js/gmap.js?tg5ws3 HTTP/2.0" 200 4821 "https://www.hifa.org/node/96857947" "Mozilla/5.0 (Windows NT 10.0; Win64; x64) AppleWebKit/537.36 (KHTML, like Gecko) Chrome/145.0.0.0 Safari/537.36 (compatible; meta-externalagent/1.1 (+https://developers.facebook.com/docs/sharing/webmasters/crawler))" 12 **0/12226**
40.77.167.47 - - [21/Aug/2026:05:20:23 -0700] "GET /people/country-representatives?sort=asc&order=field_who_region HTTP/2.0" 200 31578 "-" "Mozilla/5.0 AppleWebKit/537.36 (KHTML, like Gecko; compatible; bingbot/2.0; +http://www.bing.com/bingbot.htm) Chrome/116.0.1938.76 Safari/537.36" 256 **0/256552**
57.141.20.5 - - [21/Aug/2026:05:20:23 -0700] "GET /sites/all/modules/gmap/js/highlight.js?tg5ws3 HTTP/2.0" 200 3311 "https://www.hifa.org/node/96857947" "Mozilla/5.0 (Windows NT 10.0; Win64; x64) AppleWebKit/537.36 (KHTML, like Gecko) Chrome/145.0.0.0 Safari/537.36 (compatible; meta-externalagent/1.1 (+https://developers.facebook.com/docs/sharing/webmasters/crawler))" 9 **0/9972**
57.141.20.20 - - [21/Aug/2026:05:20:23 -0700] "GET /sites/default/files/styles/medium/public/supporting_org_photo/cardinalrh-logo.jpg?itok=d25aMnWh HTTP/2.0" 200 12819 "https://www.hifa.org/node/96857947" "Mozilla/5.0 (Windows NT 10.0; Win64; x64) AppleWebKit/537.36 (KHTML, like Gecko) Chrome/145.0.0.0 Safari/537.36 (compatible; meta-externalagent/1.1 (+https://developers.facebook.com/docs/sharing/webmasters/crawler))" 9 **0/9013**
57.141.20.70 - - [21/Aug/2026:05:20:24 -0700] "GET /sites/all/modules/gmap/markers/big/red.png HTTP/2.0" 200 2516 "https://www.hifa.org/node/96857947" "Mozilla/5.0 (Windows NT 10.0; Win64; x64) AppleWebKit/537.36 (KHTML, like Gecko) Chrome/145.0.0.0 Safari/537.36 (compatible; meta-externalagent/1.1 (+https://developers.facebook.com/docs/sharing/webmasters/crawler))" 8 **0/8933**
34.42.229.145 - - [21/Aug/2026:05:20:24 -0700] "GET /dgroups-rss/transforming-health-care-stories-changemakers-across-world-2 HTTP/1.1" 200 10869 "-" "Mozilla/5.0 (Macintosh; Intel Mac OS X 10_15_7) AppleWebKit/537.36 (KHTML, like Gecko) Chrome/120.0.0.0 Safari/537.36" 18 **0/18541**
57.141.20.64 - - [21/Aug/2026:05:20:28 -0700] "GET /dgroups-rss/who-explicitly-champions-universal-access-credible-health-information HTTP/2.0" 200 11850 "-" "Mozilla/5.0 (Macintosh; Intel Mac OS X 10.15; rv:147.0) Gecko/20100101 Firefox/147.0 (compatible; meta-externalagent/1.1 (+https://developers.facebook.com/docs/sharing/webmasters/crawler))" 130 **0/130416**
57.141.20.7 - - [21/Aug/2026:05:20:29 -0700] "GET /node/null HTTP/2.0" 404 60489 "https://www.hifa.org/node/96857947" "Mozilla/5.0 (Windows NT 10.0; Win64; x64) AppleWebKit/537.36 (KHTML, like Gecko) Chrome/145.0.0.0 Safari/537.36 (compatible; meta-externalagent/1.1 (+https://developers.facebook.com/docs/sharing/webmasters/crawler))" 99 **0/99997**
40.77.167.47 - - [21/Aug/2026:05:20:33 -0700] "GET /dgroups-rss/los-datos-de-la-pandemia-tomar-decisiones-con-datos-insuficientes-y-politizados-data HTTP/2.0" 200 10519 "-" "Mozilla/5.0 AppleWebKit/537.36 (KHTML, like Gecko; compatible; bingbot/2.0; +http://www.bing.com/bingbot.htm) Chrome/116.0.1938.76 Safari/537.36" 123 **0/123646**
116.179.32.137 - - [21/Aug/2026:05:20:38 -0700] "GET /dgroups-rss/last-gentle-reminder-cohort-3-class-registration-12-pillar-clinical-governance HTTP/2.0" 200 11714 "-" "Mozilla/5.0 (compatible; Baiduspider/2.0; +http://www.baidu.com/search/spider.html)" 126 **0/126946**
94.7.186.50 - - [21/Aug/2026:05:20:41 -0700] "GET /dgroups-rss/comunicado-de-prensa-de-la-oms-la-tuberculosis-resurge-como-principal-causa-de-muerte HTTP/1.1" 200 11540 "-" "Mozilla/5.0 (Windows NT 10.0; Win64; x64) AppleWebKit/537.36 (KHTML, like Gecko) Chrome/132.0.6834.83 Safari/537.36" 101 **0/101242**
52.167.144.209 - - [21/Aug/2026:05:20:43 -0700] "GET /support/supporting-organisations/association-general-private-medical-practitioners-nigeria-agpmpn HTTP/2.0" 200 11345 "-" "Mozilla/5.0 AppleWebKit/537.36 (KHTML, like Gecko; compatible; bingbot/2.0; +http://www.bing.com/bingbot.htm) Chrome/116.0.1938.76 Safari/537.36" 19 **0/19767**
40.77.167.47 - - [21/Aug/2026:05:20:43 -0700] "GET /dgroups-rss/spotlight-group-b-strep-6-chronic-gbs-vaginitis-and-urinary-tract-infections HTTP/2.0" 200 10332 "-" "Mozilla/5.0 AppleWebKit/537.36 (KHTML, like Gecko; compatible; bingbot/2.0; +http://www.bing.com/bingbot.htm) Chrome/116.0.1938.76 Safari/537.36" 121 **0/121227**
17.241.227.201 - - [21/Aug/2026:05:20:44 -0700] "GET /dgroups-rss/entrevista-sobre-la-resiliencia-de-los-sistemas-de-salud-ante-covid19-respuesta HTTP/2.0" 200 10657 "-" "Mozilla/5.0 (Macintosh; Intel Mac OS X 10_15_7) AppleWebKit/605.1.15 (KHTML, like Gecko) Version/17.4 Safari/605.1.15 (Applebot/0.1; +http://www.apple.com/go/applebot)" 112 **0/112413**
164.30.18.219 - - [21/Aug/2026:05:20:45 -0700] "GET /support/supporting-organisations/wema-childrens-centre HTTP/1.1" 200 11138 "-" "Mozilla/5.0 (Macintosh; Intel Mac OS X 10.15; rv:141.0) Gecko/20100101 Firefox/141.0" 116 **0/116171**
114.119.155.111 - - [21/Aug/2026:05:20:47 -0700] "GET /support/supporting-organisations/40?order=title&sort=desc HTTP/1.1" 200 38905 "https://hifa.org/support/supporting-organisations/mosamaria-aids-ministry?order=title&sort=asc" "Mozilla/5.0 (Linux; Android 7.0;) AppleWebKit/537.36 (HTML, like Gecko) Mobile Safari/537.36 (compatible; PetalBot;+https://webmaster.petalsearch.com/site/petalbot)" 298 **0/298552**
40.77.167.47 - - [21/Aug/2026:05:20:53 -0700] "GET /dgroups-rss/journalen-conference-open-notes-and-3-different-ways-citizen-activation-patient-access-1 HTTP/2.0" 200 10456 "-" "Mozilla/5.0 AppleWebKit/537.36 (KHTML, like Gecko; compatible; bingbot/2.0; +http://www.bing.com/bingbot.htm) Chrome/116.0.1938.76 Safari/537.36" 18 **0/18732**
129.153.197.252 - - [21/Aug/2026:05:20:59 -0700] "GET /dgroups-rss/presentaci%C3%B3n-y-cordial-saludo-0 HTTP/1.1" 200 10500 "-" "Mozilla/5.0 (X11; Linux aarch64) AppleWebKit/537.36 (KHTML, like Gecko) Chrome/139.0.0.0 Safari/537.36" 114 **0/114030**
34.42.229.145 - - [21/Aug/2026:05:21:00 -0700] "GET /node/96857573 HTTP/1.1" 200 11628 "-" "Mozilla/5.0 (Macintosh; Intel Mac OS X 10_15_7) AppleWebKit/537.36 (KHTML, like Gecko) Chrome/120.0.0.0 Safari/537.36" 128 **0/128425**
34.56.53.225 - - [21/Aug/2026:05:21:04 -0700] "GET /dgroups-rss/trusted-vaccine-guidance-has-collapsed-%E2%80%94-along-rule-law-3 HTTP/1.1" 200 11243 "-" "Mozilla/5.0 (Macintosh; Intel Mac OS X 10_15_7) AppleWebKit/537.36 (KHTML, like Gecko) Chrome/120.0.0.0 Safari/537.36" 112 **0/112755**
13.57.17.219 - - [21/Aug/2026:05:21:10 -0700] "GET /dgroups-rss/opioid-drugs-70-educational-resources-healthcare-professionals-3 HTTP/2.0" 200 10437 "-" "TerraCotta 0.2 https://www.github.com/ceramicTeam/CeramicTerracotta" 106 **0/106826**
34.56.53.225 - - [21/Aug/2026:05:21:11 -0700] "GET /support/supporting-organisations/60?sort=asc HTTP/1.1" 200 38978 "-" "Mozilla/5.0 (Macintosh; Intel Mac OS X 10_15_7) AppleWebKit/537.36 (KHTML, like Gecko) Chrome/120.0.0.0 Safari/537.36" 152 **0/152631**
81.77.244.192 - - [21/Aug/2026:05:21:14 -0700] "GET /about-hifa HTTP/2.0" 200 13193 "-" "Mozilla/5.0 (Windows NT 10.0; Win64; x64) AppleWebKit/537.36 (KHTML, like Gecko) Chrome/151.0.0.0 Safari/537.36 Edg/151.0.0.0" 16 **0/16689**
216.244.66.236 - - [21/Aug/2026:05:21:15 -0700] "GET /news/page/4/www.healthlibrary.com?page=14 HTTP/1.1" 200 75590 "-" "Mozilla/5.0 (compatible; DotBot/1.2; +https://opensiteexplorer.org/dotbot; help@moz.com)" 107 **0/107774**
81.77.244.192 - - [21/Aug/2026:05:21:15 -0700] "GET /modules/system/system.base.css?tg5ws3 HTTP/2.0" 200 1883 "https://www.hifa.org/about-hifa" "Mozilla/5.0 (Windows NT 10.0; Win64; x64) AppleWebKit/537.36 (KHTML, like Gecko) Chrome/151.0.0.0 Safari/537.36 Edg/151.0.0.0" 8 **0/8973**
81.77.244.192 - - [21/Aug/2026:05:21:15 -0700] "GET /modules/system/system.menus.css?tg5ws3 HTTP/2.0" 200 661 "https://www.hifa.org/about-hifa" "Mozilla/5.0 (Windows NT 10.0; Win64; x64) AppleWebKit/537.36 (KHTML, like Gecko) Chrome/151.0.0.0 Safari/537.36 Edg/151.0.0.0" 9 **0/9193**
81.77.244.192 - - [21/Aug/2026:05:21:15 -0700] "GET /modules/system/system.messages.css?tg5ws3 HTTP/2.0" 200 382 "https://www.hifa.org/about-hifa" "Mozilla/5.0 (Windows NT 10.0; Win64; x64) AppleWebKit/537.36 (KHTML, like Gecko) Chrome/151.0.0.0 Safari/537.36 Edg/151.0.0.0" 9 **0/9391**
81.77.244.192 - - [21/Aug/2026:05:21:15 -0700] "GET /modules/system/system.theme.css?tg5ws3 HTTP/2.0" 200 1220 "https://www.hifa.org/about-hifa" "Mozilla/5.0 (Windows NT 10.0; Win64; x64) AppleWebKit/537.36 (KHTML, like Gecko) Chrome/151.0.0.0 Safari/537.36 Edg/151.0.0.0" 9 **0/9579**
81.77.244.192 - - [21/Aug/2026:05:21:15 -0700] "GET /sites/all/modules/jquery_update/replace/ui/themes/base/minified/jquery.ui.core.min.css?tg5ws3 HTTP/2.0" 200 502 "https://www.hifa.org/about-hifa" "Mozilla/5.0 (Windows NT 10.0; Win64; x64) AppleWebKit/537.36 (KHTML, like Gecko) Chrome/151.0.0.0 Safari/537.36 Edg/151.0.0.0" 10 **0/10669**
81.77.244.192 - - [21/Aug/2026:05:21:15 -0700] "GET /sites/all/modules/jquery_update/replace/ui/themes/base/minified/jquery.ui.theme.min.css?tg5ws3 HTTP/2.0" 200 2292 "https://www.hifa.org/about-hifa" "Mozilla/5.0 (Windows NT 10.0; Win64; x64) AppleWebKit/537.36 (KHTML, like Gecko) Chrome/151.0.0.0 Safari/537.36 Edg/151.0.0.0" 7 **0/7690**
81.77.244.192 - - [21/Aug/2026:05:21:15 -0700] "GET /sites/all/modules/ctools/css/ctools.css?tg5ws3 HTTP/2.0" 200 256 "https://www.hifa.org/about-hifa" "Mozilla/5.0 (Windows NT 10.0; Win64; x64) AppleWebKit/537.36 (KHTML, like Gecko) Chrome/151.0.0.0 Safari/537.36 Edg/151.0.0.0" 8 **0/8001**
81.77.244.192 - - [21/Aug/2026:05:21:15 -0700] "GET /sites/all/libraries/shadowbox/shadowbox.css?tg5ws3 HTTP/2.0" 200 714 "https://www.hifa.org/about-hifa" "Mozilla/5.0 (Windows NT 10.0; Win64; x64) AppleWebKit/537.36 (KHTML, like Gecko) Chrome/151.0.0.0 Safari/537.36 Edg/151.0.0.0" 11 **0/11486**
81.77.244.192 - - [21/Aug/2026:05:21:15 -0700] "GET /sites/all/modules/ckeditor/css/ckeditor.css?tg5ws3 HTTP/2.0" 200 191 "https://www.hifa.org/about-hifa" "Mozilla/5.0 (Windows NT 10.0; Win64; x64) AppleWebKit/537.36 (KHTML, like Gecko) Chrome/151.0.0.0 Safari/537.36 Edg/151.0.0.0" 11 **0/11009**
81.77.244.192 - - [21/Aug/2026:05:21:15 -0700] "GET /modules/user/user.css?tg5ws3 HTTP/2.0" 200 698 "https://www.hifa.org/about-hifa" "Mozilla/5.0 (Windows NT 10.0; Win64; x64) AppleWebKit/537.36 (KHTML, like Gecko) Chrome/151.0.0.0 Safari/537.36 Edg/151.0.0.0" 11 **0/11374**
81.77.244.192 - - [21/Aug/2026:05:21:15 -0700] "GET /modules/field/theme/field.css?tg5ws3 HTTP/2.0" 200 235 "https://www.hifa.org/about-hifa" "Mozilla/5.0 (Windows NT 10.0; Win64; x64) AppleWebKit/537.36 (KHTML, like Gecko) Chrome/151.0.0.0 Safari/537.36 Edg/151.0.0.0" 14 **0/14478**
81.77.244.192 - - [21/Aug/2026:05:21:15 -0700] "GET /modules/node/node.css?tg5ws3 HTTP/2.0" 200 109 "https://www.hifa.org/about-hifa" "Mozilla/5.0 (Windows NT 10.0; Win64; x64) AppleWebKit/537.36 (KHTML, like Gecko) Chrome/151.0.0.0 Safari/537.36 Edg/151.0.0.0" 14 **0/14663**
81.77.244.192 - - [21/Aug/2026:05:21:15 -0700] "GET /sites/all/modules/tb_megamenu/css/base.css?tg5ws3 HTTP/2.0" 200 4424 "https://www.hifa.org/about-hifa" "Mozilla/5.0 (Windows NT 10.0; Win64; x64) AppleWebKit/537.36 (KHTML, like Gecko) Chrome/151.0.0.0 Safari/537.36 Edg/151.0.0.0" 14 **0/14832**
81.77.244.192 - - [21/Aug/2026:05:21:15 -0700] "GET /sites/all/modules/tb_megamenu/css/default.css?tg5ws3 HTTP/2.0" 200 6876 "https://www.hifa.org/about-hifa" "Mozilla/5.0 (Windows NT 10.0; Win64; x64) AppleWebKit/537.36 (KHTML, like Gecko) Chrome/151.0.0.0 Safari/537.36 Edg/151.0.0.0" 15 **0/15046**
81.77.244.192 - - [21/Aug/2026:05:21:15 -0700] "GET /sites/all/modules/tb_megamenu/css/bootstrap.css?tg5ws3 HTTP/2.0" 200 10792 "https://www.hifa.org/about-hifa" "Mozilla/5.0 (Windows NT 10.0; Win64; x64) AppleWebKit/537.36 (KHTML, like Gecko) Chrome/151.0.0.0 Safari/537.36 Edg/151.0.0.0" 22 **0/22017**
81.77.244.192 - - [21/Aug/2026:05:21:15 -0700] "GET /modules/search/search.css?tg5ws3 HTTP/2.0" 200 232 "https://www.hifa.org/about-hifa" "Mozilla/5.0 (Windows NT 10.0; Win64; x64) AppleWebKit/537.36 (KHTML, like Gecko) Chrome/151.0.0.0 Safari/537.36 Edg/151.0.0.0" 22 **0/22584**
81.77.244.192 - - [21/Aug/2026:05:21:15 -0700] "GET /sites/all/modules/views/css/views.css?tg5ws3 HTTP/2.0" 200 309 "https://www.hifa.org/about-hifa" "Mozilla/5.0 (Windows NT 10.0; Win64; x64) AppleWebKit/537.36 (KHTML, like Gecko) Chrome/151.0.0.0 Safari/537.36 Edg/151.0.0.0" 22 **0/22786**
81.77.244.192 - - [21/Aug/2026:05:21:15 -0700] "GET /sites/all/modules/modal_forms/css/modal_forms_popup.css?tg5ws3 HTTP/2.0" 200 542 "https://www.hifa.org/about-hifa" "Mozilla/5.0 (Windows NT 10.0; Win64; x64) AppleWebKit/537.36 (KHTML, like Gecko) Chrome/151.0.0.0 Safari/537.36 Edg/151.0.0.0" 22 **0/22962**
81.77.244.192 - - [21/Aug/2026:05:21:15 -0700] "GET /sites/all/modules/tb_megamenu/css/compatibility.css?tg5ws3 HTTP/2.0" 200 321 "https://www.hifa.org/about-hifa" "Mozilla/5.0 (Windows NT 10.0; Win64; x64) AppleWebKit/537.36 (KHTML, like Gecko) Chrome/151.0.0.0 Safari/537.36 Edg/151.0.0.0" 23 **0/23089**
81.77.244.192 - - [21/Aug/2026:05:21:15 -0700] "GET /sites/all/modules/ctools/css/modal.css?tg5ws3 HTTP/2.0" 200 761 "https://www.hifa.org/about-hifa" "Mozilla/5.0 (Windows NT 10.0; Win64; x64) AppleWebKit/537.36 (KHTML, like Gecko) Chrome/151.0.0.0 Safari/537.36 Edg/151.0.0.0" 23 **0/23704**
81.77.244.192 - - [21/Aug/2026:05:21:15 -0700] "GET /sites/all/themes/adaptivetheme/adaptivetheme/at_core/css/at.layout.css?tg5ws3 HTTP/2.0" 200 363 "https://www.hifa.org/about-hifa" "Mozilla/5.0 (Windows NT 10.0; Win64; x64) AppleWebKit/537.36 (KHTML, like Gecko) Chrome/151.0.0.0 Safari/537.36 Edg/151.0.0.0" 27 **0/27937**
81.77.244.192 - - [21/Aug/2026:05:21:15 -0700] "GET /sites/default/files/adaptivetheme/at_hifa_files/at_hifa.responsive.layout.css?tg5ws3 HTTP/2.0" 200 1065 "https://www.hifa.org/about-hifa" "Mozilla/5.0 (Windows NT 10.0; Win64; x64) AppleWebKit/537.36 (KHTML, like Gecko) Chrome/151.0.0.0 Safari/537.36 Edg/151.0.0.0" 28 **0/28904**
81.77.244.192 - - [21/Aug/2026:05:21:15 -0700] "GET /sites/all/modules/ctools/js/modal.js?tg5ws3 HTTP/2.0" 200 6785 "https://www.hifa.org/about-hifa" "Mozilla/5.0 (Windows NT 10.0; Win64; x64) AppleWebKit/537.36 (KHTML, like Gecko) Chrome/151.0.0.0 Safari/537.36 Edg/151.0.0.0" 26 **0/26488**
81.77.244.192 - - [21/Aug/2026:05:21:15 -0700] "GET /sites/all/themes/adaptivetheme/at_hifa/css/responsive.desktop.css?tg5ws3 HTTP/2.0" 200 235 "https://www.hifa.org/about-hifa" "Mozilla/5.0 (Windows NT 10.0; Win64; x64) AppleWebKit/537.36 (KHTML, like Gecko) Chrome/151.0.0.0 Safari/537.36 Edg/151.0.0.0" 32 **0/32253**
81.77.244.192 - - [21/Aug/2026:05:21:15 -0700] "GET /sites/all/modules/jquery_update/replace/ui/external/jquery.cookie.js?v=67fb34f6a866c40d0570 HTTP/2.0" 200 1353 "https://www.hifa.org/about-hifa" "Mozilla/5.0 (Windows NT 10.0; Win64; x64) AppleWebKit/537.36 (KHTML, like Gecko) Chrome/151.0.0.0 Safari/537.36 Edg/151.0.0.0" 32 **0/32145**
81.77.244.192 - - [21/Aug/2026:05:21:15 -0700] "GET /sites/all/modules/modal_forms/js/modal_forms_popup.js?tg5ws3 HTTP/2.0" 200 348 "https://www.hifa.org/about-hifa" "Mozilla/5.0 (Windows NT 10.0; Win64; x64) AppleWebKit/537.36 (KHTML, like Gecko) Chrome/151.0.0.0 Safari/537.36 Edg/151.0.0.0" 30 **0/30321**
81.77.244.192 - - [21/Aug/2026:05:21:15 -0700] "GET /sites/all/modules/jquery_update/js/jquery_update.js?v=0.0.1 HTTP/2.0" 200 202 "https://www.hifa.org/about-hifa" "Mozilla/5.0 (Windows NT 10.0; Win64; x64) AppleWebKit/537.36 (KHTML, like Gecko) Chrome/151.0.0.0 Safari/537.36 Edg/151.0.0.0" 42 **0/42733**
81.77.244.192 - - [21/Aug/2026:05:21:15 -0700] "GET /misc/jquery-extend-3.4.0.js?v=1.12.4 HTTP/2.0" 200 1330 "https://www.hifa.org/about-hifa" "Mozilla/5.0 (Windows NT 10.0; Win64; x64) AppleWebKit/537.36 (KHTML, like Gecko) Chrome/151.0.0.0 Safari/537.36 Edg/151.0.0.0" 46 **0/46160**
81.77.244.192 - - [21/Aug/2026:05:21:15 -0700] "GET /sites/all/libraries/shadowbox/shadowbox.js?v=3.0.3 HTTP/2.0" 200 18498 "https://www.hifa.org/about-hifa" "Mozilla/5.0 (Windows NT 10.0; Win64; x64) AppleWebKit/537.36 (KHTML, like Gecko) Chrome/151.0.0.0 Safari/537.36 Edg/151.0.0.0" 43 **0/43450**
81.77.244.192 - - [21/Aug/2026:05:21:15 -0700] "GET /misc/ajax.js?v=7.102 HTTP/2.0" 200 8388 "https://www.hifa.org/about-hifa" "Mozilla/5.0 (Windows NT 10.0; Win64; x64) AppleWebKit/537.36 (KHTML, like Gecko) Chrome/151.0.0.0 Safari/537.36 Edg/151.0.0.0" 43 **0/43652**
81.77.244.192 - - [21/Aug/2026:05:21:15 -0700] "GET /sites/all/modules/google_analytics/googleanalytics.js?tg5ws3 HTTP/2.0" 200 1936 "https://www.hifa.org/about-hifa" "Mozilla/5.0 (Windows NT 10.0; Win64; x64) AppleWebKit/537.36 (KHTML, like Gecko) Chrome/151.0.0.0 Safari/537.36 Edg/151.0.0.0" 44 **0/44037**
81.77.244.192 - - [21/Aug/2026:05:21:15 -0700] "GET /sites/all/modules/ds/layouts/ds_2col_stacked_fluid/ds_2col_stacked_fluid.css?tg5ws3 HTTP/2.0" 200 209 "https://www.hifa.org/about-hifa" "Mozilla/5.0 (Windows NT 10.0; Win64; x64) AppleWebKit/537.36 (KHTML, like Gecko) Chrome/151.0.0.0 Safari/537.36 Edg/151.0.0.0" 48 **0/48236**
81.77.244.192 - - [21/Aug/2026:05:21:15 -0700] "GET /sites/all/themes/adaptivetheme/at_hifa/css/global.base.css?tg5ws3 HTTP/2.0" 200 4024 "https://www.hifa.org/about-hifa" "Mozilla/5.0 (Windows NT 10.0; Win64; x64) AppleWebKit/537.36 (KHTML, like Gecko) Chrome/151.0.0.0 Safari/537.36 Edg/151.0.0.0" 48 **0/48518**
81.77.244.192 - - [21/Aug/2026:05:21:15 -0700] "GET /sites/all/themes/adaptivetheme/at_hifa/css/global.styles.css?tg5ws3 HTTP/2.0" 200 10012 "https://www.hifa.org/about-hifa" "Mozilla/5.0 (Windows NT 10.0; Win64; x64) AppleWebKit/537.36 (KHTML, like Gecko) Chrome/151.0.0.0 Safari/537.36 Edg/151.0.0.0" 48 **0/48726**
81.77.244.192 - - [21/Aug/2026:05:21:15 -0700] "GET /sites/all/themes/adaptivetheme/at_hifa/css/responsive.custom.css?tg5ws3 HTTP/2.0" 200 1207 "https://www.hifa.org/about-hifa" "Mozilla/5.0 (Windows NT 10.0; Win64; x64) AppleWebKit/537.36 (KHTML, like Gecko) Chrome/151.0.0.0 Safari/537.36 Edg/151.0.0.0" 49 **0/49032**
81.77.244.192 - - [21/Aug/2026:05:21:15 -0700] "GET /misc/jquery-html-prefilter-3.5.0-backport.js?v=1.12.4 HTTP/2.0" 200 4480 "https://www.hifa.org/about-hifa" "Mozilla/5.0 (Windows NT 10.0; Win64; x64) AppleWebKit/537.36 (KHTML, like Gecko) Chrome/151.0.0.0 Safari/537.36 Edg/151.0.0.0" 49 **0/49250**
81.77.244.192 - - [21/Aug/2026:05:21:15 -0700] "GET /misc/jquery.once.js?v=1.2 HTTP/2.0" 200 1066 "https://www.hifa.org/about-hifa" "Mozilla/5.0 (Windows NT 10.0; Win64; x64) AppleWebKit/537.36 (KHTML, like Gecko) Chrome/151.0.0.0 Safari/537.36 Edg/151.0.0.0" 49 **0/49509**
81.77.244.192 - - [21/Aug/2026:05:21:15 -0700] "GET /misc/drupal.js?tg5ws3 HTTP/2.0" 200 7052 "https://www.hifa.org/about-hifa" "Mozilla/5.0 (Windows NT 10.0; Win64; x64) AppleWebKit/537.36 (KHTML, like Gecko) Chrome/151.0.0.0 Safari/537.36 Edg/151.0.0.0" 49 **0/49090**
81.77.244.192 - - [21/Aug/2026:05:21:15 -0700] "GET /sites/all/modules/jquery_update/js/jquery_browser.js?v=0.0.1 HTTP/2.0" 200 259 "https://www.hifa.org/about-hifa" "Mozilla/5.0 (Windows NT 10.0; Win64; x64) AppleWebKit/537.36 (KHTML, like Gecko) Chrome/151.0.0.0 Safari/537.36 Edg/151.0.0.0" 49 **0/49394**
81.77.244.192 - - [21/Aug/2026:05:21:15 -0700] "GET /sites/all/modules/jquery_update/replace/jquery.form/4/jquery.form.min.js?v=4.2.1 HTTP/2.0" 200 6271 "https://www.hifa.org/about-hifa" "Mozilla/5.0 (Windows NT 10.0; Win64; x64) AppleWebKit/537.36 (KHTML, like Gecko) Chrome/151.0.0.0 Safari/537.36 Edg/151.0.0.0" 47 **0/47621**
81.77.244.192 - - [21/Aug/2026:05:21:15 -0700] "GET /sites/all/modules/shadowbox/shadowbox_auto.js?v=3.0.3 HTTP/2.0" 200 376 "https://www.hifa.org/about-hifa" "Mozilla/5.0 (Windows NT 10.0; Win64; x64) AppleWebKit/537.36 (KHTML, like Gecko) Chrome/151.0.0.0 Safari/537.36 Edg/151.0.0.0" 47 **0/47816**
81.77.244.192 - - [21/Aug/2026:05:21:15 -0700] "GET /misc/form-single-submit.js?v=7.102 HTTP/2.0" 200 1192 "https://www.hifa.org/about-hifa" "Mozilla/5.0 (Windows NT 10.0; Win64; x64) AppleWebKit/537.36 (KHTML, like Gecko) Chrome/151.0.0.0 Safari/537.36 Edg/151.0.0.0" 48 **0/48092**
81.77.244.192 - - [21/Aug/2026:05:21:15 -0700] "GET /sites/all/modules/entityreference/js/entityreference.js?tg5ws3 HTTP/2.0" 200 354 "https://www.hifa.org/about-hifa" "Mozilla/5.0 (Windows NT 10.0; Win64; x64) AppleWebKit/537.36 (KHTML, like Gecko) Chrome/151.0.0.0 Safari/537.36 Edg/151.0.0.0" 48 **0/48341**
81.77.244.192 - - [21/Aug/2026:05:21:15 -0700] "GET /misc/progress.js?v=7.102 HTTP/2.0" 200 1202 "https://www.hifa.org/about-hifa" "Mozilla/5.0 (Windows NT 10.0; Win64; x64) AppleWebKit/537.36 (KHTML, like Gecko) Chrome/151.0.0.0 Safari/537.36 Edg/151.0.0.0" 48 **0/48595**
81.77.244.192 - - [21/Aug/2026:05:21:15 -0700] "GET /sites/all/modules/tb_megamenu/js/tb-megamenu-frontend.js?tg5ws3 HTTP/2.0" 200 3445 "https://www.hifa.org/about-hifa" "Mozilla/5.0 (Windows NT 10.0; Win64; x64) AppleWebKit/537.36 (KHTML, like Gecko) Chrome/151.0.0.0 Safari/537.36 Edg/151.0.0.0" 48 **0/48945**
81.77.244.192 - - [21/Aug/2026:05:21:15 -0700] "GET /sites/all/modules/tb_megamenu/js/tb-megamenu-touch.js?tg5ws3 HTTP/2.0" 200 742 "https://www.hifa.org/about-hifa" "Mozilla/5.0 (Windows NT 10.0; Win64; x64) AppleWebKit/537.36 (KHTML, like Gecko) Chrome/151.0.0.0 Safari/537.36 Edg/151.0.0.0" 49 **0/49274**
81.77.244.192 - - [21/Aug/2026:05:21:15 -0700] "GET /sites/all/themes/adaptivetheme/at_hifa/scripts/font-includes.js?tg5ws3 HTTP/2.0" 200 407 "https://www.hifa.org/about-hifa" "Mozilla/5.0 (Windows NT 10.0; Win64; x64) AppleWebKit/537.36 (KHTML, like Gecko) Chrome/151.0.0.0 Safari/537.36 Edg/151.0.0.0" 49 **0/49528**
81.77.244.192 - - [21/Aug/2026:05:21:15 -0700] "GET /sites/all/themes/adaptivetheme/at_hifa/scripts/classie.js?tg5ws3 HTTP/2.0" 200 632 "https://www.hifa.org/about-hifa" "Mozilla/5.0 (Windows NT 10.0; Win64; x64) AppleWebKit/537.36 (KHTML, like Gecko) Chrome/151.0.0.0 Safari/537.36 Edg/151.0.0.0" 49 **0/49321**
81.77.244.192 - - [21/Aug/2026:05:21:15 -0700] "GET /sites/all/themes/adaptivetheme/at_hifa/scripts/expanding-bars.js?tg5ws3 HTTP/2.0" 200 533 "https://www.hifa.org/about-hifa" "Mozilla/5.0 (Windows NT 10.0; Win64; x64) AppleWebKit/537.36 (KHTML, like Gecko) Chrome/151.0.0.0 Safari/537.36 Edg/151.0.0.0" 49 **0/49228**
81.77.244.192 - - [21/Aug/2026:05:21:15 -0700] "GET /sites/all/themes/adaptivetheme/at_hifa/images/header/hifa-logo-web.png HTTP/2.0" 200 13475 "https://www.hifa.org/about-hifa" "Mozilla/5.0 (Windows NT 10.0; Win64; x64) AppleWebKit/537.36 (KHTML, like Gecko) Chrome/151.0.0.0 Safari/537.36 Edg/151.0.0.0" 49 **0/49507**
81.77.244.192 - - [21/Aug/2026:05:21:15 -0700] "GET /sites/all/themes/adaptivetheme/at_hifa/images/header/hifa-title.png HTTP/2.0" 200 2995 "https://www.hifa.org/about-hifa" "Mozilla/5.0 (Windows NT 10.0; Win64; x64) AppleWebKit/537.36 (KHTML, like Gecko) Chrome/151.0.0.0 Safari/537.36 Edg/151.0.0.0" 49 **0/49744**
13.57.17.219 - - [21/Aug/2026:05:21:16 -0700] "GET /dgroups-rss/hifa-global-consultation-23-what-more-can-who-do-accelerate-progress-towards-universal HTTP/2.0" 200 10869 "-" "TerraCotta 0.2 https://www.github.com/ceramicTeam/CeramicTerracotta" 95 **0/95051**
81.77.244.192 - - [21/Aug/2026:05:21:16 -0700] "GET /sites/default/files/global-evidence-ecosystem-4.jpeg HTTP/2.0" 200 81757 "https://www.hifa.org/about-hifa" "Mozilla/5.0 (Windows NT 10.0; Win64; x64) AppleWebKit/537.36 (KHTML, like Gecko) Chrome/151.0.0.0 Safari/537.36 Edg/151.0.0.0" 8 **0/8089**
81.77.244.192 - - [21/Aug/2026:05:21:16 -0700] "GET /sites/default/files/Organigram-24May2026.png HTTP/2.0" 200 37537 "https://www.hifa.org/about-hifa" "Mozilla/5.0 (Windows NT 10.0; Win64; x64) AppleWebKit/537.36 (KHTML, like Gecko) Chrome/151.0.0.0 Safari/537.36 Edg/151.0.0.0" 8 **0/8911**
34.30.223.149 - - [21/Aug/2026:05:21:16 -0700] "GET /node/96849542 HTTP/1.1" 200 11054 "-" "Mozilla/5.0 (Macintosh; Intel Mac OS X 10_15_7) AppleWebKit/537.36 (KHTML, like Gecko) Chrome/120.0.0.0 Safari/537.36" 96 **0/96051**
81.77.244.192 - - [21/Aug/2026:05:21:17 -0700] "GET /sites/default/files/sitebyevucan.png HTTP/2.0" 200 5062 "https://www.hifa.org/about-hifa" "Mozilla/5.0 (Windows NT 10.0; Win64; x64) AppleWebKit/537.36 (KHTML, like Gecko) Chrome/151.0.0.0 Safari/537.36 Edg/151.0.0.0" 8 **0/8603**
81.77.244.192 - - [21/Aug/2026:05:21:17 -0700] "GET /sites/all/themes/adaptivetheme/at_hifa/css/responsive.tablet.landscape.css?tg5ws3 HTTP/2.0" 200 235 "https://www.hifa.org/about-hifa" "Mozilla/5.0 (Windows NT 10.0; Win64; x64) AppleWebKit/537.36 (KHTML, like Gecko) Chrome/151.0.0.0 Safari/537.36 Edg/151.0.0.0" 7 **0/7709**
81.77.244.192 - - [21/Aug/2026:05:21:17 -0700] "GET /sites/all/themes/adaptivetheme/at_hifa/css/responsive.smalltouch.portrait.css?tg5ws3 HTTP/2.0" 200 1092 "https://www.hifa.org/about-hifa" "Mozilla/5.0 (Windows NT 10.0; Win64; x64) AppleWebKit/537.36 (KHTML, like Gecko) Chrome/151.0.0.0 Safari/537.36 Edg/151.0.0.0" 8 **0/8825**
81.77.244.192 - - [21/Aug/2026:05:21:17 -0700] "GET /sites/all/themes/adaptivetheme/at_hifa/css/responsive.smalltouch.landscape.css?tg5ws3 HTTP/2.0" 200 537 "https://www.hifa.org/about-hifa" "Mozilla/5.0 (Windows NT 10.0; Win64; x64) AppleWebKit/537.36 (KHTML, like Gecko) Chrome/151.0.0.0 Safari/537.36 Edg/151.0.0.0" 8 **0/8986**
81.77.244.192 - - [21/Aug/2026:05:21:17 -0700] "GET /sites/all/themes/adaptivetheme/at_hifa/css/responsive.tablet.portrait.css?tg5ws3 HTTP/2.0" 200 289 "https://www.hifa.org/about-hifa" "Mozilla/5.0 (Windows NT 10.0; Win64; x64) AppleWebKit/537.36 (KHTML, like Gecko) Chrome/151.0.0.0 Safari/537.36 Edg/151.0.0.0" 9 **0/9307**
81.77.244.192 - - [21/Aug/2026:05:21:17 -0700] "GET /sites/all/themes/adaptivetheme/at_hifa/images/header/header-bkg.png HTTP/2.0" 200 1168 "https://www.hifa.org/sites/all/themes/adaptivetheme/at_hifa/css/global.styles.css?tg5ws3" "Mozilla/5.0 (Windows NT 10.0; Win64; x64) AppleWebKit/537.36 (KHTML, like Gecko) Chrome/151.0.0.0 Safari/537.36 Edg/151.0.0.0" 9 **0/9816**
81.77.244.192 - - [21/Aug/2026:05:21:17 -0700] "GET /sites/all/themes/adaptivetheme/at_hifa/images/header/search-icon.png HTTP/2.0" 200 879 "https://www.hifa.org/sites/all/themes/adaptivetheme/at_hifa/css/global.styles.css?tg5ws3" "Mozilla/5.0 (Windows NT 10.0; Win64; x64) AppleWebKit/537.36 (KHTML, like Gecko) Chrome/151.0.0.0 Safari/537.36 Edg/151.0.0.0" 9 **0/9993**
81.77.244.192 - - [21/Aug/2026:05:21:17 -0700] "GET /sites/all/themes/adaptivetheme/at_hifa/images/header/bar-icon.png HTTP/2.0" 200 1601 "https://www.hifa.org/sites/all/themes/adaptivetheme/at_hifa/css/global.styles.css?tg5ws3" "Mozilla/5.0 (Windows NT 10.0; Win64; x64) AppleWebKit/537.36 (KHTML, like Gecko) Chrome/151.0.0.0 Safari/537.36 Edg/151.0.0.0" 11 **0/11037**
81.77.244.192 - - [21/Aug/2026:05:21:17 -0700] "GET /misc/menu-leaf.png HTTP/2.0" 200 126 "https://www.hifa.org/modules/system/system.menus.css?tg5ws3" "Mozilla/5.0 (Windows NT 10.0; Win64; x64) AppleWebKit/537.36 (KHTML, like Gecko) Chrome/151.0.0.0 Safari/537.36 Edg/151.0.0.0" 8 **0/8496**
81.77.244.192 - - [21/Aug/2026:05:21:17 -0700] "GET /sites/all/themes/adaptivetheme/at_hifa/images/clean-icon-set/twitter.png HTTP/2.0" 200 17708 "https://www.hifa.org/sites/all/themes/adaptivetheme/at_hifa/css/global.styles.css?tg5ws3" "Mozilla/5.0 (Windows NT 10.0; Win64; x64) AppleWebKit/537.36 (KHTML, like Gecko) Chrome/151.0.0.0 Safari/537.36 Edg/151.0.0.0" 9 **0/9276**
81.77.244.192 - - [21/Aug/2026:05:21:17 -0700] "GET /sites/all/themes/adaptivetheme/at_hifa/images/clean-icon-set/facebook.png HTTP/2.0" 200 1877 "https://www.hifa.org/sites/all/themes/adaptivetheme/at_hifa/css/global.styles.css?tg5ws3" "Mozilla/5.0 (Windows NT 10.0; Win64; x64) AppleWebKit/537.36 (KHTML, like Gecko) Chrome/151.0.0.0 Safari/537.36 Edg/151.0.0.0" 7 **0/7531**
81.77.244.192 - - [21/Aug/2026:05:21:17 -0700] "GET /sites/all/themes/adaptivetheme/at_hifa/images/clean-icon-set/youtube.png HTTP/2.0" 200 4269 "https://www.hifa.org/sites/all/themes/adaptivetheme/at_hifa/css/global.styles.css?tg5ws3" "Mozilla/5.0 (Windows NT 10.0; Win64; x64) AppleWebKit/537.36 (KHTML, like Gecko) Chrome/151.0.0.0 Safari/537.36 Edg/151.0.0.0" 8 **0/8860**
81.77.244.192 - - [21/Aug/2026:05:21:17 -0700] "GET /sites/all/themes/adaptivetheme/at_hifa/images/clean-icon-set/linkedin.png HTTP/2.0" 200 10972 "https://www.hifa.org/sites/all/themes/adaptivetheme/at_hifa/css/global.styles.css?tg5ws3" "Mozilla/5.0 (Windows NT 10.0; Win64; x64) AppleWebKit/537.36 (KHTML, like Gecko) Chrome/151.0.0.0 Safari/537.36 Edg/151.0.0.0" 19 **0/19743**
81.77.244.192 - - [21/Aug/2026:05:21:17 -0700] "GET /sites/all/themes/adaptivetheme/at_hifa/images/clean-icon-set/ig.png HTTP/2.0" 200 50896 "https://www.hifa.org/sites/all/themes/adaptivetheme/at_hifa/css/global.styles.css?tg5ws3" "Mozilla/5.0 (Windows NT 10.0; Win64; x64) AppleWebKit/537.36 (KHTML, like Gecko) Chrome/151.0.0.0 Safari/537.36 Edg/151.0.0.0" 19 **0/19940**
81.77.244.192 - - [21/Aug/2026:05:21:17 -0700] "GET /sites/all/themes/adaptivetheme/at_hifa/images/clean-icon-set/rss.png HTTP/2.0" 200 8267 "https://www.hifa.org/sites/all/themes/adaptivetheme/at_hifa/css/global.styles.css?tg5ws3" "Mozilla/5.0 (Windows NT 10.0; Win64; x64) AppleWebKit/537.36 (KHTML, like Gecko) Chrome/151.0.0.0 Safari/537.36 Edg/151.0.0.0" 15 **0/15685**
81.77.244.192 - - [21/Aug/2026:05:21:18 -0700] "GET /sites/all/themes/adaptivetheme/at_hifa/favicon.ico HTTP/2.0" 200 1150 "https://www.hifa.org/about-hifa" "Mozilla/5.0 (Windows NT 10.0; Win64; x64) AppleWebKit/537.36 (KHTML, like Gecko) Chrome/151.0.0.0 Safari/537.36 Edg/151.0.0.0" 8 **0/8400**
85.208.96.208 - - [21/Aug/2026:05:21:21 -0700] "GET /dgroups-rss/sepsis-neonatal-y-covid-19-2 HTTP/1.1" 200 10257 "-" "Mozilla/5.0 (compatible; SemrushBot/7~bl; +http://www.semrush.com/bot.html)" 95 **0/95073**
13.57.17.219 - - [21/Aug/2026:05:21:24 -0700] "GET /sites/default/files/articles/Digital_health_inequality_Coronavirus_long_edit.pdf HTTP/2.0" 200 150019 "-" "TerraCotta 0.2 https://www.github.com/ceramicTeam/CeramicTerracotta" 163 **0/163244**
216.244.66.236 - - [21/Aug/2026:05:21:26 -0700] "GET /news/page/7/www.hifa2015.org/support?page=17 HTTP/1.1" 200 74939 "-" "Mozilla/5.0 (compatible; DotBot/1.2; +https://opensiteexplorer.org/dotbot; help@moz.com)" 116 **0/116683**
34.56.53.225 - - [21/Aug/2026:05:21:28 -0700] "GET /dgroups-rss/when-evidence-conclusive-analysis-conclusive-systematic-reviews HTTP/1.1" 200 10852 "-" "Mozilla/5.0 (Macintosh; Intel Mac OS X 10_15_7) AppleWebKit/537.36 (KHTML, like Gecko) Chrome/120.0.0.0 Safari/537.36" 85 **0/85099**
