185.94.33.106 - - [21/Aug/2026:20:03:04 -0700] "POST /login?lokasie=/home/f981716tud7w/public_html/evucan.com/www/wp-login.php&loknya=/home/f981716tud7w/public_html/evucan.com/www HTTP/1.1" 200 15060 "https://www.evucan.com/login?lokasie=/home/f981716tud7w/public_html/evucan.com/www/wp-login.php&loknya=/home/f981716tud7w/public_html/evucan.com/www" "Mozilla/5.0 (Windows NT 6.3; Win64; x64) AppleWebKit/537.36 (KHTML, like Gecko) Chrome/103.0.0.0 Safari/537.36" 264 **0/264129**
74.7.242.57 - - [21/Aug/2026:20:03:05 -0700] "GET /index.php?loknya=/proc/2214916/cwd/lib/.build-id/e1 HTTP/2.0" 200 2957 "https://evucan.com/index.php?loknya=/proc/2214916/cwd/lib/.build-id" "Mozilla/5.0 AppleWebKit/537.36 (KHTML, like Gecko; compatible; GPTBot/1.4; +https://openai.com/gptbot)" 261 **0/261704**
185.94.33.106 - - [21/Aug/2026:20:03:05 -0700] "GET /wp-login.php HTTP/1.1" 200 3520 "https://www.evucan.com/login?lokasie=/home/f981716tud7w/public_html/evucan.com/www/wp-login.php&loknya=/home/f981716tud7w/public_html/evucan.com/www" "Mozilla/5.0 (Windows NT 6.3; Win64; x64) AppleWebKit/537.36 (KHTML, like Gecko) Chrome/103.0.0.0 Safari/537.36" 268 **0/268665**
74.7.242.57 - - [21/Aug/2026:20:03:05 -0700] "GET /index.php?loknya=/proc/2214916/cwd/lib/.build-id/d1 HTTP/2.0" 200 2883 "https://evucan.com/index.php?loknya=/proc/2214916/cwd/lib/.build-id" "Mozilla/5.0 AppleWebKit/537.36 (KHTML, like Gecko; compatible; GPTBot/1.4; +https://openai.com/gptbot)" 268 **0/268235**
74.7.242.57 - - [21/Aug/2026:20:03:06 -0700] "GET /index.php?loknya=/proc/2215635/cwd/lib/.build-id/5e HTTP/2.0" 200 2863 "https://evucan.com/index.php?loknya=/proc/2215635/cwd/lib/.build-id" "Mozilla/5.0 AppleWebKit/537.36 (KHTML, like Gecko; compatible; GPTBot/1.4; +https://openai.com/gptbot)" 260 **0/260057**
185.94.33.106 - - [21/Aug/2026:20:03:06 -0700] "GET /wp-login.php HTTP/1.1" 200 3520 "https://www.evucan.com/wp-login.php" "Mozilla/5.0 (Windows NT 6.3; Win64; x64) AppleWebKit/537.36 (KHTML, like Gecko) Chrome/103.0.0.0 Safari/537.36" 297 **0/297271**
74.7.242.57 - - [21/Aug/2026:20:03:06 -0700] "GET /index.php?loknya=/proc/2214916/cwd/lib/.build-id/6e HTTP/2.0" 200 2788 "https://evucan.com/index.php?loknya=/proc/2214916/cwd/lib/.build-id" "Mozilla/5.0 AppleWebKit/537.36 (KHTML, like Gecko; compatible; GPTBot/1.4; +https://openai.com/gptbot)" 270 **0/270551**
185.94.33.106 - - [21/Aug/2026:20:03:06 -0700] "POST /wp-login.php HTTP/1.1" 200 3546 "https://www.evucan.com/wp-login.php" "Mozilla/5.0 (Windows NT 6.3; Win64; x64) AppleWebKit/537.36 (KHTML, like Gecko) Chrome/103.0.0.0 Safari/537.36" 275 **0/275958**
74.7.242.57 - - [21/Aug/2026:20:03:07 -0700] "GET /index.php?loknya=/proc/2215635/cwd/lib/.build-id/6a HTTP/2.0" 200 3451 "https://evucan.com/index.php?loknya=/proc/2215635/cwd/lib/.build-id" "Mozilla/5.0 AppleWebKit/537.36 (KHTML, like Gecko; compatible; GPTBot/1.4; +https://openai.com/gptbot)" 293 **0/293476**
185.94.33.106 - - [21/Aug/2026:20:03:07 -0700] "GET /login HTTP/1.1" 200 3514 "https://www.evucan.com/wp-login.php" "Mozilla/5.0 (Windows NT 6.3; Win64; x64) AppleWebKit/537.36 (KHTML, like Gecko) Chrome/103.0.0.0 Safari/537.36" 279 **0/279729**
74.7.242.57 - - [21/Aug/2026:20:03:07 -0700] "GET /index.php?loknya=/proc/2215635/cwd/lib/.build-id/b2 HTTP/2.0" 200 3287 "https://evucan.com/index.php?loknya=/proc/2215635/cwd/lib/.build-id" "Mozilla/5.0 AppleWebKit/537.36 (KHTML, like Gecko; compatible; GPTBot/1.4; +https://openai.com/gptbot)" 268 **0/268658**
74.7.242.57 - - [21/Aug/2026:20:03:08 -0700] "GET /index.php?loknya=/proc/2215635/cwd/lib/.build-id/b6 HTTP/2.0" 200 2880 "https://evucan.com/index.php?loknya=/proc/2215635/cwd/lib/.build-id" "Mozilla/5.0 AppleWebKit/537.36 (KHTML, like Gecko; compatible; GPTBot/1.4; +https://openai.com/gptbot)" 277 **0/277334**
185.94.33.106 - - [21/Aug/2026:20:03:08 -0700] "GET /xmlrpc.php HTTP/1.1" 200 3519 "https://www.evucan.com/login" "Mozilla/5.0 (Windows NT 6.3; Win64; x64) AppleWebKit/537.36 (KHTML, like Gecko) Chrome/103.0.0.0 Safari/537.36" 280 **0/280230**
74.7.242.57 - - [21/Aug/2026:20:03:08 -0700] "GET /index.php?loknya=/proc/2214916/cwd/lib/.build-id/b1 HTTP/2.0" 200 2869 "https://evucan.com/index.php?loknya=/proc/2214916/cwd/lib/.build-id" "Mozilla/5.0 AppleWebKit/537.36 (KHTML, like Gecko; compatible; GPTBot/1.4; +https://openai.com/gptbot)" 271 **0/271697**
185.94.33.106 - - [21/Aug/2026:20:03:09 -0700] "GET /login HTTP/1.1" 200 3514 "https://www.evucan.com/xmlrpc.php" "Mozilla/5.0 (Windows NT 6.3; Win64; x64) AppleWebKit/537.36 (KHTML, like Gecko) Chrome/103.0.0.0 Safari/537.36" 272 **0/272941**
74.7.242.57 - - [21/Aug/2026:20:03:09 -0700] "GET /index.php?loknya=/proc/2214916/cwd/lib/.build-id/2c HTTP/2.0" 200 3080 "https://evucan.com/index.php?loknya=/proc/2214916/cwd/lib/.build-id" "Mozilla/5.0 AppleWebKit/537.36 (KHTML, like Gecko; compatible; GPTBot/1.4; +https://openai.com/gptbot)" 269 **0/269279**
185.94.33.106 - - [21/Aug/2026:20:03:09 -0700] "GET /wp-admin/post-new.php HTTP/1.1" 200 5774 "https://www.evucan.com/login" "Mozilla/5.0 (Windows NT 6.3; Win64; x64) AppleWebKit/537.36 (KHTML, like Gecko) Chrome/103.0.0.0 Safari/537.36" 283 **0/283887**
74.7.242.57 - - [21/Aug/2026:20:03:09 -0700] "GET /index.php?loknya=/proc/2215635/cwd/lib/.build-id/c2 HTTP/2.0" 200 2867 "https://evucan.com/index.php?loknya=/proc/2215635/cwd/lib/.build-id" "Mozilla/5.0 AppleWebKit/537.36 (KHTML, like Gecko; compatible; GPTBot/1.4; +https://openai.com/gptbot)" 258 **0/258561**
74.7.242.57 - - [21/Aug/2026:20:03:10 -0700] "GET /index.php?loknya=/proc/2214916/cwd/lib/.build-id/6d HTTP/2.0" 200 2923 "https://evucan.com/index.php?loknya=/proc/2214916/cwd/lib/.build-id" "Mozilla/5.0 AppleWebKit/537.36 (KHTML, like Gecko; compatible; GPTBot/1.4; +https://openai.com/gptbot)" 275 **0/275376**
185.94.33.106 - - [21/Aug/2026:20:03:10 -0700] "GET /wp-admin/edit-tags.php?taxonomy=category HTTP/1.1" 200 5774 "https://www.evucan.com/wp-admin/post-new.php" "Mozilla/5.0 (Windows NT 6.3; Win64; x64) AppleWebKit/537.36 (KHTML, like Gecko) Chrome/103.0.0.0 Safari/537.36" 278 **0/278200**
74.7.242.57 - - [21/Aug/2026:20:03:10 -0700] "GET /index.php?loknya=/proc/2214916/cwd/lib/.build-id/1c HTTP/2.0" 200 2811 "https://evucan.com/index.php?loknya=/proc/2214916/cwd/lib/.build-id" "Mozilla/5.0 AppleWebKit/537.36 (KHTML, like Gecko; compatible; GPTBot/1.4; +https://openai.com/gptbot)" 265 **0/265476**
185.94.33.106 - - [21/Aug/2026:20:03:11 -0700] "POST /wp-admin/edit-tags.php?pilihan&loknya=/home/f981716tud7w/public_html/evucan.com/www/wp-admin HTTP/1.1" 200 11126 "https://www.evucan.com/wp-admin/edit-tags.php?taxonomy=category" "Mozilla/5.0 (Windows NT 6.3; Win64; x64) AppleWebKit/537.36 (KHTML, like Gecko) Chrome/103.0.0.0 Safari/537.36" 295 **0/295053**
74.7.242.57 - - [21/Aug/2026:20:03:11 -0700] "GET /index.php?loknya=/proc/2215635/cwd/lib/.build-id/1d HTTP/2.0" 200 2651 "https://evucan.com/index.php?loknya=/proc/2215635/cwd/lib/.build-id" "Mozilla/5.0 AppleWebKit/537.36 (KHTML, like Gecko; compatible; GPTBot/1.4; +https://openai.com/gptbot)" 283 **0/283424**
185.94.33.106 - - [21/Aug/2026:20:03:11 -0700] "GET /wp-admin/edit-tags.php?lokasie=/home/f981716tud7w/public_html/evucan.com/www/wp-admin/post-new.php&loknya=/home/f981716tud7w/public_html/evucan.com/www/wp-admin HTTP/1.1" 200 2786 "https://www.evucan.com/wp-admin/edit-tags.php?taxonomy=category" "Mozilla/5.0 (Windows NT 6.3; Win64; x64) AppleWebKit/537.36 (KHTML, like Gecko) Chrome/103.0.0.0 Safari/537.36" 281 **0/281942**
74.7.242.57 - - [21/Aug/2026:20:03:11 -0700] "GET /index.php?loknya=/proc/2214916/cwd/lib/.build-id/e2 HTTP/2.0" 200 2698 "https://evucan.com/index.php?loknya=/proc/2214916/cwd/lib/.build-id" "Mozilla/5.0 AppleWebKit/537.36 (KHTML, like Gecko; compatible; GPTBot/1.4; +https://openai.com/gptbot)" 271 **0/271743**
74.7.242.57 - - [21/Aug/2026:20:03:12 -0700] "GET /index.php?loknya=/proc/2214916/cwd/lib/.build-id/a4 HTTP/2.0" 200 2724 "https://evucan.com/index.php?loknya=/proc/2214916/cwd/lib/.build-id" "Mozilla/5.0 AppleWebKit/537.36 (KHTML, like Gecko; compatible; GPTBot/1.4; +https://openai.com/gptbot)" 286 **0/286511**
74.7.242.57 - - [21/Aug/2026:20:03:13 -0700] "GET /index.php?loknya=/proc/2215635/cwd/lib/.build-id/d3 HTTP/2.0" 200 2725 "https://evucan.com/index.php?loknya=/proc/2215635/cwd/lib/.build-id" "Mozilla/5.0 AppleWebKit/537.36 (KHTML, like Gecko; compatible; GPTBot/1.4; +https://openai.com/gptbot)" 279 **0/279270**
74.7.242.57 - - [21/Aug/2026:20:03:13 -0700] "GET /index.php?loknya=/proc/2215635/cwd/lib/.build-id/5a HTTP/2.0" 200 3061 "https://evucan.com/index.php?loknya=/proc/2215635/cwd/lib/.build-id" "Mozilla/5.0 AppleWebKit/537.36 (KHTML, like Gecko; compatible; GPTBot/1.4; +https://openai.com/gptbot)" 269 **0/269972**
74.7.242.57 - - [21/Aug/2026:20:03:14 -0700] "GET /index.php?lokasie=/proc/2215635/cwd/lib/.build-id/b6/4afeee53b66c0976fe0c9b957ea6c19ddf45c6&loknya=/proc/2215635/cwd/lib/.build-id/b6 HTTP/2.0" 200 12335 "https://evucan.com/index.php?loknya=/proc/2215635/cwd/lib/.build-id/b6" "Mozilla/5.0 AppleWebKit/537.36 (KHTML, like Gecko; compatible; GPTBot/1.4; +https://openai.com/gptbot)" 291 **0/291837**
74.7.242.57 - - [21/Aug/2026:20:03:14 -0700] "GET /index.php?loknya=/proc/2215635/cwd/lib/.build-id/3e HTTP/2.0" 200 2637 "https://evucan.com/index.php?loknya=/proc/2215635/cwd/lib/.build-id" "Mozilla/5.0 AppleWebKit/537.36 (KHTML, like Gecko; compatible; GPTBot/1.4; +https://openai.com/gptbot)" 278 **0/278235**
74.7.242.57 - - [21/Aug/2026:20:03:15 -0700] "GET /index.php?loknya=/proc/2214916/cwd/lib/.build-id/c4 HTTP/2.0" 200 3034 "https://evucan.com/index.php?loknya=/proc/2214916/cwd/lib/.build-id" "Mozilla/5.0 AppleWebKit/537.36 (KHTML, like Gecko; compatible; GPTBot/1.4; +https://openai.com/gptbot)" 282 **0/282072**
74.7.242.57 - - [21/Aug/2026:20:03:15 -0700] "GET /index.php?loknya=/proc/2214916/cwd/lib/.build-id/4b HTTP/2.0" 200 3284 "https://evucan.com/index.php?loknya=/proc/2214916/cwd/lib/.build-id" "Mozilla/5.0 AppleWebKit/537.36 (KHTML, like Gecko; compatible; GPTBot/1.4; +https://openai.com/gptbot)" 285 **0/285054**
74.7.242.57 - - [21/Aug/2026:20:03:16 -0700] "GET /index.php?loknya=/proc/2214916/cwd/lib/.build-id/2e HTTP/2.0" 200 3068 "https://evucan.com/index.php?loknya=/proc/2214916/cwd/lib/.build-id" "Mozilla/5.0 AppleWebKit/537.36 (KHTML, like Gecko; compatible; GPTBot/1.4; +https://openai.com/gptbot)" 322 **0/322157**
74.7.242.57 - - [21/Aug/2026:20:03:16 -0700] "GET /index.php?loknya=/proc/2215635/cwd/lib/.build-id/5c HTTP/2.0" 200 2813 "https://evucan.com/index.php?loknya=/proc/2215635/cwd/lib/.build-id" "Mozilla/5.0 AppleWebKit/537.36 (KHTML, like Gecko; compatible; GPTBot/1.4; +https://openai.com/gptbot)" 291 **0/291427**
74.7.242.57 - - [21/Aug/2026:20:03:17 -0700] "GET /index.php?loknya=/proc/2215635/cwd/lib/.build-id/d6 HTTP/2.0" 200 2936 "https://evucan.com/index.php?loknya=/proc/2215635/cwd/lib/.build-id" "Mozilla/5.0 AppleWebKit/537.36 (KHTML, like Gecko; compatible; GPTBot/1.4; +https://openai.com/gptbot)" 286 **0/286222**
74.7.242.57 - - [21/Aug/2026:20:03:17 -0700] "GET /index.php?loknya=/proc/2215635/cwd/lib/.build-id/3b HTTP/2.0" 200 2618 "https://evucan.com/index.php?loknya=/proc/2215635/cwd/lib/.build-id" "Mozilla/5.0 AppleWebKit/537.36 (KHTML, like Gecko; compatible; GPTBot/1.4; +https://openai.com/gptbot)" 275 **0/275212**
74.7.242.57 - - [21/Aug/2026:20:03:18 -0700] "GET /index.php?loknya=/proc/2214916/cwd/lib/.build-id/e9 HTTP/2.0" 200 3039 "https://evucan.com/index.php?loknya=/proc/2214916/cwd/lib/.build-id" "Mozilla/5.0 AppleWebKit/537.36 (KHTML, like Gecko; compatible; GPTBot/1.4; +https://openai.com/gptbot)" 286 **0/286085**
74.7.242.57 - - [21/Aug/2026:20:03:18 -0700] "GET /index.php?loknya=/proc/2215635/cwd/lib/.build-id/c6 HTTP/2.0" 200 2929 "https://evucan.com/index.php?loknya=/proc/2215635/cwd/lib/.build-id" "Mozilla/5.0 AppleWebKit/537.36 (KHTML, like Gecko; compatible; GPTBot/1.4; +https://openai.com/gptbot)" 273 **0/273187**
74.7.242.57 - - [21/Aug/2026:20:03:19 -0700] "GET /index.php?loknya=/proc/2214916/cwd/lib/.build-id/c2 HTTP/2.0" 200 2866 "https://evucan.com/index.php?loknya=/proc/2214916/cwd/lib/.build-id" "Mozilla/5.0 AppleWebKit/537.36 (KHTML, like Gecko; compatible; GPTBot/1.4; +https://openai.com/gptbot)" 279 **0/279721**
74.7.242.57 - - [21/Aug/2026:20:03:19 -0700] "GET /index.php?loknya=/proc/2215635/cwd/lib/.build-id/a1 HTTP/2.0" 200 2994 "https://evucan.com/index.php?loknya=/proc/2215635/cwd/lib/.build-id" "Mozilla/5.0 AppleWebKit/537.36 (KHTML, like Gecko; compatible; GPTBot/1.4; +https://openai.com/gptbot)" 274 **0/274391**
74.7.242.57 - - [21/Aug/2026:20:03:20 -0700] "GET /index.php?loknya=/proc/2214916/cwd/lib/.build-id/d2 HTTP/2.0" 200 2695 "https://evucan.com/index.php?loknya=/proc/2214916/cwd/lib/.build-id" "Mozilla/5.0 AppleWebKit/537.36 (KHTML, like Gecko; compatible; GPTBot/1.4; +https://openai.com/gptbot)" 325 **0/325662**
74.7.242.57 - - [21/Aug/2026:20:03:20 -0700] "GET /index.php?loknya=/proc/2214916/cwd/lib/.build-id/1b HTTP/2.0" 200 3420 "https://evucan.com/index.php?loknya=/proc/2214916/cwd/lib/.build-id" "Mozilla/5.0 AppleWebKit/537.36 (KHTML, like Gecko; compatible; GPTBot/1.4; +https://openai.com/gptbot)" 298 **0/298588**
74.7.242.57 - - [21/Aug/2026:20:03:21 -0700] "GET /index.php?loknya=/proc/2214916/cwd/lib/.build-id/d8 HTTP/2.0" 200 3036 "https://evucan.com/index.php?loknya=/proc/2214916/cwd/lib/.build-id" "Mozilla/5.0 AppleWebKit/537.36 (KHTML, like Gecko; compatible; GPTBot/1.4; +https://openai.com/gptbot)" 269 **0/269271**
74.7.242.57 - - [21/Aug/2026:20:03:21 -0700] "GET /index.php?loknya=/proc/2215635/cwd/lib/.build-id/2b HTTP/2.0" 200 2811 "https://evucan.com/index.php?loknya=/proc/2215635/cwd/lib/.build-id" "Mozilla/5.0 AppleWebKit/537.36 (KHTML, like Gecko; compatible; GPTBot/1.4; +https://openai.com/gptbot)" 285 **0/285163**
74.7.242.57 - - [21/Aug/2026:20:03:22 -0700] "GET /index.php?loknya=/proc/2214916/cwd/lib/.build-id/2b HTTP/2.0" 200 2811 "https://evucan.com/index.php?loknya=/proc/2214916/cwd/lib/.build-id" "Mozilla/5.0 AppleWebKit/537.36 (KHTML, like Gecko; compatible; GPTBot/1.4; +https://openai.com/gptbot)" 260 **0/260492**
74.7.242.57 - - [21/Aug/2026:20:03:23 -0700] "GET /index.php?loknya=/proc/2214916/cwd/lib/.build-id/a9 HTTP/2.0" 200 2650 "https://evucan.com/index.php?loknya=/proc/2214916/cwd/lib/.build-id" "Mozilla/5.0 AppleWebKit/537.36 (KHTML, like Gecko; compatible; GPTBot/1.4; +https://openai.com/gptbot)" 274 **0/274535**
74.7.242.57 - - [21/Aug/2026:20:03:23 -0700] "GET /index.php?loknya=/proc/2214916/cwd/lib/.build-id/2d HTTP/2.0" 200 2854 "https://evucan.com/index.php?loknya=/proc/2214916/cwd/lib/.build-id" "Mozilla/5.0 AppleWebKit/537.36 (KHTML, like Gecko; compatible; GPTBot/1.4; +https://openai.com/gptbot)" 263 **0/263933**
74.7.242.57 - - [21/Aug/2026:20:03:24 -0700] "GET /index.php?loknya=/proc/2214916/cwd/lib/.build-id/9d HTTP/2.0" 200 3204 "https://evucan.com/index.php?loknya=/proc/2214916/cwd/lib/.build-id" "Mozilla/5.0 AppleWebKit/537.36 (KHTML, like Gecko; compatible; GPTBot/1.4; +https://openai.com/gptbot)" 266 **0/266528**
74.7.242.57 - - [21/Aug/2026:20:03:24 -0700] "GET /index.php?loknya=/proc/2215635/cwd/lib/.build-id/a3 HTTP/2.0" 200 2422 "https://evucan.com/index.php?loknya=/proc/2215635/cwd/lib/.build-id" "Mozilla/5.0 AppleWebKit/537.36 (KHTML, like Gecko; compatible; GPTBot/1.4; +https://openai.com/gptbot)" 276 **0/276082**
74.7.242.57 - - [21/Aug/2026:20:03:25 -0700] "GET /index.php?loknya=/proc/2215635/cwd/lib/.build-id/1c HTTP/2.0" 200 2811 "https://evucan.com/index.php?loknya=/proc/2215635/cwd/lib/.build-id" "Mozilla/5.0 AppleWebKit/537.36 (KHTML, like Gecko; compatible; GPTBot/1.4; +https://openai.com/gptbot)" 269 **0/269682**
74.7.242.57 - - [21/Aug/2026:20:03:25 -0700] "GET /index.php?loknya=/proc/2215635/cwd/lib/.build-id/e3 HTTP/2.0" 200 2958 "https://evucan.com/index.php?loknya=/proc/2215635/cwd/lib/.build-id" "Mozilla/5.0 AppleWebKit/537.36 (KHTML, like Gecko; compatible; GPTBot/1.4; +https://openai.com/gptbot)" 275 **0/275399**
74.7.242.57 - - [21/Aug/2026:20:03:26 -0700] "GET /index.php?loknya=/proc/2214916/cwd/lib/.build-id/0d HTTP/2.0" 200 3071 "https://evucan.com/index.php?loknya=/proc/2214916/cwd/lib/.build-id" "Mozilla/5.0 AppleWebKit/537.36 (KHTML, like Gecko; compatible; GPTBot/1.4; +https://openai.com/gptbot)" 255 **0/255574**
74.7.242.57 - - [21/Aug/2026:20:03:26 -0700] "GET /index.php?loknya=/proc/2215635/cwd/lib/.build-id/d1 HTTP/2.0" 200 2881 "https://evucan.com/index.php?loknya=/proc/2215635/cwd/lib/.build-id" "Mozilla/5.0 AppleWebKit/537.36 (KHTML, like Gecko; compatible; GPTBot/1.4; +https://openai.com/gptbot)" 259 **0/259497**
74.7.242.57 - - [21/Aug/2026:20:03:27 -0700] "GET /index.php?loknya=/proc/2215635/cwd/lib/.build-id/2d HTTP/2.0" 200 2853 "https://evucan.com/index.php?loknya=/proc/2215635/cwd/lib/.build-id" "Mozilla/5.0 AppleWebKit/537.36 (KHTML, like Gecko; compatible; GPTBot/1.4; +https://openai.com/gptbot)" 263 **0/263319**
74.7.242.57 - - [21/Aug/2026:20:03:27 -0700] "GET /index.php?loknya=/proc/2214916/cwd/lib/.build-id/b6 HTTP/2.0" 200 2880 "https://evucan.com/index.php?loknya=/proc/2214916/cwd/lib/.build-id" "Mozilla/5.0 AppleWebKit/537.36 (KHTML, like Gecko; compatible; GPTBot/1.4; +https://openai.com/gptbot)" 271 **0/271084**
74.7.242.57 - - [21/Aug/2026:20:03:28 -0700] "GET /index.php?loknya=/proc/2214916/cwd/lib/.build-id/6b HTTP/2.0" 200 3121 "https://evucan.com/index.php?loknya=/proc/2214916/cwd/lib/.build-id" "Mozilla/5.0 AppleWebKit/537.36 (KHTML, like Gecko; compatible; GPTBot/1.4; +https://openai.com/gptbot)" 282 **0/282876**
74.7.242.57 - - [21/Aug/2026:20:03:28 -0700] "GET /index.php?loknya=/proc/2214916/cwd/lib/.build-id/9e HTTP/2.0" 200 2923 "https://evucan.com/index.php?loknya=/proc/2214916/cwd/lib/.build-id" "Mozilla/5.0 AppleWebKit/537.36 (KHTML, like Gecko; compatible; GPTBot/1.4; +https://openai.com/gptbot)" 288 **0/288113**
74.7.242.57 - - [21/Aug/2026:20:03:29 -0700] "GET /index.php?loknya=/proc/2214916/cwd/lib/.build-id/e6 HTTP/2.0" 200 2920 "https://evucan.com/index.php?loknya=/proc/2214916/cwd/lib/.build-id" "Mozilla/5.0 AppleWebKit/537.36 (KHTML, like Gecko; compatible; GPTBot/1.4; +https://openai.com/gptbot)" 268 **0/268354**
74.7.242.57 - - [21/Aug/2026:20:03:29 -0700] "GET /index.php?loknya=/proc/2214916/cwd/lib/.build-id/e4 HTTP/2.0" 200 2871 "https://evucan.com/index.php?loknya=/proc/2214916/cwd/lib/.build-id" "Mozilla/5.0 AppleWebKit/537.36 (KHTML, like Gecko; compatible; GPTBot/1.4; +https://openai.com/gptbot)" 271 **0/271442**
74.7.242.57 - - [21/Aug/2026:20:03:30 -0700] "GET /index.php?loknya=/proc/2215635/cwd/lib/.build-id/2e HTTP/2.0" 200 3065 "https://evucan.com/index.php?loknya=/proc/2215635/cwd/lib/.build-id" "Mozilla/5.0 AppleWebKit/537.36 (KHTML, like Gecko; compatible; GPTBot/1.4; +https://openai.com/gptbot)" 285 **0/285489**
74.7.242.57 - - [21/Aug/2026:20:03:30 -0700] "GET /index.php?loknya=/proc/2214916/cwd/lib/.build-id/1e HTTP/2.0" 200 2721 "https://evucan.com/index.php?loknya=/proc/2214916/cwd/lib/.build-id" "Mozilla/5.0 AppleWebKit/537.36 (KHTML, like Gecko; compatible; GPTBot/1.4; +https://openai.com/gptbot)" 272 **0/272703**
74.7.242.57 - - [21/Aug/2026:20:03:31 -0700] "GET /index.php?loknya=/proc/2214916/cwd/lib/.build-id/d6 HTTP/2.0" 200 2936 "https://evucan.com/index.php?loknya=/proc/2214916/cwd/lib/.build-id" "Mozilla/5.0 AppleWebKit/537.36 (KHTML, like Gecko; compatible; GPTBot/1.4; +https://openai.com/gptbot)" 286 **0/286967**
74.7.242.57 - - [21/Aug/2026:20:03:32 -0700] "GET /index.php?loknya=/proc/2214916/cwd/lib/.build-id/4e HTTP/2.0" 200 2428 "https://evucan.com/index.php?loknya=/proc/2214916/cwd/lib/.build-id" "Mozilla/5.0 AppleWebKit/537.36 (KHTML, like Gecko; compatible; GPTBot/1.4; +https://openai.com/gptbot)" 269 **0/269075**
74.7.242.57 - - [21/Aug/2026:20:03:32 -0700] "GET /index.php?loknya=/proc/2214916/cwd/lib/.build-id/d3 HTTP/2.0" 200 2726 "https://evucan.com/index.php?loknya=/proc/2214916/cwd/lib/.build-id" "Mozilla/5.0 AppleWebKit/537.36 (KHTML, like Gecko; compatible; GPTBot/1.4; +https://openai.com/gptbot)" 276 **0/276794**
74.7.242.57 - - [21/Aug/2026:20:03:33 -0700] "GET /index.php?loknya=/proc/2215635/cwd/lib/.build-id/e1 HTTP/2.0" 200 2956 "https://evucan.com/index.php?loknya=/proc/2215635/cwd/lib/.build-id" "Mozilla/5.0 AppleWebKit/537.36 (KHTML, like Gecko; compatible; GPTBot/1.4; +https://openai.com/gptbot)" 264 **0/264266**
74.7.242.57 - - [21/Aug/2026:20:03:33 -0700] "GET /index.php?loknya=/proc/2214916/cwd/lib/.build-id/d0 HTTP/2.0" 200 2620 "https://evucan.com/index.php?loknya=/proc/2214916/cwd/lib/.build-id" "Mozilla/5.0 AppleWebKit/537.36 (KHTML, like Gecko; compatible; GPTBot/1.4; +https://openai.com/gptbot)" 296 **0/296313**
74.7.242.57 - - [21/Aug/2026:20:03:34 -0700] "GET /index.php?loknya=/proc/2214916/cwd/lib/.build-id/a6 HTTP/2.0" 200 2846 "https://evucan.com/index.php?loknya=/proc/2214916/cwd/lib/.build-id" "Mozilla/5.0 AppleWebKit/537.36 (KHTML, like Gecko; compatible; GPTBot/1.4; +https://openai.com/gptbot)" 282 **0/282505**
74.7.242.57 - - [21/Aug/2026:20:03:34 -0700] "GET /index.php?loknya=/proc/2215635/cwd/lib/.build-id/e6 HTTP/2.0" 200 2919 "https://evucan.com/index.php?loknya=/proc/2215635/cwd/lib/.build-id" "Mozilla/5.0 AppleWebKit/537.36 (KHTML, like Gecko; compatible; GPTBot/1.4; +https://openai.com/gptbot)" 279 **0/279305**
74.7.242.57 - - [21/Aug/2026:20:03:35 -0700] "GET /index.php?loknya=/proc/2214916/cwd/lib/.build-id/6c HTTP/2.0" 200 2986 "https://evucan.com/index.php?loknya=/proc/2214916/cwd/lib/.build-id" "Mozilla/5.0 AppleWebKit/537.36 (KHTML, like Gecko; compatible; GPTBot/1.4; +https://openai.com/gptbot)" 276 **0/276822**
74.7.242.57 - - [21/Aug/2026:20:03:35 -0700] "GET /index.php?loknya=/proc/2214916/cwd/lib/.build-id/8d HTTP/2.0" 200 3464 "https://evucan.com/index.php?loknya=/proc/2214916/cwd/lib/.build-id" "Mozilla/5.0 AppleWebKit/537.36 (KHTML, like Gecko; compatible; GPTBot/1.4; +https://openai.com/gptbot)" 307 **0/307834**
74.7.242.57 - - [21/Aug/2026:20:03:36 -0700] "GET /index.php?loknya=/proc/2214916/cwd/lib/.build-id/4d HTTP/2.0" 200 2774 "https://evucan.com/index.php?loknya=/proc/2214916/cwd/lib/.build-id" "Mozilla/5.0 AppleWebKit/537.36 (KHTML, like Gecko; compatible; GPTBot/1.4; +https://openai.com/gptbot)" 304 **0/304553**
74.7.242.57 - - [21/Aug/2026:20:03:36 -0700] "GET /index.php?loknya=/proc/2214916/cwd/lib/.build-id/7d HTTP/2.0" 200 3095 "https://evucan.com/index.php?loknya=/proc/2214916/cwd/lib/.build-id" "Mozilla/5.0 AppleWebKit/537.36 (KHTML, like Gecko; compatible; GPTBot/1.4; +https://openai.com/gptbot)" 281 **0/281031**
74.7.242.57 - - [21/Aug/2026:20:03:37 -0700] "GET /index.php?lokasie=/proc/2214916/cwd/lib/.build-id/d6/34514cb846a6d43d4de7d68f4c49f673cc6f43&loknya=/proc/2214916/cwd/lib/.build-id/d6 HTTP/2.0" 200 20104 "https://evucan.com/index.php?loknya=/proc/2214916/cwd/lib/.build-id/d6" "Mozilla/5.0 AppleWebKit/537.36 (KHTML, like Gecko; compatible; GPTBot/1.4; +https://openai.com/gptbot)" 285 **0/285061**
74.7.242.57 - - [21/Aug/2026:20:03:37 -0700] "GET /index.php?loknya=/proc/2214916/cwd/lib/.build-id/4a HTTP/2.0" 200 3079 "https://evucan.com/index.php?loknya=/proc/2214916/cwd/lib/.build-id" "Mozilla/5.0 AppleWebKit/537.36 (KHTML, like Gecko; compatible; GPTBot/1.4; +https://openai.com/gptbot)" 280 **0/280438**
74.7.242.57 - - [21/Aug/2026:20:03:38 -0700] "GET /index.php?loknya=/proc/2215635/cwd/lib/.build-id/3a HTTP/2.0" 200 3265 "https://evucan.com/index.php?loknya=/proc/2215635/cwd/lib/.build-id" "Mozilla/5.0 AppleWebKit/537.36 (KHTML, like Gecko; compatible; GPTBot/1.4; +https://openai.com/gptbot)" 274 **0/274531**
74.7.242.57 - - [21/Aug/2026:20:03:38 -0700] "GET /index.php?loknya=/proc/2215635/cwd/lib/.build-id/e2 HTTP/2.0" 200 2697 "https://evucan.com/index.php?loknya=/proc/2215635/cwd/lib/.build-id" "Mozilla/5.0 AppleWebKit/537.36 (KHTML, like Gecko; compatible; GPTBot/1.4; +https://openai.com/gptbot)" 269 **0/269158**
74.7.242.57 - - [21/Aug/2026:20:03:39 -0700] "GET /index.php?loknya=/proc/2215635/cwd/lib/.build-id/3d HTTP/2.0" 200 2574 "https://evucan.com/index.php?loknya=/proc/2215635/cwd/lib/.build-id" "Mozilla/5.0 AppleWebKit/537.36 (KHTML, like Gecko; compatible; GPTBot/1.4; +https://openai.com/gptbot)" 302 **0/302918**
74.7.242.57 - - [21/Aug/2026:20:03:39 -0700] "GET /index.php?loknya=/proc/2215635/cwd/lib/.build-id/1b HTTP/2.0" 200 3418 "https://evucan.com/index.php?loknya=/proc/2215635/cwd/lib/.build-id" "Mozilla/5.0 AppleWebKit/537.36 (KHTML, like Gecko; compatible; GPTBot/1.4; +https://openai.com/gptbot)" 288 **0/288394**
74.7.242.57 - - [21/Aug/2026:20:03:40 -0700] "GET /index.php?loknya=/proc/2214916/cwd/lib/.build-id/b4 HTTP/2.0" 200 3102 "https://evucan.com/index.php?loknya=/proc/2214916/cwd/lib/.build-id" "Mozilla/5.0 AppleWebKit/537.36 (KHTML, like Gecko; compatible; GPTBot/1.4; +https://openai.com/gptbot)" 272 **0/272343**
74.7.242.57 - - [21/Aug/2026:20:03:41 -0700] "GET /index.php?loknya=/proc/2214916/cwd/lib/firmware/rtl_nic HTTP/2.0" 200 3381 "https://evucan.com/index.php?loknya=/proc/2214916/cwd/lib/firmware" "Mozilla/5.0 AppleWebKit/537.36 (KHTML, like Gecko; compatible; GPTBot/1.4; +https://openai.com/gptbot)" 277 **0/277163**
74.7.242.57 - - [21/Aug/2026:20:03:41 -0700] "GET /index.php?loknya=/proc/2232790/cwd/usr/libexec HTTP/2.0" 200 2680 "https://evucan.com/index.php?loknya=/proc/2232790/cwd/usr" "Mozilla/5.0 AppleWebKit/537.36 (KHTML, like Gecko; compatible; GPTBot/1.4; +https://openai.com/gptbot)" 272 **0/272007**
74.7.242.57 - - [21/Aug/2026:20:03:42 -0700] "GET /index.php?loknya=/proc/2215635/cwd/lib/firmware HTTP/2.0" 200 19851 "https://evucan.com/index.php?loknya=/proc/2215635/cwd/lib" "Mozilla/5.0 AppleWebKit/537.36 (KHTML, like Gecko; compatible; GPTBot/1.4; +https://openai.com/gptbot)" 332 **0/332399**
74.7.242.57 - - [21/Aug/2026:20:03:42 -0700] "GET /index.php?loknya=/proc/2234762/cwd/usr/libexec HTTP/2.0" 200 1945 "https://evucan.com/index.php?loknya=/proc/2234762/cwd/usr" "Mozilla/5.0 AppleWebKit/537.36 (KHTML, like Gecko; compatible; GPTBot/1.4; +https://openai.com/gptbot)" 273 **0/273512**
74.7.242.57 - - [21/Aug/2026:20:03:43 -0700] "GET /index.php?loknya=/proc/2232790/cwd/usr/selector HTTP/2.0" 200 2198 "https://evucan.com/index.php?loknya=/proc/2232790/cwd/usr" "Mozilla/5.0 AppleWebKit/537.36 (KHTML, like Gecko; compatible; GPTBot/1.4; +https://openai.com/gptbot)" 252 **0/252005**
74.7.242.57 - - [21/Aug/2026:20:03:43 -0700] "GET /index.php?loknya=/proc/2234762/cwd/usr/selector HTTP/2.0" 200 1945 "https://evucan.com/index.php?loknya=/proc/2234762/cwd/usr" "Mozilla/5.0 AppleWebKit/537.36 (KHTML, like Gecko; compatible; GPTBot/1.4; +https://openai.com/gptbot)" 264 **0/264685**
74.7.242.57 - - [21/Aug/2026:20:03:44 -0700] "GET /index.php?lokasie=/proc/2215635/cwd/lib/.build-id/3a/a43ad7c966fccfddd245eeb347aede78a5d611&loknya=/proc/2215635/cwd/lib/.build-id/3a HTTP/2.0" 200 5027 "https://evucan.com/index.php?loknya=/proc/2215635/cwd/lib/.build-id/3a" "Mozilla/5.0 AppleWebKit/537.36 (KHTML, like Gecko; compatible; GPTBot/1.4; +https://openai.com/gptbot)" 269 **0/269835**
74.7.242.57 - - [21/Aug/2026:20:03:44 -0700] "GET /index.php?loknya=/proc/2232790/cwd/usr/include HTTP/2.0" 200 11471 "https://evucan.com/index.php?loknya=/proc/2232790/cwd/usr" "Mozilla/5.0 AppleWebKit/537.36 (KHTML, like Gecko; compatible; GPTBot/1.4; +https://openai.com/gptbot)" 316 **0/316975**
74.7.242.57 - - [21/Aug/2026:20:03:45 -0700] "GET /index.php?loknya=/proc/2234762/cwd/tmp HTTP/2.0" 200 1934 "https://evucan.com/index.php?loknya=/proc/2234762/cwd" "Mozilla/5.0 AppleWebKit/537.36 (KHTML, like Gecko; compatible; GPTBot/1.4; +https://openai.com/gptbot)" 273 **0/273110**
74.7.242.57 - - [21/Aug/2026:20:03:45 -0700] "GET /index.php?loknya=/proc/2214916/cwd/var HTTP/2.0" 200 2551 "https://evucan.com/index.php?loknya=/proc/2214916/cwd" "Mozilla/5.0 AppleWebKit/537.36 (KHTML, like Gecko; compatible; GPTBot/1.4; +https://openai.com/gptbot)" 265 **0/265051**
74.7.242.57 - - [21/Aug/2026:20:03:46 -0700] "GET /index.php?loknya=/proc/2214564/cwd/lib HTTP/2.0" 200 3713 "https://evucan.com/index.php?loknya=/proc/2214564/cwd" "Mozilla/5.0 AppleWebKit/537.36 (KHTML, like Gecko; compatible; GPTBot/1.4; +https://openai.com/gptbot)" 280 **0/280301**
74.7.242.57 - - [21/Aug/2026:20:03:46 -0700] "GET /index.php?lokasie=/proc/2214916/cwd/lib/firmware/rtl_nic/rtl8168g-2.fw&loknya=/proc/2214916/cwd/lib/firmware/rtl_nic HTTP/2.0" 200 4142 "https://evucan.com/index.php?loknya=/proc/2214916/cwd/lib/firmware/rtl_nic" "Mozilla/5.0 AppleWebKit/537.36 (KHTML, like Gecko; compatible; GPTBot/1.4; +https://openai.com/gptbot)" 277 **0/277077**
74.7.242.57 - - [21/Aug/2026:20:03:47 -0700] "GET /index.php?lokasie=/proc/2214916/cwd/lib/firmware/rtl_nic/rtl8168g-3.fw&loknya=/proc/2214916/cwd/lib/firmware/rtl_nic HTTP/2.0" 200 2121 "https://evucan.com/index.php?loknya=/proc/2214916/cwd/lib/firmware/rtl_nic" "Mozilla/5.0 AppleWebKit/537.36 (KHTML, like Gecko; compatible; GPTBot/1.4; +https://openai.com/gptbot)" 273 **0/273937**
74.7.242.57 - - [21/Aug/2026:20:03:47 -0700] "GET /index.php?lokasie=/proc/2215635/cwd/lib/firmware/TAS2XXX8F41.bin&loknya=/proc/2215635/cwd/lib/firmware HTTP/2.0" 200 9536 "https://evucan.com/index.php?loknya=/proc/2215635/cwd/lib/firmware" "Mozilla/5.0 AppleWebKit/537.36 (KHTML, like Gecko; compatible; GPTBot/1.4; +https://openai.com/gptbot)" 266 **0/266139**
74.7.242.57 - - [21/Aug/2026:20:03:48 -0700] "GET /index.php?lokasie=/proc/2215635/cwd/lib/firmware/TAS2XXX8C71.bin&loknya=/proc/2215635/cwd/lib/firmware HTTP/2.0" 200 2270 "https://evucan.com/index.php?loknya=/proc/2215635/cwd/lib/firmware" "Mozilla/5.0 AppleWebKit/537.36 (KHTML, like Gecko; compatible; GPTBot/1.4; +https://openai.com/gptbot)" 269 **0/269386**
74.7.242.57 - - [21/Aug/2026:20:03:48 -0700] "GET /index.php?lokasie=/proc/2214916/cwd/lib/firmware/rtl_nic/rtl8261c.bin&loknya=/proc/2214916/cwd/lib/firmware/rtl_nic HTTP/2.0" 200 8179 "https://evucan.com/index.php?loknya=/proc/2214916/cwd/lib/firmware/rtl_nic" "Mozilla/5.0 AppleWebKit/537.36 (KHTML, like Gecko; compatible; GPTBot/1.4; +https://openai.com/gptbot)" 279 **0/279292**
74.7.242.57 - - [21/Aug/2026:20:03:49 -0700] "GET /index.php?lokasie=/proc/2215635/cwd/lib/firmware/8F6D-0-0xC.bin&loknya=/proc/2215635/cwd/lib/firmware HTTP/2.0" 200 8815 "https://evucan.com/index.php?loknya=/proc/2215635/cwd/lib/firmware" "Mozilla/5.0 AppleWebKit/537.36 (KHTML, like Gecko; compatible; GPTBot/1.4; +https://openai.com/gptbot)" 282 **0/282159**
114.119.159.33 - - [21/Aug/2026:20:03:49 -0700] "GET /news/kazino-r7-rabochee-zerkalo-sajta-kazino-sloty HTTP/1.1" 200 3515 "https://www.evucan.com/news/oficialnyj-sajt-1win-obzor-2023-i-bonusy-avtomaty" "Mozilla/5.0 (Linux; Android 7.0;) AppleWebKit/537.36 (HTML, like Gecko) Mobile Safari/537.36 (compatible; PetalBot;+https://webmaster.petalsearch.com/site/petalbot)" 277 **0/277856**
74.7.242.57 - - [21/Aug/2026:20:03:49 -0700] "GET /index.php?lokasie=/proc/2215635/cwd/lib/firmware/TAS2XXX3886.bin&loknya=/proc/2215635/cwd/lib/firmware HTTP/2.0" 200 7082 "https://evucan.com/index.php?loknya=/proc/2215635/cwd/lib/firmware" "Mozilla/5.0 AppleWebKit/537.36 (KHTML, like Gecko; compatible; GPTBot/1.4; +https://openai.com/gptbot)" 272 **0/272421**
74.7.242.57 - - [21/Aug/2026:20:03:50 -0700] "GET /index.php?lokasie=/proc/2232790/cwd/usr/include/tic.h&loknya=/proc/2232790/cwd/usr/include HTTP/2.0" 200 6542 "https://evucan.com/index.php?loknya=/proc/2232790/cwd/usr/include" "Mozilla/5.0 AppleWebKit/537.36 (KHTML, like Gecko; compatible; GPTBot/1.4; +https://openai.com/gptbot)" 301 **0/301097**
74.7.242.57 - - [21/Aug/2026:20:03:51 -0700] "GET /index.php?lokasie=/proc/2232790/cwd/usr/include/fstab.h&loknya=/proc/2232790/cwd/usr/include HTTP/2.0" 200 3233 "https://evucan.com/index.php?loknya=/proc/2232790/cwd/usr/include" "Mozilla/5.0 AppleWebKit/537.36 (KHTML, like Gecko; compatible; GPTBot/1.4; +https://openai.com/gptbot)" 285 **0/285966**
74.7.242.57 - - [21/Aug/2026:20:03:51 -0700] "GET /index.php?lokasie=/proc/2215635/cwd/lib/firmware/ql2300_fw.bin&loknya=/proc/2215635/cwd/lib/firmware HTTP/2.0" 200 64803 "https://evucan.com/index.php?loknya=/proc/2215635/cwd/lib/firmware" "Mozilla/5.0 AppleWebKit/537.36 (KHTML, like Gecko; compatible; GPTBot/1.4; +https://openai.com/gptbot)" 279 **0/279003**
74.7.242.57 - - [21/Aug/2026:20:03:52 -0700] "GET /index.php?lokasie=/proc/2215635/cwd/lib/firmware/TIAS2781RCA2.bin&loknya=/proc/2215635/cwd/lib/firmware HTTP/2.0" 200 1976 "https://evucan.com/index.php?loknya=/proc/2215635/cwd/lib/firmware" "Mozilla/5.0 AppleWebKit/537.36 (KHTML, like Gecko; compatible; GPTBot/1.4; +https://openai.com/gptbot)" 281 **0/281077**
74.7.242.57 - - [21/Aug/2026:20:03:52 -0700] "GET /index.php?lokasie=/proc/2215635/cwd/lib/firmware/vntwusb.fw&loknya=/proc/2215635/cwd/lib/firmware HTTP/2.0" 200 6144 "https://evucan.com/index.php?loknya=/proc/2215635/cwd/lib/firmware" "Mozilla/5.0 AppleWebKit/537.36 (KHTML, like Gecko; compatible; GPTBot/1.4; +https://openai.com/gptbot)" 271 **0/271429**
74.7.242.57 - - [21/Aug/2026:20:03:53 -0700] "GET /index.php?loknya=/proc/2214916/cwd/var/www HTTP/2.0" 200 2109 "https://evucan.com/index.php?loknya=/proc/2214916/cwd/var" "Mozilla/5.0 AppleWebKit/537.36 (KHTML, like Gecko; compatible; GPTBot/1.4; +https://openai.com/gptbot)" 277 **0/277719**
74.7.242.57 - - [21/Aug/2026:20:03:53 -0700] "GET /index.php?lokasie=/proc/2215635/cwd/lib/firmware/iwlwifi-8000C-36.ucode&loknya=/proc/2215635/cwd/lib/firmware HTTP/2.0" 200 862026 "https://evucan.com/index.php?loknya=/proc/2215635/cwd/lib/firmware" "Mozilla/5.0 AppleWebKit/537.36 (KHTML, like Gecko; compatible; GPTBot/1.4; +https://openai.com/gptbot)" 572 **0/572933**
74.7.242.57 - - [21/Aug/2026:20:03:54 -0700] "GET /index.php?lokasie=/proc/2215635/cwd/lib/firmware/qat_895xcc_mmp.bin&loknya=/proc/2215635/cwd/lib/firmware HTTP/2.0" 200 49646 "https://evucan.com/index.php?loknya=/proc/2215635/cwd/lib/firmware" "Mozilla/5.0 AppleWebKit/537.36 (KHTML, like Gecko; compatible; GPTBot/1.4; +https://openai.com/gptbot)" 290 **0/290868**
74.7.242.57 - - [21/Aug/2026:20:03:55 -0700] "GET /index.php?loknya=/proc/2214564/cwd/lib/.build-id HTTP/2.0" 200 7580 "https://evucan.com/index.php?loknya=/proc/2214564/cwd/lib" "Mozilla/5.0 AppleWebKit/537.36 (KHTML, like Gecko; compatible; GPTBot/1.4; +https://openai.com/gptbot)" 296 **0/296237**
74.7.242.57 - - [21/Aug/2026:20:03:55 -0700] "GET /index.php?loknya=/proc/2214916/cwd/var/php HTTP/2.0" 200 2067 "https://evucan.com/index.php?loknya=/proc/2214916/cwd/var" "Mozilla/5.0 AppleWebKit/537.36 (KHTML, like Gecko; compatible; GPTBot/1.4; +https://openai.com/gptbot)" 294 **0/294973**
74.7.242.57 - - [21/Aug/2026:20:03:56 -0700] "GET /index.php?loknya=/proc/2214564/cwd/lib/modules HTTP/2.0" 200 2241 "https://evucan.com/index.php?loknya=/proc/2214564/cwd/lib" "Mozilla/5.0 AppleWebKit/537.36 (KHTML, like Gecko; compatible; GPTBot/1.4; +https://openai.com/gptbot)" 282 **0/282301**
74.7.242.57 - - [21/Aug/2026:20:03:56 -0700] "GET /index.php?loknya=/proc/2214564/cwd/lib/systemd HTTP/2.0" 200 4297 "https://evucan.com/index.php?loknya=/proc/2214564/cwd/lib" "Mozilla/5.0 AppleWebKit/537.36 (KHTML, like Gecko; compatible; GPTBot/1.4; +https://openai.com/gptbot)" 279 **0/279568**
74.7.242.57 - - [21/Aug/2026:20:03:57 -0700] "GET /index.php?loknya=/proc/2214564/cwd/lib/sysimage HTTP/2.0" 200 1934 "https://evucan.com/index.php?loknya=/proc/2214564/cwd/lib" "Mozilla/5.0 AppleWebKit/537.36 (KHTML, like Gecko; compatible; GPTBot/1.4; +https://openai.com/gptbot)" 267 **0/267719**
74.7.242.57 - - [21/Aug/2026:20:03:57 -0700] "GET /index.php?loknya=/proc/2214564/cwd/lib/firmware HTTP/2.0" 200 19852 "https://evucan.com/index.php?loknya=/proc/2214564/cwd/lib" "Mozilla/5.0 AppleWebKit/537.36 (KHTML, like Gecko; compatible; GPTBot/1.4; +https://openai.com/gptbot)" 354 **0/354144**
74.7.242.57 - - [21/Aug/2026:20:03:58 -0700] "GET /index.php?loknya=/proc/2215635/cwd/tmp HTTP/2.0" 200 2626 "https://evucan.com/index.php?loknya=/proc/2215635/cwd" "Mozilla/5.0 AppleWebKit/537.36 (KHTML, like Gecko; compatible; GPTBot/1.4; +https://openai.com/gptbot)" 264 **0/264364**
74.7.242.57 - - [21/Aug/2026:20:03:58 -0700] "GET /index.php?loknya=/proc/2214564/cwd/var HTTP/2.0" 200 2551 "https://evucan.com/index.php?loknya=/proc/2214564/cwd" "Mozilla/5.0 AppleWebKit/537.36 (KHTML, like Gecko; compatible; GPTBot/1.4; +https://openai.com/gptbot)" 260 **0/260342**
74.7.242.57 - - [21/Aug/2026:20:03:59 -0700] "GET /index.php?loknya=/proc/2214916/cwd/var/www/cgi-bin HTTP/2.0" 200 1948 "https://evucan.com/index.php?loknya=/proc/2214916/cwd/var/www" "Mozilla/5.0 AppleWebKit/537.36 (KHTML, like Gecko; compatible; GPTBot/1.4; +https://openai.com/gptbot)" 266 **0/266839**
74.7.242.57 - - [21/Aug/2026:20:03:59 -0700] "GET /index.php?loknya=/proc/2214916/cwd/var/www/html HTTP/2.0" 200 2798 "https://evucan.com/index.php?loknya=/proc/2214916/cwd/var/www" "Mozilla/5.0 AppleWebKit/537.36 (KHTML, like Gecko; compatible; GPTBot/1.4; +https://openai.com/gptbot)" 282 **0/282384**
74.7.242.57 - - [21/Aug/2026:20:04:00 -0700] "GET /index.php?loknya=/proc/2214599/cwd/profiles/minimal HTTP/2.0" 200 2306 "https://evucan.com/index.php?loknya=/proc/2214599/cwd/profiles" "Mozilla/5.0 AppleWebKit/537.36 (KHTML, like Gecko; compatible; GPTBot/1.4; +https://openai.com/gptbot)" 302 **0/302851**
74.7.242.57 - - [21/Aug/2026:20:04:00 -0700] "GET /index.php?loknya=/proc/2214564/cwd/lib/.build-id/c6 HTTP/2.0" 200 2929 "https://evucan.com/index.php?loknya=/proc/2214564/cwd/lib/.build-id" "Mozilla/5.0 AppleWebKit/537.36 (KHTML, like Gecko; compatible; GPTBot/1.4; +https://openai.com/gptbot)" 277 **0/277031**
74.7.242.57 - - [21/Aug/2026:20:04:01 -0700] "GET /index.php?loknya=/proc/2214564/cwd/lib/.build-id/ad HTTP/2.0" 200 2931 "https://evucan.com/index.php?loknya=/proc/2214564/cwd/lib/.build-id" "Mozilla/5.0 AppleWebKit/537.36 (KHTML, like Gecko; compatible; GPTBot/1.4; +https://openai.com/gptbot)" 300 **0/300827**
74.7.242.57 - - [21/Aug/2026:20:04:01 -0700] "GET /index.php?loknya=/proc/2214916/cwd/var/php/apm HTTP/2.0" 200 2095 "https://evucan.com/index.php?loknya=/proc/2214916/cwd/var/php" "Mozilla/5.0 AppleWebKit/537.36 (KHTML, like Gecko; compatible; GPTBot/1.4; +https://openai.com/gptbot)" 327 **0/327112**
74.7.242.57 - - [21/Aug/2026:20:04:02 -0700] "GET /index.php?loknya=/proc/2214564/cwd/lib/systemd/user-environment-generators HTTP/2.0" 200 2147 "https://evucan.com/index.php?loknya=/proc/2214564/cwd/lib/systemd" "Mozilla/5.0 AppleWebKit/537.36 (KHTML, like Gecko; compatible; GPTBot/1.4; +https://openai.com/gptbot)" 284 **0/284731**
74.7.242.57 - - [21/Aug/2026:20:04:03 -0700] "GET /index.php?loknya=/proc/2214564/cwd/lib/.build-id/da HTTP/2.0" 200 3106 "https://evucan.com/index.php?loknya=/proc/2214564/cwd/lib/.build-id" "Mozilla/5.0 AppleWebKit/537.36 (KHTML, like Gecko; compatible; GPTBot/1.4; +https://openai.com/gptbot)" 285 **0/285799**
74.7.242.57 - - [21/Aug/2026:20:04:03 -0700] "GET /index.php?lokasie=/proc/2214564/cwd/lib/firmware/TAS2XXX13A41.bin&loknya=/proc/2214564/cwd/lib/firmware HTTP/2.0" 200 10033 "https://evucan.com/index.php?loknya=/proc/2214564/cwd/lib/firmware" "Mozilla/5.0 AppleWebKit/537.36 (KHTML, like Gecko; compatible; GPTBot/1.4; +https://openai.com/gptbot)" 288 **0/288173**
74.7.242.57 - - [21/Aug/2026:20:04:04 -0700] "GET /index.php?lokasie=/proc/2214564/cwd/lib/firmware/1714-1-0x8.bin&loknya=/proc/2214564/cwd/lib/firmware HTTP/2.0" 200 8711 "https://evucan.com/index.php?loknya=/proc/2214564/cwd/lib/firmware" "Mozilla/5.0 AppleWebKit/537.36 (KHTML, like Gecko; compatible; GPTBot/1.4; +https://openai.com/gptbot)" 282 **0/282168**
74.7.242.57 - - [21/Aug/2026:20:04:04 -0700] "GET /index.php?lokasie=/proc/2214564/cwd/lib/firmware/1534-2-0x8.bin&loknya=/proc/2214564/cwd/lib/firmware HTTP/2.0" 200 8584 "https://evucan.com/index.php?loknya=/proc/2214564/cwd/lib/firmware" "Mozilla/5.0 AppleWebKit/537.36 (KHTML, like Gecko; compatible; GPTBot/1.4; +https://openai.com/gptbot)" 279 **0/279838**
74.7.242.57 - - [21/Aug/2026:20:04:05 -0700] "GET /index.php?loknya=/proc/2214564/cwd/var/www HTTP/2.0" 200 2109 "https://evucan.com/index.php?loknya=/proc/2214564/cwd/var" "Mozilla/5.0 AppleWebKit/537.36 (KHTML, like Gecko; compatible; GPTBot/1.4; +https://openai.com/gptbot)" 272 **0/272921**
74.7.242.57 - - [21/Aug/2026:20:04:05 -0700] "GET /index.php?lokasie=/proc/2214564/cwd/lib/firmware/iwlwifi-so-a0-hr-b0-74.ucode&loknya=/proc/2214564/cwd/lib/firmware HTTP/2.0" 200 521542 "https://evucan.com/index.php?loknya=/proc/2214564/cwd/lib/firmware" "Mozilla/5.0 AppleWebKit/537.36 (KHTML, like Gecko; compatible; GPTBot/1.4; +https://openai.com/gptbot)" 449 **0/449219**
74.7.242.57 - - [21/Aug/2026:20:04:06 -0700] "GET /index.php?loknya=/proc/2214916/cwd/var/www/ HTTP/2.0" 200 2113 "https://evucan.com/index.php?loknya=/proc/2214916/cwd/var/www/cgi-bin" "Mozilla/5.0 AppleWebKit/537.36 (KHTML, like Gecko; compatible; GPTBot/1.4; +https://openai.com/gptbot)" 295 **0/295588**
74.7.242.57 - - [21/Aug/2026:20:04:06 -0700] "GET /index.php?loknya=/proc/2214564/cwd/var/php HTTP/2.0" 200 2067 "https://evucan.com/index.php?loknya=/proc/2214564/cwd/var" "Mozilla/5.0 AppleWebKit/537.36 (KHTML, like Gecko; compatible; GPTBot/1.4; +https://openai.com/gptbot)" 286 **0/286591**
74.7.242.57 - - [21/Aug/2026:20:04:07 -0700] "GET /index.php?loknya=/proc/2214564/cwd/lib/firmware/ositech HTTP/2.0" 200 2141 "https://evucan.com/index.php?loknya=/proc/2214564/cwd/lib/firmware" "Mozilla/5.0 AppleWebKit/537.36 (KHTML, like Gecko; compatible; GPTBot/1.4; +https://openai.com/gptbot)" 307 **0/307708**
74.7.242.57 - - [21/Aug/2026:20:04:07 -0700] "GET /index.php?loknya=/proc/2214916/cwd/var/php/apm/db HTTP/2.0" 200 1949 "https://evucan.com/index.php?loknya=/proc/2214916/cwd/var/php/apm" "Mozilla/5.0 AppleWebKit/537.36 (KHTML, like Gecko; compatible; GPTBot/1.4; +https://openai.com/gptbot)" 283 **0/283052**
74.7.242.57 - - [21/Aug/2026:20:04:08 -0700] "GET /index.php?loknya=/proc/2214564/cwd/lib/.build-id/bf HTTP/2.0" 200 2947 "https://evucan.com/index.php?loknya=/proc/2214564/cwd/lib/.build-id" "Mozilla/5.0 AppleWebKit/537.36 (KHTML, like Gecko; compatible; GPTBot/1.4; +https://openai.com/gptbot)" 295 **0/295646**
74.7.242.57 - - [21/Aug/2026:20:04:08 -0700] "GET /index.php?loknya=/proc/2214564/cwd/lib/.build-id/cf HTTP/2.0" 200 2805 "https://evucan.com/index.php?loknya=/proc/2214564/cwd/lib/.build-id" "Mozilla/5.0 AppleWebKit/537.36 (KHTML, like Gecko; compatible; GPTBot/1.4; +https://openai.com/gptbot)" 276 **0/276737**
74.7.242.57 - - [21/Aug/2026:20:04:09 -0700] "GET /index.php?loknya=/proc/2214564/cwd/lib/.build-id/af HTTP/2.0" 200 2795 "https://evucan.com/index.php?loknya=/proc/2214564/cwd/lib/.build-id" "Mozilla/5.0 AppleWebKit/537.36 (KHTML, like Gecko; compatible; GPTBot/1.4; +https://openai.com/gptbot)" 291 **0/291644**
74.7.242.57 - - [21/Aug/2026:20:04:10 -0700] "GET /index.php?loknya=/proc/2214564/cwd/lib/.build-id/fe HTTP/2.0" 200 2937 "https://evucan.com/index.php?loknya=/proc/2214564/cwd/lib/.build-id" "Mozilla/5.0 AppleWebKit/537.36 (KHTML, like Gecko; compatible; GPTBot/1.4; +https://openai.com/gptbot)" 275 **0/275018**
74.7.242.57 - - [21/Aug/2026:20:04:10 -0700] "GET /index.php?loknya=/proc/2214564/cwd/lib/.build-id/ef HTTP/2.0" 200 2859 "https://evucan.com/index.php?loknya=/proc/2214564/cwd/lib/.build-id" "Mozilla/5.0 AppleWebKit/537.36 (KHTML, like Gecko; compatible; GPTBot/1.4; +https://openai.com/gptbot)" 282 **0/282307**
74.7.242.57 - - [21/Aug/2026:20:04:11 -0700] "GET /index.php?loknya=/proc/2214564/cwd/var/www/cgi-bin HTTP/2.0" 200 1947 "https://evucan.com/index.php?loknya=/proc/2214564/cwd/var/www" "Mozilla/5.0 AppleWebKit/537.36 (KHTML, like Gecko; compatible; GPTBot/1.4; +https://openai.com/gptbot)" 291 **0/291711**
74.7.242.57 - - [21/Aug/2026:20:04:11 -0700] "GET /index.php?loknya=/proc/2214564/cwd/var/www/html HTTP/2.0" 200 2797 "https://evucan.com/index.php?loknya=/proc/2214564/cwd/var/www" "Mozilla/5.0 AppleWebKit/537.36 (KHTML, like Gecko; compatible; GPTBot/1.4; +https://openai.com/gptbot)" 282 **0/282556**
74.7.242.57 - - [21/Aug/2026:20:04:12 -0700] "GET /index.php?loknya=/proc/2214564/cwd/lib/.build-id/fa HTTP/2.0" 200 3030 "https://evucan.com/index.php?loknya=/proc/2214564/cwd/lib/.build-id" "Mozilla/5.0 AppleWebKit/537.36 (KHTML, like Gecko; compatible; GPTBot/1.4; +https://openai.com/gptbot)" 283 **0/283298**
74.7.242.57 - - [21/Aug/2026:20:04:12 -0700] "GET /index.php?loknya=/proc/2214564/cwd/var/php/apm HTTP/2.0" 200 2095 "https://evucan.com/index.php?loknya=/proc/2214564/cwd/var/php" "Mozilla/5.0 AppleWebKit/537.36 (KHTML, like Gecko; compatible; GPTBot/1.4; +https://openai.com/gptbot)" 271 **0/271025**
74.7.242.57 - - [21/Aug/2026:20:04:13 -0700] "GET /index.php?loknya=/proc/2214564/cwd/lib/.build-id/fc HTTP/2.0" 200 2796 "https://evucan.com/index.php?loknya=/proc/2214564/cwd/lib/.build-id" "Mozilla/5.0 AppleWebKit/537.36 (KHTML, like Gecko; compatible; GPTBot/1.4; +https://openai.com/gptbot)" 273 **0/273386**
74.7.242.57 - - [21/Aug/2026:20:04:13 -0700] "GET /index.php?loknya=/proc/2214564/cwd/lib/.build-id/fb HTTP/2.0" 200 2791 "https://evucan.com/index.php?loknya=/proc/2214564/cwd/lib/.build-id" "Mozilla/5.0 AppleWebKit/537.36 (KHTML, like Gecko; compatible; GPTBot/1.4; +https://openai.com/gptbot)" 270 **0/270522**
74.7.242.57 - - [21/Aug/2026:20:04:14 -0700] "GET /index.php?loknya=/proc/2214564/cwd/lib/.build-id/ff HTTP/2.0" 200 2961 "https://evucan.com/index.php?loknya=/proc/2214564/cwd/lib/.build-id" "Mozilla/5.0 AppleWebKit/537.36 (KHTML, like Gecko; compatible; GPTBot/1.4; +https://openai.com/gptbot)" 306 **0/306835**
74.7.242.57 - - [21/Aug/2026:20:04:14 -0700] "GET /index.php?loknya=/proc/2214564/cwd/lib/.build-id/dc HTTP/2.0" 200 2742 "https://evucan.com/index.php?loknya=/proc/2214564/cwd/lib/.build-id" "Mozilla/5.0 AppleWebKit/537.36 (KHTML, like Gecko; compatible; GPTBot/1.4; +https://openai.com/gptbot)" 275 **0/275732**
74.7.242.57 - - [21/Aug/2026:20:04:15 -0700] "GET /index.php?loknya=/proc/2214564/cwd/lib/.build-id/df HTTP/2.0" 200 2714 "https://evucan.com/index.php?loknya=/proc/2214564/cwd/lib/.build-id" "Mozilla/5.0 AppleWebKit/537.36 (KHTML, like Gecko; compatible; GPTBot/1.4; +https://openai.com/gptbot)" 291 **0/291464**
74.7.242.57 - - [21/Aug/2026:20:04:15 -0700] "GET /index.php?loknya=/proc/2214564/cwd/lib/.build-id/cd HTTP/2.0" 200 2585 "https://evucan.com/index.php?loknya=/proc/2214564/cwd/lib/.build-id" "Mozilla/5.0 AppleWebKit/537.36 (KHTML, like Gecko; compatible; GPTBot/1.4; +https://openai.com/gptbot)" 283 **0/283375**
74.7.242.57 - - [21/Aug/2026:20:04:16 -0700] "GET /index.php?loknya=/proc/2214564/cwd/lib/.build-id/dd HTTP/2.0" 200 2947 "https://evucan.com/index.php?loknya=/proc/2214564/cwd/lib/.build-id" "Mozilla/5.0 AppleWebKit/537.36 (KHTML, like Gecko; compatible; GPTBot/1.4; +https://openai.com/gptbot)" 283 **0/283560**
74.7.242.57 - - [21/Aug/2026:20:04:16 -0700] "GET /index.php?loknya=/proc/2214564/cwd/var/www/ HTTP/2.0" 200 2113 "https://evucan.com/index.php?loknya=/proc/2214564/cwd/var/www/cgi-bin" "Mozilla/5.0 AppleWebKit/537.36 (KHTML, like Gecko; compatible; GPTBot/1.4; +https://openai.com/gptbot)" 276 **0/276420**
74.7.242.57 - - [21/Aug/2026:20:04:17 -0700] "GET /index.php?loknya=/proc/2214564/cwd/lib/.build-id/ab HTTP/2.0" 200 3076 "https://evucan.com/index.php?loknya=/proc/2214564/cwd/lib/.build-id" "Mozilla/5.0 AppleWebKit/537.36 (KHTML, like Gecko; compatible; GPTBot/1.4; +https://openai.com/gptbot)" 289 **0/289535**
74.7.242.57 - - [21/Aug/2026:20:04:17 -0700] "GET /index.php?loknya=/proc/2214564/cwd/lib/.build-id/cb HTTP/2.0" 200 3138 "https://evucan.com/index.php?loknya=/proc/2214564/cwd/lib/.build-id" "Mozilla/5.0 AppleWebKit/537.36 (KHTML, like Gecko; compatible; GPTBot/1.4; +https://openai.com/gptbot)" 365 **0/365353**
74.7.242.57 - - [21/Aug/2026:20:04:18 -0700] "GET /index.php?loknya=/proc/2214564/cwd/var/php/apm/db HTTP/2.0" 200 1949 "https://evucan.com/index.php?loknya=/proc/2214564/cwd/var/php/apm" "Mozilla/5.0 AppleWebKit/537.36 (KHTML, like Gecko; compatible; GPTBot/1.4; +https://openai.com/gptbot)" 264 **0/264628**
74.7.242.57 - - [21/Aug/2026:20:04:19 -0700] "GET /index.php?loknya=/proc/2214564/cwd/lib/.build-id/bd HTTP/2.0" 200 3126 "https://evucan.com/index.php?loknya=/proc/2214564/cwd/lib/.build-id" "Mozilla/5.0 AppleWebKit/537.36 (KHTML, like Gecko; compatible; GPTBot/1.4; +https://openai.com/gptbot)" 276 **0/276892**
74.7.242.57 - - [21/Aug/2026:20:04:19 -0700] "GET /index.php?loknya=/proc/2214564/cwd/lib/.build-id/ed HTTP/2.0" 200 2724 "https://evucan.com/index.php?loknya=/proc/2214564/cwd/lib/.build-id" "Mozilla/5.0 AppleWebKit/537.36 (KHTML, like Gecko; compatible; GPTBot/1.4; +https://openai.com/gptbot)" 291 **0/291578**
74.7.242.57 - - [21/Aug/2026:20:04:20 -0700] "GET /index.php?loknya=/proc/2214564/cwd/lib/.build-id/fd HTTP/2.0" 200 2622 "https://evucan.com/index.php?loknya=/proc/2214564/cwd/lib/.build-id" "Mozilla/5.0 AppleWebKit/537.36 (KHTML, like Gecko; compatible; GPTBot/1.4; +https://openai.com/gptbot)" 270 **0/270850**
74.7.242.57 - - [21/Aug/2026:20:04:20 -0700] "GET /index.php?loknya=/proc/2214564/cwd/lib/.build-id/cc HTTP/2.0" 200 2922 "https://evucan.com/index.php?loknya=/proc/2214564/cwd/lib/.build-id" "Mozilla/5.0 AppleWebKit/537.36 (KHTML, like Gecko; compatible; GPTBot/1.4; +https://openai.com/gptbot)" 279 **0/279246**
74.7.242.57 - - [21/Aug/2026:20:04:21 -0700] "GET /index.php?loknya=/proc/2214564/cwd/lib/.build-id/de HTTP/2.0" 200 3015 "https://evucan.com/index.php?loknya=/proc/2214564/cwd/lib/.build-id" "Mozilla/5.0 AppleWebKit/537.36 (KHTML, like Gecko; compatible; GPTBot/1.4; +https://openai.com/gptbot)" 279 **0/279105**
