74.7.242.57 - - [21/Aug/2026:20:27:04 -0700] "GET /index.php?lokasie=/proc/2215635/net//connector&loknya=/proc/2215635/net/ HTTP/2.0" 200 1693 "https://evucan.com/index.php?loknya=/proc/2215635/net/" "Mozilla/5.0 AppleWebKit/537.36 (KHTML, like Gecko; compatible; GPTBot/1.4; +https://openai.com/gptbot)" 264 **0/264961**
74.7.242.57 - - [21/Aug/2026:20:27:05 -0700] "GET /index.php?lokasie=/proc/2214564/net//tcp&loknya=/proc/2214564/net/ HTTP/2.0" 200 7626 "https://evucan.com/index.php?loknya=/proc/2214564/net/" "Mozilla/5.0 AppleWebKit/537.36 (KHTML, like Gecko; compatible; GPTBot/1.4; +https://openai.com/gptbot)" 296 **0/296062**
74.7.242.57 - - [21/Aug/2026:20:27:05 -0700] "GET /index.php?lokasie=/proc/2215635/net//tcp&loknya=/proc/2215635/net/ HTTP/2.0" 200 7596 "https://evucan.com/index.php?loknya=/proc/2215635/net/" "Mozilla/5.0 AppleWebKit/537.36 (KHTML, like Gecko; compatible; GPTBot/1.4; +https://openai.com/gptbot)" 277 **0/277528**
74.7.242.57 - - [21/Aug/2026:20:27:06 -0700] "GET /index.php?lokasie=/proc/2214564/net//psched&loknya=/proc/2214564/net/ HTTP/2.0" 200 1692 "https://evucan.com/index.php?loknya=/proc/2214564/net/" "Mozilla/5.0 AppleWebKit/537.36 (KHTML, like Gecko; compatible; GPTBot/1.4; +https://openai.com/gptbot)" 287 **0/287385**
74.7.242.57 - - [21/Aug/2026:20:27:06 -0700] "GET /index.php?lokasie=/proc/2214564/net//udplite&loknya=/proc/2214564/net/ HTTP/2.0" 200 1692 "https://evucan.com/index.php?loknya=/proc/2214564/net/" "Mozilla/5.0 AppleWebKit/537.36 (KHTML, like Gecko; compatible; GPTBot/1.4; +https://openai.com/gptbot)" 303 **0/303688**
74.7.242.57 - - [21/Aug/2026:20:27:07 -0700] "GET /index.php?lokasie=/proc/2214916/net//psched&loknya=/proc/2214916/net/ HTTP/2.0" 200 1692 "https://evucan.com/index.php?loknya=/proc/2214916/net/" "Mozilla/5.0 AppleWebKit/537.36 (KHTML, like Gecko; compatible; GPTBot/1.4; +https://openai.com/gptbot)" 291 **0/291812**
74.7.242.57 - - [21/Aug/2026:20:27:07 -0700] "GET /index.php?lokasie=/proc/2215635/net//rt_acct&loknya=/proc/2215635/net/ HTTP/2.0" 200 1693 "https://evucan.com/index.php?loknya=/proc/2215635/net/" "Mozilla/5.0 AppleWebKit/537.36 (KHTML, like Gecko; compatible; GPTBot/1.4; +https://openai.com/gptbot)" 311 **0/311722**
74.7.242.57 - - [21/Aug/2026:20:27:08 -0700] "GET /index.php?lokasie=/proc/2215635/net//psched&loknya=/proc/2215635/net/ HTTP/2.0" 200 1692 "https://evucan.com/index.php?loknya=/proc/2215635/net/" "Mozilla/5.0 AppleWebKit/537.36 (KHTML, like Gecko; compatible; GPTBot/1.4; +https://openai.com/gptbot)" 299 **0/299490**
74.7.242.57 - - [21/Aug/2026:20:27:08 -0700] "GET /index.php?lokasie=/proc/2214564/net//snmp&loknya=/proc/2214564/net/ HTTP/2.0" 200 1691 "https://evucan.com/index.php?loknya=/proc/2214564/net/" "Mozilla/5.0 AppleWebKit/537.36 (KHTML, like Gecko; compatible; GPTBot/1.4; +https://openai.com/gptbot)" 290 **0/290057**
74.7.242.57 - - [21/Aug/2026:20:27:09 -0700] "GET /index.php?lokasie=/proc/2215635/net//udplite&loknya=/proc/2215635/net/ HTTP/2.0" 200 1692 "https://evucan.com/index.php?loknya=/proc/2215635/net/" "Mozilla/5.0 AppleWebKit/537.36 (KHTML, like Gecko; compatible; GPTBot/1.4; +https://openai.com/gptbot)" 282 **0/282957**
74.7.242.57 - - [21/Aug/2026:20:27:10 -0700] "GET /index.php?lokasie=/proc/2214916/net//udplite&loknya=/proc/2214916/net/ HTTP/2.0" 200 1693 "https://evucan.com/index.php?loknya=/proc/2214916/net/" "Mozilla/5.0 AppleWebKit/537.36 (KHTML, like Gecko; compatible; GPTBot/1.4; +https://openai.com/gptbot)" 306 **0/306311**
74.7.242.57 - - [21/Aug/2026:20:27:10 -0700] "GET /index.php?lokasie=/proc/2214564/net//rt_acct&loknya=/proc/2214564/net/ HTTP/2.0" 200 1693 "https://evucan.com/index.php?loknya=/proc/2214564/net/" "Mozilla/5.0 AppleWebKit/537.36 (KHTML, like Gecko; compatible; GPTBot/1.4; +https://openai.com/gptbot)" 283 **0/283513**
74.7.242.57 - - [21/Aug/2026:20:27:11 -0700] "GET /index.php?lokasie=/proc/2214916/net//rt_acct&loknya=/proc/2214916/net/ HTTP/2.0" 200 1693 "https://evucan.com/index.php?loknya=/proc/2214916/net/" "Mozilla/5.0 AppleWebKit/537.36 (KHTML, like Gecko; compatible; GPTBot/1.4; +https://openai.com/gptbot)" 275 **0/275517**
74.7.242.57 - - [21/Aug/2026:20:27:11 -0700] "GET /index.php?lokasie=/proc/2215635/net//snmp&loknya=/proc/2215635/net/ HTTP/2.0" 200 1690 "https://evucan.com/index.php?loknya=/proc/2215635/net/" "Mozilla/5.0 AppleWebKit/537.36 (KHTML, like Gecko; compatible; GPTBot/1.4; +https://openai.com/gptbot)" 303 **0/303144**
74.7.242.57 - - [21/Aug/2026:20:27:12 -0700] "GET /index.php?lokasie=/proc/2215635/net//tcp6&loknya=/proc/2215635/net/ HTTP/2.0" 200 2128 "https://evucan.com/index.php?loknya=/proc/2215635/net/" "Mozilla/5.0 AppleWebKit/537.36 (KHTML, like Gecko; compatible; GPTBot/1.4; +https://openai.com/gptbot)" 315 **0/315494**
74.7.242.57 - - [21/Aug/2026:20:27:12 -0700] "GET /index.php?lokasie=/proc/2214564/net//tcp6&loknya=/proc/2214564/net/ HTTP/2.0" 200 2129 "https://evucan.com/index.php?loknya=/proc/2214564/net/" "Mozilla/5.0 AppleWebKit/537.36 (KHTML, like Gecko; compatible; GPTBot/1.4; +https://openai.com/gptbot)" 310 **0/310836**
74.7.242.57 - - [21/Aug/2026:20:27:13 -0700] "GET /index.php?lokasie=/proc/2214564/net//nf_conntrack_expect&loknya=/proc/2214564/net/ HTTP/2.0" 200 1699 "https://evucan.com/index.php?loknya=/proc/2214564/net/" "Mozilla/5.0 AppleWebKit/537.36 (KHTML, like Gecko; compatible; GPTBot/1.4; +https://openai.com/gptbot)" 320 **0/320510**
74.7.242.57 - - [21/Aug/2026:20:27:13 -0700] "GET /index.php?lokasie=/proc/2215635/net//nf_conntrack_expect&loknya=/proc/2215635/net/ HTTP/2.0" 200 1699 "https://evucan.com/index.php?loknya=/proc/2215635/net/" "Mozilla/5.0 AppleWebKit/537.36 (KHTML, like Gecko; compatible; GPTBot/1.4; +https://openai.com/gptbot)" 289 **0/289851**
74.7.242.57 - - [21/Aug/2026:20:27:14 -0700] "GET /index.php?lokasie=/proc/2214916/net//nf_conntrack_expect&loknya=/proc/2214916/net/ HTTP/2.0" 200 1701 "https://evucan.com/index.php?loknya=/proc/2214916/net/" "Mozilla/5.0 AppleWebKit/537.36 (KHTML, like Gecko; compatible; GPTBot/1.4; +https://openai.com/gptbot)" 279 **0/279972**
74.7.242.57 - - [21/Aug/2026:20:27:14 -0700] "GET /index.php?lokasie=/proc/2214564/net//mcfilter&loknya=/proc/2214564/net/ HTTP/2.0" 200 1695 "https://evucan.com/index.php?loknya=/proc/2214564/net/" "Mozilla/5.0 AppleWebKit/537.36 (KHTML, like Gecko; compatible; GPTBot/1.4; +https://openai.com/gptbot)" 291 **0/291906**
74.7.242.57 - - [21/Aug/2026:20:27:15 -0700] "GET /index.php?lokasie=/proc/2215635/net//rt_cache&loknya=/proc/2215635/net/ HTTP/2.0" 200 1693 "https://evucan.com/index.php?loknya=/proc/2215635/net/" "Mozilla/5.0 AppleWebKit/537.36 (KHTML, like Gecko; compatible; GPTBot/1.4; +https://openai.com/gptbot)" 283 **0/283359**
74.7.242.57 - - [21/Aug/2026:20:27:15 -0700] "GET /index.php?lokasie=/proc/2215635/net//sockstat&loknya=/proc/2215635/net/ HTTP/2.0" 200 1693 "https://evucan.com/index.php?loknya=/proc/2215635/net/" "Mozilla/5.0 AppleWebKit/537.36 (KHTML, like Gecko; compatible; GPTBot/1.4; +https://openai.com/gptbot)" 288 **0/288568**
74.7.242.57 - - [21/Aug/2026:20:27:16 -0700] "GET /index.php?lokasie=/proc/2214564/net//sockstat&loknya=/proc/2214564/net/ HTTP/2.0" 200 1693 "https://evucan.com/index.php?loknya=/proc/2214564/net/" "Mozilla/5.0 AppleWebKit/537.36 (KHTML, like Gecko; compatible; GPTBot/1.4; +https://openai.com/gptbot)" 348 **0/348477**
74.7.242.57 - - [21/Aug/2026:20:27:16 -0700] "GET /index.php?lokasie=/proc/2214916/net//mcfilter&loknya=/proc/2214916/net/ HTTP/2.0" 200 1695 "https://evucan.com/index.php?loknya=/proc/2214916/net/" "Mozilla/5.0 AppleWebKit/537.36 (KHTML, like Gecko; compatible; GPTBot/1.4; +https://openai.com/gptbot)" 286 **0/286641**
74.7.242.57 - - [21/Aug/2026:20:27:17 -0700] "GET /index.php?lokasie=/proc/2214564/net//rt_cache&loknya=/proc/2214564/net/ HTTP/2.0" 200 1693 "https://evucan.com/index.php?loknya=/proc/2214564/net/" "Mozilla/5.0 AppleWebKit/537.36 (KHTML, like Gecko; compatible; GPTBot/1.4; +https://openai.com/gptbot)" 293 **0/293369**
74.7.242.57 - - [21/Aug/2026:20:27:17 -0700] "GET /index.php?lokasie=/proc/2215635/net//mcfilter&loknya=/proc/2215635/net/ HTTP/2.0" 200 1695 "https://evucan.com/index.php?loknya=/proc/2215635/net/" "Mozilla/5.0 AppleWebKit/537.36 (KHTML, like Gecko; compatible; GPTBot/1.4; +https://openai.com/gptbot)" 279 **0/279666**
74.7.242.57 - - [21/Aug/2026:20:27:18 -0700] "GET /index.php?lokasie=/proc/2214916/net//rt_cache&loknya=/proc/2214916/net/ HTTP/2.0" 200 1693 "https://evucan.com/index.php?loknya=/proc/2214916/net/" "Mozilla/5.0 AppleWebKit/537.36 (KHTML, like Gecko; compatible; GPTBot/1.4; +https://openai.com/gptbot)" 273 **0/273595**
74.7.242.57 - - [21/Aug/2026:20:27:18 -0700] "GET /index.php?lokasie=/proc/2214916/net//sockstat&loknya=/proc/2214916/net/ HTTP/2.0" 200 1694 "https://evucan.com/index.php?loknya=/proc/2214916/net/" "Mozilla/5.0 AppleWebKit/537.36 (KHTML, like Gecko; compatible; GPTBot/1.4; +https://openai.com/gptbot)" 288 **0/288311**
74.7.242.57 - - [21/Aug/2026:20:27:19 -0700] "GET /index.php?lokasie=/proc/2215635/net//nf_conntrack&loknya=/proc/2215635/net/ HTTP/2.0" 200 1696 "https://evucan.com/index.php?loknya=/proc/2215635/net/" "Mozilla/5.0 AppleWebKit/537.36 (KHTML, like Gecko; compatible; GPTBot/1.4; +https://openai.com/gptbot)" 290 **0/290370**
74.7.242.57 - - [21/Aug/2026:20:27:20 -0700] "GET /index.php?lokasie=/proc/2214916/net//softnet_stat&loknya=/proc/2214916/net/ HTTP/2.0" 200 1696 "https://evucan.com/index.php?loknya=/proc/2214916/net/" "Mozilla/5.0 AppleWebKit/537.36 (KHTML, like Gecko; compatible; GPTBot/1.4; +https://openai.com/gptbot)" 285 **0/285558**
216.73.217.69 - - [21/Aug/2026:20:27:20 -0700] "GET /sitemap.xml?lokasie=%2Fhome%2Ff981716tud7w%2Fpublic_html%2Fevucan.com%2Fwww%2Fwp-includes%2Fhttps-detection.php&loknya=%2Fhome%2Ff981716tud7w%2Fpublic_html%2Fevucan.com%2Fwww%2Fwp-includes HTTP/2.0" 200 3652 "-" "Mozilla/5.0 AppleWebKit/537.36 (KHTML, like Gecko; compatible; ClaudeBot/1.0; +claudebot@anthropic.com)" 311 **0/311059**
216.73.217.69 - - [21/Aug/2026:20:27:20 -0700] "GET /sitemap.xml?loknya=%2Fhome%2Ff981716tud7w%2Fetc HTTP/2.0" 200 2498 "-" "Mozilla/5.0 AppleWebKit/537.36 (KHTML, like Gecko; compatible; ClaudeBot/1.0; +claudebot@anthropic.com)" 335 **0/335817**
74.7.242.57 - - [21/Aug/2026:20:27:20 -0700] "GET /index.php?lokasie=/proc/2214916/net//nf_conntrack&loknya=/proc/2214916/net/ HTTP/2.0" 200 1696 "https://evucan.com/index.php?loknya=/proc/2214916/net/" "Mozilla/5.0 AppleWebKit/537.36 (KHTML, like Gecko; compatible; GPTBot/1.4; +https://openai.com/gptbot)" 281 **0/281566**
216.73.217.69 - - [21/Aug/2026:20:27:20 -0700] "GET /sitemap.xml?lokasie=%2Fhome%2Ff981716tud7w%2Fpublic_html%2Fevucan.com%2Fwww%2Fwp-includes%2Fhttps-migration.php&loknya=%2Fhome%2Ff981716tud7w%2Fpublic_html%2Fevucan.com%2Fwww%2Fwp-includes HTTP/2.0" 200 3305 "-" "Mozilla/5.0 AppleWebKit/537.36 (KHTML, like Gecko; compatible; ClaudeBot/1.0; +claudebot@anthropic.com)" 289 **0/289516**
74.7.242.57 - - [21/Aug/2026:20:27:21 -0700] "GET /index.php?lokasie=/proc/2215635/net//softnet_stat&loknya=/proc/2215635/net/ HTTP/2.0" 200 1696 "https://evucan.com/index.php?loknya=/proc/2215635/net/" "Mozilla/5.0 AppleWebKit/537.36 (KHTML, like Gecko; compatible; GPTBot/1.4; +https://openai.com/gptbot)" 281 **0/281493**
216.73.217.69 - - [21/Aug/2026:20:27:21 -0700] "GET /sitemap.xml?loknya=%2Fhome%2Ff981716tud7w%2Fpublic_html%2F HTTP/2.0" 200 3343 "-" "Mozilla/5.0 AppleWebKit/537.36 (KHTML, like Gecko; compatible; ClaudeBot/1.0; +claudebot@anthropic.com)" 293 **0/293043**
216.73.217.69 - - [21/Aug/2026:20:27:21 -0700] "GET /sitemap.xml?loknya=%2Fhome%2Ff981716tud7w%2Fmail HTTP/2.0" 200 3439 "-" "Mozilla/5.0 AppleWebKit/537.36 (KHTML, like Gecko; compatible; ClaudeBot/1.0; +claudebot@anthropic.com)" 277 **0/277158**
74.7.242.57 - - [21/Aug/2026:20:27:21 -0700] "GET /index.php?lokasie=/proc/2214564/net//softnet_stat&loknya=/proc/2214564/net/ HTTP/2.0" 200 1696 "https://evucan.com/index.php?loknya=/proc/2214564/net/" "Mozilla/5.0 AppleWebKit/537.36 (KHTML, like Gecko; compatible; GPTBot/1.4; +https://openai.com/gptbot)" 301 **0/301236**
74.7.242.57 - - [21/Aug/2026:20:27:22 -0700] "GET /index.php?lokasie=/proc/2214564/net//nf_conntrack&loknya=/proc/2214564/net/ HTTP/2.0" 200 1696 "https://evucan.com/index.php?loknya=/proc/2214564/net/" "Mozilla/5.0 AppleWebKit/537.36 (KHTML, like Gecko; compatible; GPTBot/1.4; +https://openai.com/gptbot)" 294 **0/294044**
216.73.217.69 - - [21/Aug/2026:20:27:22 -0700] "GET /sitemap.xml?loknya=%2Fhome%2Ff981716tud7w%2Fpublic_html%2Fevucan.com%2Fwww%2Fwp-admin%2Fjs HTTP/2.0" 200 5661 "-" "Mozilla/5.0 AppleWebKit/537.36 (KHTML, like Gecko; compatible; ClaudeBot/1.0; +claudebot@anthropic.com)" 313 **0/313542**
216.73.217.69 - - [21/Aug/2026:20:27:22 -0700] "GET /sitemap.xml?loknya=%2Fhome%2Ff981716tud7w%2F.cphorde HTTP/2.0" 200 2315 "-" "Mozilla/5.0 AppleWebKit/537.36 (KHTML, like Gecko; compatible; ClaudeBot/1.0; +claudebot@anthropic.com)" 309 **0/309174**
74.7.242.57 - - [21/Aug/2026:20:27:22 -0700] "GET /index.php?lokasie=/proc/2215635/net//ip_mr_cache&loknya=/proc/2215635/net/ HTTP/2.0" 200 1693 "https://evucan.com/index.php?loknya=/proc/2215635/net/" "Mozilla/5.0 AppleWebKit/537.36 (KHTML, like Gecko; compatible; GPTBot/1.4; +https://openai.com/gptbot)" 323 **0/323653**
216.73.217.69 - - [21/Aug/2026:20:27:22 -0700] "GET /sitemap.xml?loknya=%2Fhome%2Ff981716tud7w%2Flogs HTTP/2.0" 200 3486 "-" "Mozilla/5.0 AppleWebKit/537.36 (KHTML, like Gecko; compatible; ClaudeBot/1.0; +claudebot@anthropic.com)" 295 **0/295942**
74.7.242.57 - - [21/Aug/2026:20:27:23 -0700] "GET /index.php?lokasie=/proc/2214564/net//ip_mr_cache&loknya=/proc/2214564/net/ HTTP/2.0" 200 1693 "https://evucan.com/index.php?loknya=/proc/2214564/net/" "Mozilla/5.0 AppleWebKit/537.36 (KHTML, like Gecko; compatible; GPTBot/1.4; +https://openai.com/gptbot)" 278 **0/278812**
74.7.242.57 - - [21/Aug/2026:20:27:23 -0700] "GET /index.php?lokasie=/proc/2214916/net//ip_mr_cache&loknya=/proc/2214916/net/ HTTP/2.0" 200 1695 "https://evucan.com/index.php?loknya=/proc/2214916/net/" "Mozilla/5.0 AppleWebKit/537.36 (KHTML, like Gecko; compatible; GPTBot/1.4; +https://openai.com/gptbot)" 299 **0/299320**
216.73.217.69 - - [21/Aug/2026:20:27:23 -0700] "GET /sitemap.xml?loknya=%2Fhome%2Ff981716tud7w%2Fpublic_html%2Fbkps HTTP/2.0" 200 2311 "-" "Mozilla/5.0 AppleWebKit/537.36 (KHTML, like Gecko; compatible; ClaudeBot/1.0; +claudebot@anthropic.com)" 289 **0/289764**
216.73.217.69 - - [21/Aug/2026:20:27:23 -0700] "GET /sitemap.xml?loknya=%2Fhome%2Ff981716tud7w%2Fpublic_html%2Fevucan.com%2Fwww%2Fwp-content%2Fcache HTTP/2.0" 200 2238 "-" "Mozilla/5.0 AppleWebKit/537.36 (KHTML, like Gecko; compatible; ClaudeBot/1.0; +claudebot@anthropic.com)" 297 **0/297041**
216.73.217.69 - - [21/Aug/2026:20:27:23 -0700] "GET /sitemap.xml?loknya=%2Fhome%2Ff981716tud7w%2Fpublic_html%2Fevucan.com%2Fwww%2Fwp-includes%2Fstyle-engine HTTP/2.0" 200 2341 "-" "Mozilla/5.0 AppleWebKit/537.36 (KHTML, like Gecko; compatible; ClaudeBot/1.0; +claudebot@anthropic.com)" 372 **0/372682**
74.7.242.57 - - [21/Aug/2026:20:27:24 -0700] "GET /index.php?lokasie=/proc/2214916/net//udplite6&loknya=/proc/2214916/net/ HTTP/2.0" 200 1694 "https://evucan.com/index.php?loknya=/proc/2214916/net/" "Mozilla/5.0 AppleWebKit/537.36 (KHTML, like Gecko; compatible; GPTBot/1.4; +https://openai.com/gptbot)" 298 **0/298120**
216.73.217.69 - - [21/Aug/2026:20:27:24 -0700] "GET /sitemap.xml?loknya=%2Fhome%2Ff981716tud7w%2Fpublic_html%2Fevucan.com%2Fwww%2Fwp-admin%2Fuser HTTP/2.0" 200 2575 "-" "Mozilla/5.0 AppleWebKit/537.36 (KHTML, like Gecko; compatible; ClaudeBot/1.0; +claudebot@anthropic.com)" 293 **0/293090**
216.73.217.69 - - [21/Aug/2026:20:27:24 -0700] "GET /sitemap.xml?loknya=%2Fhome%2Ff981716tud7w%2F.cl.selector HTTP/2.0" 200 2232 "-" "Mozilla/5.0 AppleWebKit/537.36 (KHTML, like Gecko; compatible; ClaudeBot/1.0; +claudebot@anthropic.com)" 285 **0/285199**
74.7.242.57 - - [21/Aug/2026:20:27:24 -0700] "GET /index.php?lokasie=/proc/2214564/net//sockstat6&loknya=/proc/2214564/net/ HTTP/2.0" 200 1694 "https://evucan.com/index.php?loknya=/proc/2214564/net/" "Mozilla/5.0 AppleWebKit/537.36 (KHTML, like Gecko; compatible; GPTBot/1.4; +https://openai.com/gptbot)" 327 **0/327869**
216.73.217.69 - - [21/Aug/2026:20:27:25 -0700] "GET /index.php?loknya=%2Fhome%2Ff981716tud7w%2Fpublic_html%2Fevucan.com%2Fwww HTTP/2.0" 200 3514 "-" "Mozilla/5.0 AppleWebKit/537.36 (KHTML, like Gecko; compatible; ClaudeBot/1.0; +claudebot@anthropic.com)" 280 **0/280058**
216.73.217.69 - - [21/Aug/2026:20:27:25 -0700] "GET /sitemap.xml?loknya=%2Fhome%2Ff981716tud7w%2F HTTP/2.0" 200 4640 "-" "Mozilla/5.0 AppleWebKit/537.36 (KHTML, like Gecko; compatible; ClaudeBot/1.0; +claudebot@anthropic.com)" 319 **0/319504**
74.7.242.57 - - [21/Aug/2026:20:27:25 -0700] "GET /index.php?lokasie=/proc/2214564/net//if_inet6&loknya=/proc/2214564/net/ HTTP/2.0" 200 1694 "https://evucan.com/index.php?loknya=/proc/2214564/net/" "Mozilla/5.0 AppleWebKit/537.36 (KHTML, like Gecko; compatible; GPTBot/1.4; +https://openai.com/gptbot)" 321 **0/321742**
216.73.217.69 - - [21/Aug/2026:20:27:25 -0700] "GET /sitemap.xml?loknya=%2Fhome%2Ff981716tud7w%2Fpublic_html%2Fevucan.com%2Fwww%2Fwp-includes%2Fcustomize HTTP/2.0" 200 3633 "-" "Mozilla/5.0 AppleWebKit/537.36 (KHTML, like Gecko; compatible; ClaudeBot/1.0; +claudebot@anthropic.com)" 283 **0/283384**
216.73.217.69 - - [21/Aug/2026:20:27:25 -0700] "GET /sitemap.xml?loknya=%2Fhome%2Ff981716tud7w%2Fpublic_html%2Fevucan.com%2Fwww%2Fwp-includes%2Fwidgets HTTP/2.0" 200 3002 "-" "Mozilla/5.0 AppleWebKit/537.36 (KHTML, like Gecko; compatible; ClaudeBot/1.0; +claudebot@anthropic.com)" 296 **0/296257**
74.7.242.57 - - [21/Aug/2026:20:27:25 -0700] "GET /index.php?lokasie=/proc/2214564/net//rt6_stats&loknya=/proc/2214564/net/ HTTP/2.0" 200 1694 "https://evucan.com/index.php?loknya=/proc/2214564/net/" "Mozilla/5.0 AppleWebKit/537.36 (KHTML, like Gecko; compatible; GPTBot/1.4; +https://openai.com/gptbot)" 277 **0/277227**
216.73.217.69 - - [21/Aug/2026:20:27:25 -0700] "GET /sitemap.xml?loknya=%2Fhome%2Ff981716tud7w%2Fpublic_html%2Fevucan.com%2Fwww%2Fwp-includes%2Ftheme-compat HTTP/2.0" 200 2492 "-" "Mozilla/5.0 AppleWebKit/537.36 (KHTML, like Gecko; compatible; ClaudeBot/1.0; +claudebot@anthropic.com)" 283 **0/283395**
216.73.217.69 - - [21/Aug/2026:20:27:26 -0700] "GET /sitemap.xml?loknya=%2Fhome%2Ff981716tud7w%2Fpublic_html%2Fevucan.com%2Fwww%2Fwp-content%2Fplugins HTTP/2.0" 200 3352 "-" "Mozilla/5.0 AppleWebKit/537.36 (KHTML, like Gecko; compatible; ClaudeBot/1.0; +claudebot@anthropic.com)" 275 **0/275962**
74.7.242.57 - - [21/Aug/2026:20:27:26 -0700] "GET /index.php?lokasie=/proc/2214564/net//udplite6&loknya=/proc/2214564/net/ HTTP/2.0" 200 1693 "https://evucan.com/index.php?loknya=/proc/2214564/net/" "Mozilla/5.0 AppleWebKit/537.36 (KHTML, like Gecko; compatible; GPTBot/1.4; +https://openai.com/gptbot)" 282 **0/282492**
216.73.217.69 - - [21/Aug/2026:20:27:26 -0700] "GET /sitemap.xml?loknya=%2Fhome%2Ff981716tud7w%2F.composer HTTP/2.0" 200 2344 "-" "Mozilla/5.0 AppleWebKit/537.36 (KHTML, like Gecko; compatible; ClaudeBot/1.0; +claudebot@anthropic.com)" 272 **0/272634**
74.7.242.57 - - [21/Aug/2026:20:27:26 -0700] "GET /index.php?lokasie=/proc/2215635/net//mcfilter6&loknya=/proc/2215635/net/ HTTP/2.0" 429 267 "https://evucan.com/index.php?loknya=/proc/2215635/net/" "Mozilla/5.0 AppleWebKit/537.36 (KHTML, like Gecko; compatible; GPTBot/1.4; +https://openai.com/gptbot)" 10 **0/10647**
216.73.217.69 - - [21/Aug/2026:20:27:26 -0700] "GET /index.php?loknya=%2Fhome%2Ff981716tud7w%2Fpublic_html%2Fevucan.com%2Fwww%2Fwp-content HTTP/2.0" 200 2797 "-" "Mozilla/5.0 AppleWebKit/537.36 (KHTML, like Gecko; compatible; ClaudeBot/1.0; +claudebot@anthropic.com)" 310 **0/310416**
216.73.217.69 - - [21/Aug/2026:20:27:26 -0700] "GET /sitemap.xml?loknya=%2Fhome%2Ff981716tud7w%2Fpublic_html%2Fevucan.com%2Fwww%2Fwp-includes%2FRequests HTTP/2.0" 200 2164 "-" "Mozilla/5.0 AppleWebKit/537.36 (KHTML, like Gecko; compatible; ClaudeBot/1.0; +claudebot@anthropic.com)" 286 **0/286950**
216.73.217.69 - - [21/Aug/2026:20:27:26 -0700] "GET /sitemap.xml?loknya=%2Fhome%2Ff981716tud7w%2Fpublic_html%2Fevucan.com%2Fwww%2Fwp-admin%2Fincludes HTTP/2.0" 200 6147 "-" "Mozilla/5.0 AppleWebKit/537.36 (KHTML, like Gecko; compatible; ClaudeBot/1.0; +claudebot@anthropic.com)" 271 **0/271979**
216.73.217.69 - - [21/Aug/2026:20:27:27 -0700] "GET /sitemap.xml?loknya=%2Fhome%2Ff981716tud7w%2F.analytic HTTP/2.0" 200 2096 "-" "Mozilla/5.0 AppleWebKit/537.36 (KHTML, like Gecko; compatible; ClaudeBot/1.0; +claudebot@anthropic.com)" 266 **0/266734**
74.7.242.57 - - [21/Aug/2026:20:27:27 -0700] "GET /index.php?lokasie=/proc/2215635/net//if_inet6&loknya=/proc/2215635/net/ HTTP/2.0" 429 267 "https://evucan.com/index.php?loknya=/proc/2215635/net/" "Mozilla/5.0 AppleWebKit/537.36 (KHTML, like Gecko; compatible; GPTBot/1.4; +https://openai.com/gptbot)" 11 **0/11306**
216.73.217.69 - - [21/Aug/2026:20:27:27 -0700] "GET /sitemap.xml?loknya=%2Fhome%2Ff981716tud7w%2Fpublic_html%2Fevucan.com%2Fwww%2Fwp-includes%2FSimplePie HTTP/2.0" 200 3341 "-" "Mozilla/5.0 AppleWebKit/537.36 (KHTML, like Gecko; compatible; ClaudeBot/1.0; +claudebot@anthropic.com)" 278 **0/278776**
216.73.217.69 - - [21/Aug/2026:20:27:27 -0700] "GET /sitemap.xml?loknya=%2Fhome%2Ff981716tud7w%2Fpublic_html%2Fevucan.com%2Fwww%2Fwp-admin%2Fnetwork HTTP/2.0" 200 3312 "-" "Mozilla/5.0 AppleWebKit/537.36 (KHTML, like Gecko; compatible; ClaudeBot/1.0; +claudebot@anthropic.com)" 287 **0/287655**
216.73.217.69 - - [21/Aug/2026:20:27:27 -0700] "GET /sitemap.xml?loknya=%2Fhome%2Ff981716tud7w%2Fpublic_html%2Fdev-bkp HTTP/2.0" 200 2198 "-" "Mozilla/5.0 AppleWebKit/537.36 (KHTML, like Gecko; compatible; ClaudeBot/1.0; +claudebot@anthropic.com)" 280 **0/280173**
216.73.217.69 - - [21/Aug/2026:20:27:27 -0700] "GET /sitemap.xml?loknya=%2Fhome%2Ff981716tud7w%2Fssl HTTP/2.0" 200 2330 "-" "Mozilla/5.0 AppleWebKit/537.36 (KHTML, like Gecko; compatible; ClaudeBot/1.0; +claudebot@anthropic.com)" 310 **0/310200**
74.7.242.57 - - [21/Aug/2026:20:27:28 -0700] "GET /index.php?lokasie=/proc/2214916/net//rt6_stats&loknya=/proc/2214916/net/ HTTP/2.0" 429 267 "https://evucan.com/index.php?loknya=/proc/2214916/net/" "Mozilla/5.0 AppleWebKit/537.36 (KHTML, like Gecko; compatible; GPTBot/1.4; +https://openai.com/gptbot)" 11 **0/11022**
216.73.217.69 - - [21/Aug/2026:20:27:27 -0700] "GET /sitemap.xml?loknya=%2Fhome%2Ff981716tud7w%2Fbin HTTP/2.0" 200 1929 "-" "Mozilla/5.0 AppleWebKit/537.36 (KHTML, like Gecko; compatible; ClaudeBot/1.0; +claudebot@anthropic.com)" 315 **0/315280**
216.73.217.69 - - [21/Aug/2026:20:27:28 -0700] "GET /sitemap.xml?loknya=%2Fhome%2Ff981716tud7w%2Fpublic_html%2Fevucan.com%2Fwww%2Fwp-includes%2Frest-api HTTP/2.0" 200 2468 "-" "Mozilla/5.0 AppleWebKit/537.36 (KHTML, like Gecko; compatible; ClaudeBot/1.0; +claudebot@anthropic.com)" 303 **0/303394**
216.73.217.69 - - [21/Aug/2026:20:27:28 -0700] "GET /sitemap.xml?loknya=%2Fhome%2Ff981716tud7w%2Fpublic_html%2Fevucan.com%2Fwww%2Fwp-includes%2FText HTTP/2.0" 200 2254 "-" "Mozilla/5.0 AppleWebKit/537.36 (KHTML, like Gecko; compatible; ClaudeBot/1.0; +claudebot@anthropic.com)" 294 **0/294704**
216.73.217.69 - - [21/Aug/2026:20:27:28 -0700] "GET /sitemap.xml?loknya=%2Fhome%2Ff981716tud7w%2F.copilot HTTP/2.0" 200 2210 "-" "Mozilla/5.0 AppleWebKit/537.36 (KHTML, like Gecko; compatible; ClaudeBot/1.0; +claudebot@anthropic.com)" 283 **0/283898**
216.73.217.69 - - [21/Aug/2026:20:27:28 -0700] "GET /sitemap.xml?loknya=%2Fhome%2Ff981716tud7w%2Fpublic_html%2Fevucan.com%2Fwww%2Fwp-includes%2Fcss HTTP/2.0" 200 3545 "-" "Mozilla/5.0 AppleWebKit/537.36 (KHTML, like Gecko; compatible; ClaudeBot/1.0; +claudebot@anthropic.com)" 290 **0/290472**
216.73.217.69 - - [21/Aug/2026:20:27:28 -0700] "GET /sitemap.xml?loknya=%2Fhome%2Ff981716tud7w%2Fpublic_html%2Fevucan.com%2Fwww%2Fwp-includes%2Fblock-patterns HTTP/2.0" 200 2468 "-" "Mozilla/5.0 AppleWebKit/537.36 (KHTML, like Gecko; compatible; ClaudeBot/1.0; +claudebot@anthropic.com)" 282 **0/282751**
216.73.217.69 - - [21/Aug/2026:20:27:28 -0700] "GET /sitemap.xml?loknya=%2Fhome%2Ff981716tud7w%2Fpublic_html%2Fevucan.com%2Fwww%2Fwp-admin%2Fcss HTTP/2.0" 200 5222 "-" "Mozilla/5.0 AppleWebKit/537.36 (KHTML, like Gecko; compatible; ClaudeBot/1.0; +claudebot@anthropic.com)" 293 **0/293176**
216.73.217.69 - - [21/Aug/2026:20:27:28 -0700] "GET /index.php?loknya=%2Fhome%2Ff981716tud7w%2Fpublic_html%2Fevucan.com%2Fwww%2Fwp-includes HTTP/2.0" 200 11725 "-" "Mozilla/5.0 AppleWebKit/537.36 (KHTML, like Gecko; compatible; ClaudeBot/1.0; +claudebot@anthropic.com)" 303 **0/303337**
74.7.242.57 - - [21/Aug/2026:20:27:29 -0700] "GET /index.php?lokasie=/proc/2214916/net//sockstat6&loknya=/proc/2214916/net/ HTTP/2.0" 429 267 "https://evucan.com/index.php?loknya=/proc/2214916/net/" "Mozilla/5.0 AppleWebKit/537.36 (KHTML, like Gecko; compatible; GPTBot/1.4; +https://openai.com/gptbot)" 11 **0/11207**
216.73.217.69 - - [21/Aug/2026:20:27:29 -0700] "GET /sitemap.xml?loknya=%2Fhome%2Ff981716tud7w%2Fpublic_html%2Fevucan.com%2Fwww%2Fwp-includes%2Fphp-compat HTTP/2.0" 200 2165 "-" "Mozilla/5.0 AppleWebKit/537.36 (KHTML, like Gecko; compatible; ClaudeBot/1.0; +claudebot@anthropic.com)" 304 **0/304795**
216.73.217.69 - - [21/Aug/2026:20:27:29 -0700] "GET /index.php?loknya=%2Fhome%2Ff981716tud7w%2Fpublic_html%2Fevucan.com%2Fwww%2Fwp-admin HTTP/2.0" 200 5770 "-" "Mozilla/5.0 AppleWebKit/537.36 (KHTML, like Gecko; compatible; ClaudeBot/1.0; +claudebot@anthropic.com)" 345 **0/345954**
216.73.217.69 - - [21/Aug/2026:20:27:29 -0700] "GET /sitemap.xml?loknya=%2Fhome%2Ff981716tud7w%2Fpublic_html%2Fdev.dragonloretours.com HTTP/2.0" 200 3655 "-" "Mozilla/5.0 AppleWebKit/537.36 (KHTML, like Gecko; compatible; ClaudeBot/1.0; +claudebot@anthropic.com)" 312 **0/312597**
216.73.217.69 - - [21/Aug/2026:20:27:29 -0700] "GET /index.php?loknya=%2Fhome%2Ff981716tud7w%2Fpublic_html%2Fevucan.com%2Fwww%2Ftmp HTTP/2.0" 200 2237 "-" "Mozilla/5.0 AppleWebKit/537.36 (KHTML, like Gecko; compatible; ClaudeBot/1.0; +claudebot@anthropic.com)" 346 **0/346802**
216.73.217.69 - - [21/Aug/2026:20:27:29 -0700] "GET /index.php?loknya=%2Fhome%2Ff981716tud7w%2Fpublic_html%2Fevucan.com%2Fwww%2Fcgi-bin HTTP/2.0" 200 2162 "-" "Mozilla/5.0 AppleWebKit/537.36 (KHTML, like Gecko; compatible; ClaudeBot/1.0; +claudebot@anthropic.com)" 299 **0/299930**
216.73.217.69 - - [21/Aug/2026:20:27:29 -0700] "GET /index.php?loknya=%2Fhome%2Ff981716tud7w%2Fpublic_html%2Fevucan.com%2Fwww%2Fcache HTTP/2.0" 200 1968 "-" "Mozilla/5.0 AppleWebKit/537.36 (KHTML, like Gecko; compatible; ClaudeBot/1.0; +claudebot@anthropic.com)" 298 **0/298498**
216.73.217.69 - - [21/Aug/2026:20:27:29 -0700] "GET /sitemap.xml?loknya=%2Fhome%2Ff981716tud7w%2Fpublic_html%2Fcgi-bin HTTP/2.0" 200 2132 "-" "Mozilla/5.0 AppleWebKit/537.36 (KHTML, like Gecko; compatible; ClaudeBot/1.0; +claudebot@anthropic.com)" 313 **0/313843**
216.73.217.69 - - [21/Aug/2026:20:27:29 -0700] "GET /sitemap.xml?loknya=%2Fhome%2Ff981716tud7w%2Fpublic_html%2Fevucan.com%2Fwww%2Fwp-includes%2Fhtml-api HTTP/2.0" 200 2717 "-" "Mozilla/5.0 AppleWebKit/537.36 (KHTML, like Gecko; compatible; ClaudeBot/1.0; +claudebot@anthropic.com)" 296 **0/296411**
216.73.217.69 - - [21/Aug/2026:20:27:30 -0700] "GET /sitemap.xml?loknya=%2Fhome%2Ff981716tud7w%2Fpublic_html%2Fwordpress HTTP/2.0" 200 3121 "-" "Mozilla/5.0 AppleWebKit/537.36 (KHTML, like Gecko; compatible; ClaudeBot/1.0; +claudebot@anthropic.com)" 342 **0/342046**
216.73.217.69 - - [21/Aug/2026:20:27:30 -0700] "GET /index.php?loknya=%2Fhome%2Ff981716tud7w%2Fpublic_html%2Fevucan.com%2F HTTP/2.0" 200 2139 "-" "Mozilla/5.0 AppleWebKit/537.36 (KHTML, like Gecko; compatible; ClaudeBot/1.0; +claudebot@anthropic.com)" 312 **0/312264**
216.73.217.69 - - [21/Aug/2026:20:27:30 -0700] "GET /sitemap.xml?loknya=%2Fhome%2Ff981716tud7w%2Fpublic_html%2Fevucan.com%2Fwww%2Fwp-includes%2Finteractivity-api HTTP/2.0" 200 2277 "-" "Mozilla/5.0 AppleWebKit/537.36 (KHTML, like Gecko; compatible; ClaudeBot/1.0; +claudebot@anthropic.com)" 371 **0/371480**
216.73.217.69 - - [21/Aug/2026:20:27:30 -0700] "GET /sitemap.xml?loknya=%2Fhome%2Ff981716tud7w%2F.vscode-server HTTP/2.0" 200 2635 "-" "Mozilla/5.0 AppleWebKit/537.36 (KHTML, like Gecko; compatible; ClaudeBot/1.0; +claudebot@anthropic.com)" 376 **0/376359**
216.73.217.69 - - [21/Aug/2026:20:27:30 -0700] "GET /sitemap.xml?loknya=%2Fhome%2Ff981716tud7w%2Fapplication_backups HTTP/2.0" 200 2230 "-" "Mozilla/5.0 AppleWebKit/537.36 (KHTML, like Gecko; compatible; ClaudeBot/1.0; +claudebot@anthropic.com)" 416 **0/416022**
216.73.217.69 - - [21/Aug/2026:20:27:30 -0700] "GET /sitemap.xml?loknya=%2Fhome%2Ff981716tud7w%2Ftmp HTTP/2.0" 200 2835 "-" "Mozilla/5.0 AppleWebKit/537.36 (KHTML, like Gecko; compatible; ClaudeBot/1.0; +claudebot@anthropic.com)" 420 **0/420182**
74.7.242.57 - - [21/Aug/2026:20:27:31 -0700] "GET /index.php?lokasie=/proc/2214916/net//anycast6&loknya=/proc/2214916/net/ HTTP/2.0" 429 267 "https://evucan.com/index.php?loknya=/proc/2214916/net/" "Mozilla/5.0 AppleWebKit/537.36 (KHTML, like Gecko; compatible; GPTBot/1.4; +https://openai.com/gptbot)" 10 **0/10752**
216.73.217.69 - - [21/Aug/2026:20:27:30 -0700] "GET /index.php?loknya=%2Fhome%2Ff981716tud7w%2Fpublic_html%2Fevucan.com HTTP/2.0" 200 2135 "-" "Mozilla/5.0 AppleWebKit/537.36 (KHTML, like Gecko; compatible; ClaudeBot/1.0; +claudebot@anthropic.com)" 520 **0/520811**
216.73.217.69 - - [21/Aug/2026:20:27:30 -0700] "GET /index.php?loknya=%2Fhome%2Ff981716tud7w%2Fpublic_html HTTP/2.0" 200 3335 "-" "Mozilla/5.0 AppleWebKit/537.36 (KHTML, like Gecko; compatible; ClaudeBot/1.0; +claudebot@anthropic.com)" 459 **0/459794**
216.73.217.69 - - [21/Aug/2026:20:27:30 -0700] "GET /sitemap.xml?loknya=%2Fhome%2Ff981716tud7w%2F.cache HTTP/2.0" 200 2071 "-" "Mozilla/5.0 AppleWebKit/537.36 (KHTML, like Gecko; compatible; ClaudeBot/1.0; +claudebot@anthropic.com)" 556 **0/556538**
216.73.217.69 - - [21/Aug/2026:20:27:30 -0700] "GET /sitemap.xml?loknya=%2Fhome%2Ff981716tud7w%2F.ssh HTTP/2.0" 200 2215 "-" "Mozilla/5.0 AppleWebKit/537.36 (KHTML, like Gecko; compatible; ClaudeBot/1.0; +claudebot@anthropic.com)" 543 **0/543668**
216.73.217.69 - - [21/Aug/2026:20:27:31 -0700] "GET /sitemap.xml?loknya=%2Fhome%2Ff981716tud7w%2Fcache HTTP/2.0" 200 1932 "-" "Mozilla/5.0 AppleWebKit/537.36 (KHTML, like Gecko; compatible; ClaudeBot/1.0; +claudebot@anthropic.com)" 540 **0/540074**
216.73.217.69 - - [21/Aug/2026:20:27:31 -0700] "GET /sitemap.xml?loknya=%2Fhome%2Ff981716tud7w%2Fphp HTTP/2.0" 200 2451 "-" "Mozilla/5.0 AppleWebKit/537.36 (KHTML, like Gecko; compatible; ClaudeBot/1.0; +claudebot@anthropic.com)" 643 **0/643555**
216.73.217.69 - - [21/Aug/2026:20:27:31 -0700] "GET /sitemap.xml?loknya=%2Fhome%2Ff981716tud7w%2F.appdata HTTP/2.0" 200 2310 "-" "Mozilla/5.0 AppleWebKit/537.36 (KHTML, like Gecko; compatible; ClaudeBot/1.0; +claudebot@anthropic.com)" 745 **0/745049**
216.73.217.69 - - [21/Aug/2026:20:27:31 -0700] "GET /index.php?loknya=%2Fhome%2Ff981716tud7w HTTP/2.0" 200 4632 "-" "Mozilla/5.0 AppleWebKit/537.36 (KHTML, like Gecko; compatible; ClaudeBot/1.0; +claudebot@anthropic.com)" 747 **0/747497**
216.73.217.69 - - [21/Aug/2026:20:27:31 -0700] "GET /sitemap.xml?loknya=%2Fhome%2F HTTP/2.0" 200 2047 "-" "Mozilla/5.0 AppleWebKit/537.36 (KHTML, like Gecko; compatible; ClaudeBot/1.0; +claudebot@anthropic.com)" 850 **0/850754**
216.73.217.69 - - [21/Aug/2026:20:27:31 -0700] "GET /sitemap.xml?loknya=%2Flib HTTP/2.0" 200 3660 "-" "Mozilla/5.0 AppleWebKit/537.36 (KHTML, like Gecko; compatible; ClaudeBot/1.0; +claudebot@anthropic.com)" 677 **0/677590**
216.73.217.69 - - [21/Aug/2026:20:27:31 -0700] "GET /sitemap.xml?loknya=%2Flib64 HTTP/2.0" 200 45053 "-" "Mozilla/5.0 AppleWebKit/537.36 (KHTML, like Gecko; compatible; ClaudeBot/1.0; +claudebot@anthropic.com)" 1060 **1/1060360**
216.73.217.69 - - [21/Aug/2026:20:27:31 -0700] "GET /sitemap.xml?loknya=%2Fetc HTTP/2.0" 200 5064 "-" "Mozilla/5.0 AppleWebKit/537.36 (KHTML, like Gecko; compatible; ClaudeBot/1.0; +claudebot@anthropic.com)" 1037 **1/1037616**
114.119.159.33 - - [21/Aug/2026:20:27:31 -0700] "GET /?blackhole=40a2bf3437 HTTP/1.1" 200 3515 "https://www.evucan.com/news/vhod-vavada-super-sloty-igrovye-avtomaty-sloty" "Mozilla/5.0 (Linux; Android 7.0;) AppleWebKit/537.36 (HTML, like Gecko) Mobile Safari/537.36 (compatible; PetalBot;+https://webmaster.petalsearch.com/site/petalbot)" 1059 **1/1059158**
216.73.217.69 - - [21/Aug/2026:20:27:31 -0700] "GET /sitemap.xml?loknya=%2Fvar HTTP/2.0" 200 2506 "-" "Mozilla/5.0 AppleWebKit/537.36 (KHTML, like Gecko; compatible; ClaudeBot/1.0; +claudebot@anthropic.com)" 1138 **1/1138278**
216.73.217.69 - - [21/Aug/2026:20:27:31 -0700] "GET /sitemap.xml?loknya=%2Fsbin HTTP/2.0" 200 4095 "-" "Mozilla/5.0 AppleWebKit/537.36 (KHTML, like Gecko; compatible; ClaudeBot/1.0; +claudebot@anthropic.com)" 1229 **1/1229534**
216.73.217.69 - - [21/Aug/2026:20:27:32 -0700] "GET /sitemap.xml?loknya=%2Frun HTTP/2.0" 200 2561 "-" "Mozilla/5.0 AppleWebKit/537.36 (KHTML, like Gecko; compatible; ClaudeBot/1.0; +claudebot@anthropic.com)" 1155 **1/1155156**
216.73.217.69 - - [21/Aug/2026:20:27:32 -0700] "GET /sitemap.xml?loknya=%2Fbin HTTP/2.0" 200 18808 "-" "Mozilla/5.0 AppleWebKit/537.36 (KHTML, like Gecko; compatible; ClaudeBot/1.0; +claudebot@anthropic.com)" 1178 **1/1178661**
216.73.217.69 - - [21/Aug/2026:20:27:32 -0700] "GET /sitemap.xml?loknya=%2Fopt HTTP/2.0" 200 2368 "-" "Mozilla/5.0 AppleWebKit/537.36 (KHTML, like Gecko; compatible; ClaudeBot/1.0; +claudebot@anthropic.com)" 1108 **1/1108950**
216.73.217.69 - - [21/Aug/2026:20:27:32 -0700] "GET /index.php?loknya=%2Fhome HTTP/2.0" 200 2044 "-" "Mozilla/5.0 AppleWebKit/537.36 (KHTML, like Gecko; compatible; ClaudeBot/1.0; +claudebot@anthropic.com)" 1038 **1/1038971**
216.73.217.69 - - [21/Aug/2026:20:27:32 -0700] "GET /sitemap.xml?loknya=%2Fproc HTTP/2.0" 200 4620 "-" "Mozilla/5.0 AppleWebKit/537.36 (KHTML, like Gecko; compatible; ClaudeBot/1.0; +claudebot@anthropic.com)" 890 **0/890055**
216.73.217.69 - - [21/Aug/2026:20:27:32 -0700] "GET /sitemap.xml?loknya=%2Fusr HTTP/2.0" 200 2358 "-" "Mozilla/5.0 AppleWebKit/537.36 (KHTML, like Gecko; compatible; ClaudeBot/1.0; +claudebot@anthropic.com)" 821 **0/821808**
74.7.242.57 - - [21/Aug/2026:20:27:33 -0700] "GET /index.php?lokasie=/proc/2215635/net//anycast6&loknya=/proc/2215635/net/ HTTP/2.0" 429 267 "https://evucan.com/index.php?loknya=/proc/2215635/net/" "Mozilla/5.0 AppleWebKit/537.36 (KHTML, like Gecko; compatible; GPTBot/1.4; +https://openai.com/gptbot)" 11 **0/11525**
216.73.217.69 - - [21/Aug/2026:20:27:33 -0700] "GET /sitemap.xml?loknya=%2Froot HTTP/2.0" 200 1894 "-" "Mozilla/5.0 AppleWebKit/537.36 (KHTML, like Gecko; compatible; ClaudeBot/1.0; +claudebot@anthropic.com)" 360 **0/360401**
216.73.217.69 - - [21/Aug/2026:20:27:33 -0700] "GET /sitemap.xml?loknya=%2Fdev HTTP/2.0" 200 2274 "-" "Mozilla/5.0 AppleWebKit/537.36 (KHTML, like Gecko; compatible; ClaudeBot/1.0; +claudebot@anthropic.com)" 366 **0/366797**
216.73.217.69 - - [21/Aug/2026:20:27:33 -0700] "GET /sitemap.xml?loknya=%2Ftmp HTTP/2.0" 200 2589 "-" "Mozilla/5.0 AppleWebKit/537.36 (KHTML, like Gecko; compatible; ClaudeBot/1.0; +claudebot@anthropic.com)" 370 **0/370454**
216.73.217.69 - - [21/Aug/2026:20:27:33 -0700] "GET /index.php?loknya=%2F HTTP/2.0" 200 2517 "-" "Mozilla/5.0 AppleWebKit/537.36 (KHTML, like Gecko; compatible; ClaudeBot/1.0; +claudebot@anthropic.com)" 383 **0/383073**
216.73.217.69 - - [21/Aug/2026:20:27:33 -0700] "GET /sitemap.xml?lokasie=%2Fhome%2Ff981716tud7w%2Fpublic_html%2Fevucan.com%2Fwww%2Fwp-includes%2Fwp-diff.php&loknya=%2Fhome%2Ff981716tud7w%2Fpublic_html%2Fevucan.com%2Fwww%2Fwp-includes HTTP/2.0" 200 1997 "-" "Mozilla/5.0 AppleWebKit/537.36 (KHTML, like Gecko; compatible; ClaudeBot/1.0; +claudebot@anthropic.com)" 463 **0/463810**
216.73.217.69 - - [21/Aug/2026:20:27:33 -0700] "GET /sitemap.xml?lokasie=%2Fhome%2Ff981716tud7w%2Fpublic_html%2Fevucan.com%2Fwww%2Fwp-admin%2Fload-scripts.php&loknya=%2Fhome%2Ff981716tud7w%2Fpublic_html%2Fevucan.com%2Fwww%2Fwp-admin HTTP/2.0" 200 2780 "-" "Mozilla/5.0 AppleWebKit/537.36 (KHTML, like Gecko; compatible; ClaudeBot/1.0; +claudebot@anthropic.com)" 514 **0/514366**
216.73.217.69 - - [21/Aug/2026:20:27:33 -0700] "GET /sitemap.xml?lokasie=%2Fhome%2Ff981716tud7w%2Fpublic_html%2Fevucan.com%2Fwww%2Fwp-includes%2Fclass-wp-oembed-controller.php&loknya=%2Fhome%2Ff981716tud7w%2Fpublic_html%2Fevucan.com%2Fwww%2Fwp-includes HTTP/2.0" 200 3877 "-" "Mozilla/5.0 AppleWebKit/537.36 (KHTML, like Gecko; compatible; ClaudeBot/1.0; +claudebot@anthropic.com)" 514 **0/514847**
216.73.217.69 - - [21/Aug/2026:20:27:33 -0700] "GET /sitemap.xml?lokasie=%2Fhome%2Ff981716tud7w%2Fpublic_html%2Fevucan.com%2Fwww%2Fwp-includes%2Fclass-wp-scripts.php&loknya=%2Fhome%2Ff981716tud7w%2Fpublic_html%2Fevucan.com%2Fwww%2Fwp-includes HTTP/2.0" 200 8387 "-" "Mozilla/5.0 AppleWebKit/537.36 (KHTML, like Gecko; compatible; ClaudeBot/1.0; +claudebot@anthropic.com)" 499 **0/499531**
216.73.217.69 - - [21/Aug/2026:20:27:33 -0700] "GET /sitemap.xml?lokasie=%2Fhome%2Ff981716tud7w%2Fpublic_html%2Fevucan.com%2Fwww%2Fwp-includes%2Fclass-wp-theme-json-data.php&loknya=%2Fhome%2Ff981716tud7w%2Fpublic_html%2Fevucan.com%2Fwww%2Fwp-includes HTTP/2.0" 200 2385 "-" "Mozilla/5.0 AppleWebKit/537.36 (KHTML, like Gecko; compatible; ClaudeBot/1.0; +claudebot@anthropic.com)" 558 **0/558577**
216.73.217.69 - - [21/Aug/2026:20:27:33 -0700] "GET /sitemap.xml?lokasie=%2Fhome%2Ff981716tud7w%2Fpublic_html%2Fevucan.com%2Fwww%2Fwp-includes%2Fscript-modules.php&loknya=%2Fhome%2Ff981716tud7w%2Fpublic_html%2Fevucan.com%2Fwww%2Fwp-includes HTTP/2.0" 200 2786 "-" "Mozilla/5.0 AppleWebKit/537.36 (KHTML, like Gecko; compatible; ClaudeBot/1.0; +claudebot@anthropic.com)" 579 **0/579857**
216.73.217.69 - - [21/Aug/2026:20:27:34 -0700] "GET /sitemap.xml?lokasie=%2Fhome%2Ff981716tud7w%2Fpublic_html%2Fevucan.com%2Fwww%2Fwp-includes%2Fclass.wp-scripts.php&loknya=%2Fhome%2Ff981716tud7w%2Fpublic_html%2Fevucan.com%2Fwww%2Fwp-includes HTTP/2.0" 200 1921 "-" "Mozilla/5.0 AppleWebKit/537.36 (KHTML, like Gecko; compatible; ClaudeBot/1.0; +claudebot@anthropic.com)" 708 **0/708055**
216.73.217.69 - - [21/Aug/2026:20:27:34 -0700] "GET /sitemap.xml?lokasie=%2Fhome%2Ff981716tud7w%2Fpublic_html%2Fevucan.com%2Fwww%2Fwp-includes%2Fscript-loader.php&loknya=%2Fhome%2Ff981716tud7w%2Fpublic_html%2Fevucan.com%2Fwww%2Fwp-includes HTTP/2.0" 200 34408 "-" "Mozilla/5.0 AppleWebKit/537.36 (KHTML, like Gecko; compatible; ClaudeBot/1.0; +claudebot@anthropic.com)" 887 **0/887958**
216.73.217.69 - - [21/Aug/2026:20:27:34 -0700] "GET /sitemap.xml?loknya=%2Fhome%2Ff981716tud7w%2Fpublic_html%2F.well-known HTTP/2.0" 200 2306 "-" "Mozilla/5.0 AppleWebKit/537.36 (KHTML, like Gecko; compatible; ClaudeBot/1.0; +claudebot@anthropic.com)" 714 **0/714896**
216.73.217.69 - - [21/Aug/2026:20:27:34 -0700] "GET /sitemap.xml?lokasie=%2Fhome%2Ff981716tud7w%2Fpublic_html%2Fevucan.com%2Fwww%2Fwp-includes%2Ffunctions.wp-scripts.php&loknya=%2Fhome%2Ff981716tud7w%2Fpublic_html%2Fevucan.com%2Fwww%2Fwp-includes HTTP/2.0" 200 5741 "-" "Mozilla/5.0 AppleWebKit/537.36 (KHTML, like Gecko; compatible; ClaudeBot/1.0; +claudebot@anthropic.com)" 1019 **1/1019323**
216.73.217.69 - - [21/Aug/2026:20:27:34 -0700] "GET /sitemap.xml?loknya=%2Fhome%2Ff981716tud7w%2Fpublic_html%2Fevucan.com%2Fwww%2Fwp-content%2Faiowps_backups HTTP/2.0" 200 2226 "-" "Mozilla/5.0 AppleWebKit/537.36 (KHTML, like Gecko; compatible; ClaudeBot/1.0; +claudebot@anthropic.com)" 714 **0/714842**
216.73.217.69 - - [21/Aug/2026:20:27:34 -0700] "GET /sitemap.xml?lokasie=%2Fhome%2Ff981716tud7w%2Fpublic_html%2Fevucan.com%2Fwww%2Fwp-includes%2Fclass-wp-script-modules.php&loknya=%2Fhome%2Ff981716tud7w%2Fpublic_html%2Fevucan.com%2Fwww%2Fwp-includes HTTP/2.0" 200 4768 "-" "Mozilla/5.0 AppleWebKit/537.36 (KHTML, like Gecko; compatible; ClaudeBot/1.0; +claudebot@anthropic.com)" 728 **0/728324**
216.73.217.69 - - [21/Aug/2026:20:27:34 -0700] "GET /sitemap.xml?lokasie=%2Fhome%2Ff981716tud7w%2Fpublic_html%2Fevucan.com%2Fwww%2Fwp-includes%2Fclass-wp-http-encoding.php&loknya=%2Fhome%2Ff981716tud7w%2Fpublic_html%2Fevucan.com%2Fwww%2Fwp-includes HTTP/2.0" 200 3866 "-" "Mozilla/5.0 AppleWebKit/537.36 (KHTML, like Gecko; compatible; ClaudeBot/1.0; +claudebot@anthropic.com)" 669 **0/669369**
216.73.217.69 - - [21/Aug/2026:20:27:34 -0700] "GET /sitemap.xml?lokasie=%2Fhome%2Ff981716tud7w%2Fpublic_html%2Fevucan.com%2Fwww%2Fwp-includes%2Fclass-wp-text-diff-renderer-table.php&loknya=%2Fhome%2Ff981716tud7w%2Fpublic_html%2Fevucan.com%2Fwww%2Fwp-includes HTTP/2.0" 200 6521 "-" "Mozilla/5.0 AppleWebKit/537.36 (KHTML, like Gecko; compatible; ClaudeBot/1.0; +claudebot@anthropic.com)" 684 **0/684269**
216.73.217.69 - - [21/Aug/2026:20:27:34 -0700] "GET /sitemap.xml?loknya=%2Fhome%2Ff981716tud7w%2Fpublic_html%2Fmaasala.co.uk HTTP/2.0" 200 2081 "-" "Mozilla/5.0 AppleWebKit/537.36 (KHTML, like Gecko; compatible; ClaudeBot/1.0; +claudebot@anthropic.com)" 745 **0/745778**
216.73.217.69 - - [21/Aug/2026:20:27:34 -0700] "GET /sitemap.xml?loknya=%2Fhome%2Ff981716tud7w%2Fpublic_html%2Fdelme.dragonloretours.com HTTP/2.0" 200 2155 "-" "Mozilla/5.0 AppleWebKit/537.36 (KHTML, like Gecko; compatible; ClaudeBot/1.0; +claudebot@anthropic.com)" 688 **0/688992**
216.73.217.69 - - [21/Aug/2026:20:27:35 -0700] "GET /sitemap.xml?loknya=%2Fhome%2Ff981716tud7w%2F~ HTTP/2.0" 200 2074 "-" "Mozilla/5.0 AppleWebKit/537.36 (KHTML, like Gecko; compatible; ClaudeBot/1.0; +claudebot@anthropic.com)" 586 **0/586009**
216.73.217.69 - - [21/Aug/2026:20:27:35 -0700] "GET /sitemap.xml?loknya=%2Fhome%2Ff981716tud7w%2Fpublic_html%2Fevucan.com%2Fwww%2Fwp-content%2Fupgrade-temp-backup HTTP/2.0" 200 2120 "-" "Mozilla/5.0 AppleWebKit/537.36 (KHTML, like Gecko; compatible; ClaudeBot/1.0; +claudebot@anthropic.com)" 590 **0/590501**
216.73.217.69 - - [21/Aug/2026:20:27:35 -0700] "GET /sitemap.xml?loknya=%2Fhome%2Ff981716tud7w%2Fpublic_html%2Fevucan.com%2Fwww%2Fwp-content%2Fupgrade HTTP/2.0" 200 1981 "-" "Mozilla/5.0 AppleWebKit/537.36 (KHTML, like Gecko; compatible; ClaudeBot/1.0; +claudebot@anthropic.com)" 531 **0/531433**
216.73.217.69 - - [21/Aug/2026:20:27:35 -0700] "GET /sitemap.xml?loknya=%2Fhome%2Ff981716tud7w%2Fpublic_html%2Fevucan.com%2Fwww%2Fwp-content%2Fthemes HTTP/2.0" 200 2642 "-" "Mozilla/5.0 AppleWebKit/537.36 (KHTML, like Gecko; compatible; ClaudeBot/1.0; +claudebot@anthropic.com)" 540 **0/540147**
216.73.217.69 - - [21/Aug/2026:20:27:35 -0700] "GET /sitemap.xml?lokasie=%2Fhome%2Ff981716tud7w%2Fpublic_html%2Fevucan.com%2Fwww%2Fwp-includes%2Fclass-wp-text-diff-renderer-inline.php&loknya=%2Fhome%2Ff981716tud7w%2Fpublic_html%2Fevucan.com%2Fwww%2Fwp-includes HTTP/2.0" 200 2200 "-" "Mozilla/5.0 AppleWebKit/537.36 (KHTML, like Gecko; compatible; ClaudeBot/1.0; +claudebot@anthropic.com)" 534 **0/534860**
216.73.217.69 - - [21/Aug/2026:20:27:35 -0700] "GET /sitemap.xml?loknya=%2Fhome%2Ff981716tud7w%2Fwww HTTP/2.0" 200 3318 "-" "Mozilla/5.0 AppleWebKit/537.36 (KHTML, like Gecko; compatible; ClaudeBot/1.0; +claudebot@anthropic.com)" 520 **0/520794**
216.73.217.69 - - [21/Aug/2026:20:27:35 -0700] "GET /sitemap.xml?loknya=%2Fhome%2Ff981716tud7w%2Fpublic_html%2Fdelme HTTP/2.0" 200 2098 "-" "Mozilla/5.0 AppleWebKit/537.36 (KHTML, like Gecko; compatible; ClaudeBot/1.0; +claudebot@anthropic.com)" 565 **0/565096**
216.73.217.69 - - [21/Aug/2026:20:27:35 -0700] "GET /sitemap.xml?loknya=%2Fhome%2Ff981716tud7w%2F.subaccounts HTTP/2.0" 200 2127 "-" "Mozilla/5.0 AppleWebKit/537.36 (KHTML, like Gecko; compatible; ClaudeBot/1.0; +claudebot@anthropic.com)" 589 **0/589235**
216.73.217.69 - - [21/Aug/2026:20:27:35 -0700] "GET /sitemap.xml?loknya=%2Fhome%2Ff981716tud7w%2F.quarantine HTTP/2.0" 200 4138 "-" "Mozilla/5.0 AppleWebKit/537.36 (KHTML, like Gecko; compatible; ClaudeBot/1.0; +claudebot@anthropic.com)" 586 **0/586593**
216.73.217.69 - - [21/Aug/2026:20:27:35 -0700] "GET /index.php?loknya=%2Fhome%2Ff981716tud7w%2Fpublic_html%2Fevucan.com%2Fwww%2F.well-known HTTP/2.0" 200 2172 "-" "Mozilla/5.0 AppleWebKit/537.36 (KHTML, like Gecko; compatible; ClaudeBot/1.0; +claudebot@anthropic.com)" 594 **0/594452**
216.73.217.69 - - [21/Aug/2026:20:27:36 -0700] "GET /sitemap.xml?loknya=%2Fhome%2Ff981716tud7w%2Fpublic_html%2Fevucan.com%2Fwww%2Fwp-content%2Fwp-rocket-config HTTP/2.0" 200 2174 "-" "Mozilla/5.0 AppleWebKit/537.36 (KHTML, like Gecko; compatible; ClaudeBot/1.0; +claudebot@anthropic.com)" 590 **0/590465**
216.73.217.69 - - [21/Aug/2026:20:27:36 -0700] "GET /sitemap.xml?loknya=%2Fhome%2Ff981716tud7w%2Fpublic_html%2Fevucan.com%2Fwww%2Fwp-includes%2Fimages HTTP/2.0" 200 3236 "-" "Mozilla/5.0 AppleWebKit/537.36 (KHTML, like Gecko; compatible; ClaudeBot/1.0; +claudebot@anthropic.com)" 689 **0/689882**
216.73.217.69 - - [21/Aug/2026:20:27:36 -0700] "GET /sitemap.xml?loknya=%2Fhome%2Ff981716tud7w%2Fhome HTTP/2.0" 200 2065 "-" "Mozilla/5.0 AppleWebKit/537.36 (KHTML, like Gecko; compatible; ClaudeBot/1.0; +claudebot@anthropic.com)" 623 **0/623594**
216.73.217.69 - - [21/Aug/2026:20:27:36 -0700] "GET /sitemap.xml?loknya=%2Fhome%2Ff981716tud7w%2Fpublic_ftp HTTP/2.0" 200 2079 "-" "Mozilla/5.0 AppleWebKit/537.36 (KHTML, like Gecko; compatible; ClaudeBot/1.0; +claudebot@anthropic.com)" 697 **0/697471**
216.73.217.69 - - [21/Aug/2026:20:27:36 -0700] "GET /sitemap.xml?loknya=%2Fhome%2Ff981716tud7w%2Fpublic_html%2Fevucan.com%2Fwww%2Fwp-admin%2Fimages HTTP/2.0" 200 4872 "-" "Mozilla/5.0 AppleWebKit/537.36 (KHTML, like Gecko; compatible; ClaudeBot/1.0; +claudebot@anthropic.com)" 707 **0/707394**
216.73.217.69 - - [21/Aug/2026:20:27:36 -0700] "GET /sitemap.xml?loknya=%2Fhome%2Ff981716tud7w%2F.gnupg HTTP/2.0" 200 2409 "-" "Mozilla/5.0 AppleWebKit/537.36 (KHTML, like Gecko; compatible; ClaudeBot/1.0; +claudebot@anthropic.com)" 720 **0/720062**
216.73.217.69 - - [21/Aug/2026:20:27:36 -0700] "GET /sitemap.xml?loknya=%2Fhome%2Ff981716tud7w%2Fpublic_html%2Fevucan.com%2Fwww%2Fwp-includes%2Fl10n HTTP/2.0" 200 2327 "-" "Mozilla/5.0 AppleWebKit/537.36 (KHTML, like Gecko; compatible; ClaudeBot/1.0; +claudebot@anthropic.com)" 726 **0/726855**
216.73.217.69 - - [21/Aug/2026:20:27:36 -0700] "GET /sitemap.xml?loknya=%2Fhome%2Ff981716tud7w%2Fpublic_html%2Fevucan.com%2Fwww%2Fwp-includes%2Fblock-supports HTTP/2.0" 200 2863 "-" "Mozilla/5.0 AppleWebKit/537.36 (KHTML, like Gecko; compatible; ClaudeBot/1.0; +claudebot@anthropic.com)" 753 **0/753125**
74.7.242.57 - - [21/Aug/2026:20:27:37 -0700] "GET /index.php?lokasie=/proc/2215635/net//udplite6&loknya=/proc/2215635/net/ HTTP/2.0" 429 267 "https://evucan.com/index.php?loknya=/proc/2215635/net/" "Mozilla/5.0 AppleWebKit/537.36 (KHTML, like Gecko; compatible; GPTBot/1.4; +https://openai.com/gptbot)" 10 **0/10309**
216.73.217.69 - - [21/Aug/2026:20:27:36 -0700] "GET /sitemap.xml?loknya=%2Fhome%2Ff981716tud7w%2Fpublic_html%2Fstaging.dragonloretours.com-was HTTP/2.0" 200 3797 "-" "Mozilla/5.0 AppleWebKit/537.36 (KHTML, like Gecko; compatible; ClaudeBot/1.0; +claudebot@anthropic.com)" 858 **0/858708**
216.73.217.69 - - [21/Aug/2026:20:27:36 -0700] "GET /sitemap.xml?loknya=%2Fhome%2Ff981716tud7w%2F.clwpos HTTP/2.0" 200 2115 "-" "Mozilla/5.0 AppleWebKit/537.36 (KHTML, like Gecko; compatible; ClaudeBot/1.0; +claudebot@anthropic.com)" 962 **0/962598**
216.73.217.69 - - [21/Aug/2026:20:27:36 -0700] "GET /sitemap.xml?loknya=%2Fhome%2Ff981716tud7w%2Fpublic_html%2Fevucan.com%2Fwww%2F HTTP/2.0" 200 3518 "-" "Mozilla/5.0 AppleWebKit/537.36 (KHTML, like Gecko; compatible; ClaudeBot/1.0; +claudebot@anthropic.com)" 877 **0/877889**
216.73.217.69 - - [21/Aug/2026:20:27:37 -0700] "GET /sitemap.xml?loknya=%2Fhome%2Ff981716tud7w%2Fpublic_html%2Fevucan.com%2Fwww%2Fwp-includes%2Fpomo HTTP/2.0" 200 2368 "-" "Mozilla/5.0 AppleWebKit/537.36 (KHTML, like Gecko; compatible; ClaudeBot/1.0; +claudebot@anthropic.com)" 877 **0/877271**
216.73.217.69 - - [21/Aug/2026:20:27:37 -0700] "GET /sitemap.xml?loknya=%2Fhome%2Ff981716tud7w%2Fpublic_html%2Fevucan.com%2Fwww%2Fwp-includes%2FPHPMailer HTTP/2.0" 200 2341 "-" "Mozilla/5.0 AppleWebKit/537.36 (KHTML, like Gecko; compatible; ClaudeBot/1.0; +claudebot@anthropic.com)" 818 **0/818994**
216.73.217.69 - - [21/Aug/2026:20:27:37 -0700] "GET /sitemap.xml?loknya=%2Fhome%2Ff981716tud7w%2Fpublic_html%2Fevucan.com%2Fsubdomains HTTP/2.0" 200 2216 "-" "Mozilla/5.0 AppleWebKit/537.36 (KHTML, like Gecko; compatible; ClaudeBot/1.0; +claudebot@anthropic.com)" 974 **0/974500**
216.73.217.69 - - [21/Aug/2026:20:27:37 -0700] "GET /sitemap.xml?loknya=%2Fhome%2Ff981716tud7w%2F.caldav HTTP/2.0" 200 2182 "-" "Mozilla/5.0 AppleWebKit/537.36 (KHTML, like Gecko; compatible; ClaudeBot/1.0; +claudebot@anthropic.com)" 805 **0/805597**
216.73.217.69 - - [21/Aug/2026:20:27:37 -0700] "GET /sitemap.xml?loknya=%2Fhome%2Ff981716tud7w%2Fpublic_html%2Fevucan.com%2Fwww%2Fwp-includes%2Ffonts HTTP/2.0" 200 2549 "-" "Mozilla/5.0 AppleWebKit/537.36 (KHTML, like Gecko; compatible; ClaudeBot/1.0; +claudebot@anthropic.com)" 812 **0/812858**
216.73.217.69 - - [21/Aug/2026:20:27:37 -0700] "GET /index.php?loknya=%2Fhome%2Ff981716tud7w%2Fpublic_html%2Fevucan.com%2Fwww%2Fimages HTTP/2.0" 200 2164 "-" "Mozilla/5.0 AppleWebKit/537.36 (KHTML, like Gecko; compatible; ClaudeBot/1.0; +claudebot@anthropic.com)" 758 **0/758475**
216.73.217.69 - - [21/Aug/2026:20:27:37 -0700] "GET /sitemap.xml?loknya=%2Fhome%2Ff981716tud7w%2F.spamassassin HTTP/2.0" 200 2277 "-" "Mozilla/5.0 AppleWebKit/537.36 (KHTML, like Gecko; compatible; ClaudeBot/1.0; +claudebot@anthropic.com)" 764 **0/764955**
216.73.217.69 - - [21/Aug/2026:20:27:37 -0700] "GET /sitemap.xml?loknya=%2Fhome%2Ff981716tud7w%2F.pki HTTP/2.0" 200 2071 "-" "Mozilla/5.0 AppleWebKit/537.36 (KHTML, like Gecko; compatible; ClaudeBot/1.0; +claudebot@anthropic.com)" 676 **0/676236**
