114.119.145.154 - - [21/Aug/2026:09:23:23 -0700] "GET /?blackhole=b85beca8df HTTP/1.1" 200 14206 "https://www.evucan.com/?blackhole=445258dabf" "Mozilla/5.0 (Linux; Android 7.0;) AppleWebKit/537.36 (HTML, like Gecko) Mobile Safari/537.36 (compatible; PetalBot;+https://webmaster.petalsearch.com/site/petalbot)" 1530 **1/1530960**
100.92.38.255 - - [21/Aug/2026:09:23:52 -0700] "GET /?rnd=1787329429650 HTTP/1.1" 200 14201 "http://evucan.com/?rnd=1787329429650" "Sucuri-UptimeMonitoring" 1469 **1/1469838**
163.61.60.30 - - [21/Aug/2026:09:24:01 -0700] "POST /xmlrpc.php HTTP/1.1" 200 449 "-" "Mozilla/5.0 (Windows NT 10.0; WOW64) AppleWebKit/537.36 (KHTML, like Gecko) Chrome/142.0.0.0 Safari/537.36 Edg/142.0.0.0" 1022 **1/1022306**
114.119.158.156 - - [21/Aug/2026:09:24:48 -0700] "GET /?blackhole=b7ef1a22f2 HTTP/1.1" 200 14206 "https://www.evucan.com/?blackhole=237151dbcc" "Mozilla/5.0 (Linux; Android 7.0;) AppleWebKit/537.36 (HTML, like Gecko) Mobile Safari/537.36 (compatible; PetalBot;+https://webmaster.petalsearch.com/site/petalbot)" 1553 **1/1553563**
45.159.231.196 - - [21/Aug/2026:09:25:43 -0700] "POST /xmlrpc.php HTTP/1.1" 200 449 "-" "Mozilla/5.0 (Windows NT 10.0; Win64; x64) AppleWebKit/537.36 (KHTML, like Gecko) Chrome/141.0.0.0 Safari/537.36" 977 **0/977176**
114.119.158.156 - - [21/Aug/2026:09:26:11 -0700] "GET /?blackhole=aa487ea19c HTTP/1.1" 200 14206 "https://www.evucan.com/?blackhole=5abcbeb692" "Mozilla/5.0 (Linux; Android 7.0;) AppleWebKit/537.36 (HTML, like Gecko) Mobile Safari/537.36 (compatible; PetalBot;+https://webmaster.petalsearch.com/site/petalbot)" 1473 **1/1473097**
92.222.108.97 - - [21/Aug/2026:09:26:44 -0700] "GET /sitemap.xml HTTP/2.0" 301 390 "-" "Mozilla/5.0 (compatible; AhrefsBot/7.0; +http://ahrefs.com/robot/)" 803 **0/803813**
92.222.108.97 - - [21/Aug/2026:09:26:46 -0700] "GET /sitemap.xml HTTP/2.0" 301 390 "-" "Mozilla/5.0 (compatible; AhrefsBot/7.0; +http://ahrefs.com/robot/)" 761 **0/761567**
92.222.108.97 - - [21/Aug/2026:09:26:47 -0700] "GET /sitemap_index.xml HTTP/2.0" 200 660 "-" "Mozilla/5.0 (compatible; AhrefsBot/7.0; +http://ahrefs.com/robot/)" 789 **0/789476**
114.119.158.156 - - [21/Aug/2026:09:27:59 -0700] "GET /?blackhole=a51498b6c6 HTTP/1.1" 200 14206 "https://www.evucan.com/?blackhole=9ca47e3589" "Mozilla/5.0 (Linux; Android 7.0;) AppleWebKit/537.36 (HTML, like Gecko) Mobile Safari/537.36 (compatible; PetalBot;+https://webmaster.petalsearch.com/site/petalbot)" 1539 **1/1539067**
114.119.159.33 - - [21/Aug/2026:09:29:00 -0700] "GET /?blackhole=a37b1e7a2a HTTP/1.1" 200 14206 "https://www.evucan.com/wprm-recipe/wprm-chappatis-roti" "Mozilla/5.0 (Linux; Android 7.0;) AppleWebKit/537.36 (HTML, like Gecko) Mobile Safari/537.36 (compatible; PetalBot;+https://webmaster.petalsearch.com/site/petalbot)" 1611 **1/1611883**
114.119.158.156 - - [21/Aug/2026:09:30:21 -0700] "GET /?blackhole=9a8766ab7c HTTP/1.1" 200 14206 "https://www.evucan.com/my-account" "Mozilla/5.0 (Linux; Android 7.0;) AppleWebKit/537.36 (HTML, like Gecko) Mobile Safari/537.36 (compatible; PetalBot;+https://webmaster.petalsearch.com/site/petalbot)" 1527 **1/1527879**
114.119.153.242 - - [21/Aug/2026:09:31:46 -0700] "GET /?blackhole=999aa9538f HTTP/1.1" 200 14206 "https://www.evucan.com/uncategorised/besplatnie-igrovie-avtomati-ot-azino777-vhod" "Mozilla/5.0 (Linux; Android 7.0;) AppleWebKit/537.36 (HTML, like Gecko) Mobile Safari/537.36 (compatible; PetalBot;+https://webmaster.petalsearch.com/site/petalbot)" 1413 **1/1413850**
114.119.158.156 - - [21/Aug/2026:09:33:09 -0700] "GET /?blackhole=dc7954f6e6 HTTP/1.1" 200 14206 "https://www.evucan.com/youtube" "Mozilla/5.0 (Linux; Android 7.0;) AppleWebKit/537.36 (HTML, like Gecko) Mobile Safari/537.36 (compatible; PetalBot;+https://webmaster.petalsearch.com/site/petalbot)" 1700 **1/1700485**
114.119.153.242 - - [21/Aug/2026:09:34:32 -0700] "GET /?blackhole=dae7e2e498 HTTP/1.1" 200 14206 "https://www.evucan.com/?blackhole=b85ba269b2" "Mozilla/5.0 (Linux; Android 7.0;) AppleWebKit/537.36 (HTML, like Gecko) Mobile Safari/537.36 (compatible; PetalBot;+https://webmaster.petalsearch.com/site/petalbot)" 1491 **1/1491114**
114.119.157.166 - - [21/Aug/2026:09:35:56 -0700] "GET /?blackhole=a3e1999d51 HTTP/1.1" 200 14206 "https://www.evucan.com/?blackhole=e9c0ee585e" "Mozilla/5.0 (Linux; Android 7.0;) AppleWebKit/537.36 (HTML, like Gecko) Mobile Safari/537.36 (compatible; PetalBot;+https://webmaster.petalsearch.com/site/petalbot)" 1430 **1/1430855**
114.119.158.156 - - [21/Aug/2026:09:37:20 -0700] "GET /?blackhole=9a9ab39a27 HTTP/1.1" 200 14206 "https://www.evucan.com/?blackhole=e7052ff03e" "Mozilla/5.0 (Linux; Android 7.0;) AppleWebKit/537.36 (HTML, like Gecko) Mobile Safari/537.36 (compatible; PetalBot;+https://webmaster.petalsearch.com/site/petalbot)" 1544 **1/1544237**
100.92.37.153 - - [21/Aug/2026:09:38:16 -0700] "HEAD / HTTP/1.1" 200 - "http://evucan.com" "Go-http-client/1.1" 938 **0/938146**
100.92.37.153 - - [21/Aug/2026:09:38:17 -0700] "GET / HTTP/2.0" 200 13995 "https://sucuri.net" "Mozilla/5.0 (Windows NT 6.3; WOW64; Trident/7.0; rv:11.0) like Gecko" 1724 **1/1724042**
100.92.37.153 - - [21/Aug/2026:09:38:19 -0700] "GET /wp-content/cache/busting/1/wp-includes/js/jquery/jquery.min-3.7.1.js HTTP/2.0" 200 30368 "https://sucuri.net" "Mozilla/5.0 (Windows NT 6.3; WOW64; Trident/7.0; rv:11.0) like Gecko" 15 **0/15384**
100.92.37.153 - - [21/Aug/2026:09:38:19 -0700] "GET /wp-content/cache/min/1/7137f3bfc59a0eb50e350887e31ee529.js HTTP/2.0" 200 194722 "https://sucuri.net" "Mozilla/5.0 (Windows NT 6.3; WOW64; Trident/7.0; rv:11.0) like Gecko" 203 **0/203070**
100.92.37.153 - - [21/Aug/2026:09:38:19 -0700] "GET /wp-content/plugins/wp-rocket/assets/js/lazyload/12.0/lazyload.min.js HTTP/2.0" 200 2149 "https://sucuri.net" "Mozilla/5.0 (Windows NT 6.3; WOW64; Trident/7.0; rv:11.0) like Gecko" 11 **0/11459**
100.92.37.153 - - [21/Aug/2026:09:38:20 -0700] "GET /about/ HTTP/2.0" 301 390 "https://www.facebook.com/" "Mozilla/5.0 (Macintosh; Intel Mac OS X 10_13_6) AppleWebKit/605.1.15 (KHTML, like Gecko) Version/11.1.2 Safari/605.1.15" 1055 **1/1055359**
100.92.37.153 - - [21/Aug/2026:09:38:20 -0700] "GET /about HTTP/2.0" 200 14081 "-" "Mozilla/5.0 (compatible; Googlebot/2.1; +http://www.google.com/bot.html)" 2000 **2/2000258**
100.92.37.153 - - [21/Aug/2026:09:38:20 -0700] "GET / HTTP/2.0" 200 13992 "https://www.google.com/images/url" "Mozilla/5.0 (compatible; Googlebot/2.1; +http://www.google.com/bot.html)" 1884 **1/1884474**
100.92.37.153 - - [21/Aug/2026:09:38:20 -0700] "GET / HTTP/2.0" 200 13996 "http://evucan.com/" "Mozilla/5.0 (iPad; CPU OS 11_4_1 like Mac OS X) AppleWebKit/605.1.15 (KHTML, like Gecko) Version/11.0 Mobile/15E148 Safari/604.1" 2068 **2/2068591**
100.92.37.153 - - [21/Aug/2026:09:38:21 -0700] "GET /about HTTP/2.0" 200 14084 "https://www.facebook.com/" "Mozilla/5.0 (Macintosh; Intel Mac OS X 10_13_6) AppleWebKit/605.1.15 (KHTML, like Gecko) Version/11.1.2 Safari/605.1.15" 1962 **1/1962733**
100.92.37.153 - - [21/Aug/2026:09:38:22 -0700] "GET /portfolio HTTP/2.0" 200 12469 "https://www.bing.com/?s=bing" "Mozilla/5.0 (Windows NT 6.1) AppleWebKit/537.36 (KHTML, like Gecko) Chrome/67.0.3396.99 Safari/537.36" 1564 **1/1564644**
100.92.37.153 - - [21/Aug/2026:09:38:22 -0700] "GET /services HTTP/2.0" 200 16785 "-" "Mozilla/5.0 (iPhone; CPU iPhone OS 11_4_1 like Mac OS X) AppleWebKit/605.1.15 (KHTML, like Gecko) Version/11.0 Mobile/15E148 Safari/604.1" 2189 **2/2189276**
100.92.37.153 - - [21/Aug/2026:09:38:22 -0700] "GET /category/blog HTTP/2.0" 200 11261 "https://www.facebook.com/" "Mozilla/5.0 (Windows NT 10.0; Win64; x64; rv:61.0) Gecko/20100101 Firefox/61.0" 1639 **1/1639029**
100.92.37.153 - - [21/Aug/2026:09:38:24 -0700] "GET /wp-includes/css/ HTTP/2.0" 403 13 "-" "Mozilla/5.0 (Windows NT 6.3; WOW64; Trident/7.0; rv:11.0) like Gecko" 20 **0/20975**
100.92.37.153 - - [21/Aug/2026:09:38:24 -0700] "GET /wp-content/cache/busting/1/wp-content/themes/hello-elementor/ HTTP/2.0" 403 13 "http://sucuri.net" "Mozilla/5.0 (Windows NT 6.3; WOW64; Trident/7.0; rv:11.0) like Gecko" 18 **0/18694**
100.92.37.153 - - [21/Aug/2026:09:38:24 -0700] "GET /contact-us HTTP/2.0" 200 12987 "-" "Mozilla/5.0 (iPad; CPU OS 11_4_1 like Mac OS X) AppleWebKit/605.1.15 (KHTML, like Gecko) Version/11.0 Mobile/15E148 Safari/604.1" 1563 **1/1563566**
114.119.157.166 - - [21/Aug/2026:09:38:43 -0700] "GET /?blackhole=973428fd6c HTTP/1.1" 200 14206 "http://www.evucan.com/pay-monthly-websites.html" "Mozilla/5.0 (Linux; Android 7.0;) AppleWebKit/537.36 (HTML, like Gecko) Mobile Safari/537.36 (compatible; PetalBot;+https://webmaster.petalsearch.com/site/petalbot)" 1507 **1/1507862**
91.216.155.195 - - [21/Aug/2026:09:38:44 -0700] "GET / HTTP/1.0" 200 75583 "https://www.evucan.com/" "Mozilla/5.0 (Windows NT 10.0; Win64; x64) AppleWebKit/537.36 (KHTML, like Gecko) Chrome/129.0.0.0 Safari/537.36" 1502 **1/1502727**
91.216.155.195 - - [21/Aug/2026:09:38:46 -0700] "POST /wp-admin/admin-ajax.php HTTP/1.0" 200 469 "https://www.evucan.com/" "Mozilla/5.0 (Windows NT 10.0; Win64; x64) AppleWebKit/537.36 (KHTML, like Gecko) Chrome/129.0.0.0 Safari/537.36" 1257 **1/1257975**
114.119.159.33 - - [21/Aug/2026:09:40:08 -0700] "GET /?blackhole=96f8ae058a HTTP/1.1" 200 14206 "https://www.evucan.com/?blackhole=8906bdc464" "Mozilla/5.0 (Linux; Android 7.0;) AppleWebKit/537.36 (HTML, like Gecko) Mobile Safari/537.36 (compatible; PetalBot;+https://webmaster.petalsearch.com/site/petalbot)" 1589 **1/1589050**
114.119.133.46 - - [21/Aug/2026:09:41:30 -0700] "GET /?blackhole=92c618c4dc HTTP/1.1" 200 14206 "https://www.evucan.com/?blackhole=9fad221c7c" "Mozilla/5.0 (Linux; Android 7.0;) AppleWebKit/537.36 (HTML, like Gecko) Mobile Safari/537.36 (compatible; PetalBot;+https://webmaster.petalsearch.com/site/petalbot)" 1664 **1/1664639**
35.205.136.223 - - [21/Aug/2026:09:42:25 -0700] "GET /robots.txt HTTP/1.1" 200 134 "-" "Mozilla/5.0 (compatible; VelenPublicWebCrawler/1.0; +https://velen.io)" 11 **0/11882**
114.119.137.141 - - [21/Aug/2026:09:42:55 -0700] "GET /?blackhole=92ba307b8a HTTP/1.1" 200 14206 "https://www.evucan.com/?blackhole=1dc2bdb3d5" "Mozilla/5.0 (Linux; Android 7.0;) AppleWebKit/537.36 (HTML, like Gecko) Mobile Safari/537.36 (compatible; PetalBot;+https://webmaster.petalsearch.com/site/petalbot)" 1476 **1/1476860**
114.119.133.46 - - [21/Aug/2026:09:44:17 -0700] "GET /?blackhole=8d65c03e2c HTTP/1.1" 200 14206 "https://www.evucan.com/?blackhole=5c05f68ef8" "Mozilla/5.0 (Linux; Android 7.0;) AppleWebKit/537.36 (HTML, like Gecko) Mobile Safari/537.36 (compatible; PetalBot;+https://webmaster.petalsearch.com/site/petalbot)" 1514 **1/1514894**
114.119.133.46 - - [21/Aug/2026:09:45:41 -0700] "GET /?blackhole=85932714f4 HTTP/1.1" 200 14206 "https://www.evucan.com/?blackhole=0bbe8917fa" "Mozilla/5.0 (Linux; Android 7.0;) AppleWebKit/537.36 (HTML, like Gecko) Mobile Safari/537.36 (compatible; PetalBot;+https://webmaster.petalsearch.com/site/petalbot)" 1613 **1/1613111**
114.119.145.154 - - [21/Aug/2026:09:47:05 -0700] "GET /?blackhole=7feaf255d5 HTTP/1.1" 200 14206 "https://www.evucan.com/login" "Mozilla/5.0 (Linux; Android 7.0;) AppleWebKit/537.36 (HTML, like Gecko) Mobile Safari/537.36 (compatible; PetalBot;+https://webmaster.petalsearch.com/site/petalbot)" 1569 **1/1569980**
114.119.145.154 - - [21/Aug/2026:09:48:27 -0700] "GET /?blackhole=72e6fff12f HTTP/1.1" 200 14206 "https://www.evucan.com/news/sajt-kazino-1win-realnye-promokody-igrovye-sloty" "Mozilla/5.0 (Linux; Android 7.0;) AppleWebKit/537.36 (HTML, like Gecko) Mobile Safari/537.36 (compatible; PetalBot;+https://webmaster.petalsearch.com/site/petalbot)" 1675 **1/1675304**
85.208.98.18 - - [21/Aug/2026:09:48:45 -0700] "HEAD / HTTP/2.0" 200 - "http://www.evucan.com" "Mozilla/5.0 (compatible; SemrushBot; +http://www.semrush.com/bot.html)" 842 **0/842969**
114.119.140.178 - - [21/Aug/2026:09:49:53 -0700] "GET /?blackhole=7216c6bc9b HTTP/1.1" 200 14206 "https://www.evucan.com/?blackhole=59f97dec82" "Mozilla/5.0 (Linux; Android 7.0;) AppleWebKit/537.36 (HTML, like Gecko) Mobile Safari/537.36 (compatible; PetalBot;+https://webmaster.petalsearch.com/site/petalbot)" 1450 **1/1450775**
114.119.159.33 - - [21/Aug/2026:09:51:17 -0700] "GET /?blackhole=71af4623dc HTTP/1.1" 200 14206 "https://www.evucan.com/?blackhole=6400a71dc7" "Mozilla/5.0 (Linux; Android 7.0;) AppleWebKit/537.36 (HTML, like Gecko) Mobile Safari/537.36 (compatible; PetalBot;+https://webmaster.petalsearch.com/site/petalbot)" 1425 **1/1425586**
114.119.159.33 - - [21/Aug/2026:09:52:41 -0700] "GET /?blackhole=6fb6d8dfba HTTP/1.1" 200 14206 "https://www.evucan.com/?blackhole=2f3e13be7a" "Mozilla/5.0 (Linux; Android 7.0;) AppleWebKit/537.36 (HTML, like Gecko) Mobile Safari/537.36 (compatible; PetalBot;+https://webmaster.petalsearch.com/site/petalbot)" 1424 **1/1424976**
192.36.217.176 - - [21/Aug/2026:09:52:59 -0700] "GET / HTTP/1.1" 200 13996 "http://evucan.com/" "Mozilla/5.0 (iPhone; CPU iPhone OS 17_3_1 like Mac OS X) AppleWebKit/605.1.15 (KHTML, like Gecko) Version/17.3.1 Mobile/15E148 Safari/604" 1618 **1/1618086**
185.142.82.183 - - [21/Aug/2026:09:53:10 -0700] "GET /terms-and-conditions HTTP/1.1" 200 15551 "-" "Mozilla/5.0 (iPhone; CPU iPhone OS 17_3_1 like Mac OS X) AppleWebKit/605.1.15 (KHTML, like Gecko) Version/17.3.1 Mobile/15E148 Safari/604" 1317 **1/1317688**
78.46.41.212 - - [21/Aug/2026:09:53:17 -0700] "GET /login HTTP/1.1" 200 10971 "https://www.evucan.com/" "Mozilla/5.0 (Windows NT 10.0; Win64; x64) AppleWebKit/537.36 (KHTML, like Gecko) Chrome/137.0.0.0 Safari/537.36" 1388 **1/1388263**
172.241.153.187 - - [21/Aug/2026:09:53:22 -0700] "GET /xmlrpc.php HTTP/1.1" 405 432 "https://www.evucan.com/login" "Mozilla/5.0 (Windows NT 6.3; Win64; x64) AppleWebKit/537.36 (KHTML, like Gecko) Chrome/103.0.0.0 Safari/537.36" 845 **0/845343**
172.241.153.187 - - [21/Aug/2026:09:53:24 -0700] "POST /xmlrpc.php HTTP/1.1" 200 449 "https://www.evucan.com/xmlrpc.php" "Mozilla/5.0 (Windows NT 6.3; Win64; x64) AppleWebKit/537.36 (KHTML, like Gecko) Chrome/103.0.0.0 Safari/537.36" 799 **0/799155**
193.235.141.168 - - [21/Aug/2026:09:53:00 -0700] "GET /?blackhole=63e174ee2e HTTP/1.1" 200 14205 "-" "Mozilla/5.0 (iPhone; CPU iPhone OS 17_3_1 like Mac OS X) AppleWebKit/605.1.15 (KHTML, like Gecko) Version/17.3.1 Mobile/15E148 Safari/604" 26603 **26/26603302**
172.241.153.187 - - [21/Aug/2026:09:53:27 -0700] "POST /xmlrpc.php HTTP/1.1" 200 449 "https://www.evucan.com/xmlrpc.php" "Mozilla/5.0 (Windows NT 6.3; Win64; x64) AppleWebKit/537.36 (KHTML, like Gecko) Chrome/103.0.0.0 Safari/537.36" 872 **0/872484**
172.241.153.187 - - [21/Aug/2026:09:53:29 -0700] "GET /login HTTP/1.1" 200 10971 "https://www.evucan.com/xmlrpc.php" "Mozilla/5.0 (Windows NT 6.3; Win64; x64) AppleWebKit/537.36 (KHTML, like Gecko) Chrome/103.0.0.0 Safari/537.36" 1358 **1/1358897**
172.241.153.187 - - [21/Aug/2026:09:53:31 -0700] "GET /wp-admin/post-new.php HTTP/1.1" 302 390 "https://www.evucan.com/login" "Mozilla/5.0 (Windows NT 6.3; Win64; x64) AppleWebKit/537.36 (KHTML, like Gecko) Chrome/103.0.0.0 Safari/537.36" 991 **0/991126**
172.241.153.187 - - [21/Aug/2026:09:53:34 -0700] "GET /wp-login.php?redirect_to=https%3A%2F%2Fwww.evucan.com%2Fwp-admin%2Fpost-new.php&reauth=1 HTTP/1.1" 200 2940 "https://www.evucan.com/wp-admin/post-new.php" "Mozilla/5.0 (Windows NT 6.3; Win64; x64) AppleWebKit/537.36 (KHTML, like Gecko) Chrome/103.0.0.0 Safari/537.36" 832 **0/832244**
193.235.141.134 - - [21/Aug/2026:09:53:12 -0700] "GET /privacy-policy HTTP/1.1" 200 17812 "-" "Mozilla/5.0 (iPhone; CPU iPhone OS 17_3_1 like Mac OS X) AppleWebKit/605.1.15 (KHTML, like Gecko) Version/17.3.1 Mobile/15E148 Safari/604" 26325 **26/26325000**
114.119.159.33 - - [21/Aug/2026:09:54:03 -0700] "GET /?blackhole=c5eca6fa56 HTTP/1.1" 200 14206 "https://www.evucan.com/?blackhole=2ef04afb84" "Mozilla/5.0 (Linux; Android 7.0;) AppleWebKit/537.36 (HTML, like Gecko) Mobile Safari/537.36 (compatible; PetalBot;+https://webmaster.petalsearch.com/site/petalbot)" 1474 **1/1474410**
216.73.217.69 - - [21/Aug/2026:09:54:38 -0700] "GET /?blackhole=63e174ee2e HTTP/2.0" 200 14200 "-" "Mozilla/5.0 AppleWebKit/537.36 (KHTML, like Gecko; compatible; ClaudeBot/1.0; +claudebot@anthropic.com)" 1511 **1/1511426**
114.119.137.141 - - [21/Aug/2026:09:55:27 -0700] "GET /?blackhole=6f8eb0c9d1 HTTP/1.1" 200 14206 "https://www.evucan.com/members" "Mozilla/5.0 (Linux; Android 7.0;) AppleWebKit/537.36 (HTML, like Gecko) Mobile Safari/537.36 (compatible; PetalBot;+https://webmaster.petalsearch.com/site/petalbot)" 1630 **1/1630055**
195.2.79.165 - - [21/Aug/2026:09:56:00 -0700] "GET / HTTP/1.0" 200 75583 "https://www.evucan.com/" "Mozilla/5.0 (Windows NT 10.0; Win64; x64) AppleWebKit/537.36 (KHTML, like Gecko) Chrome/130.0.0.0 Safari/537.36" 1597 **1/1597120**
195.2.79.165 - - [21/Aug/2026:09:56:01 -0700] "POST /wp-admin/admin-ajax.php HTTP/1.0" 200 469 "https://www.evucan.com/" "Mozilla/5.0 (Windows NT 10.0; Win64; x64) AppleWebKit/537.36 (KHTML, like Gecko) Chrome/130.0.0.0 Safari/537.36" 1534 **1/1534867**
114.119.133.46 - - [21/Aug/2026:09:56:49 -0700] "GET /?blackhole=6877c09b0c HTTP/1.1" 200 14206 "https://www.evucan.com/?blackhole=d7c353f9e1" "Mozilla/5.0 (Linux; Android 7.0;) AppleWebKit/537.36 (HTML, like Gecko) Mobile Safari/537.36 (compatible; PetalBot;+https://webmaster.petalsearch.com/site/petalbot)" 1530 **1/1530289**
183.197.56.110 - - [21/Aug/2026:09:57:32 -0700] "GET / HTTP/1.1" 200 13993 "http://www.evucan.com" "Mozilla/5.0 (Macintosh; Intel Mac OS X 10_15_7) AppleWebKit/537.36 (KHTML, like Gecko) Chrome/128.0.0.0 Safari/537.36" 1873 **1/1873342**
120.11.96.89 - - [21/Aug/2026:09:57:37 -0700] "GET /xmlrpc.php HTTP/1.1" 405 432 "https://www.evucan.com/" "Mozilla/5.0 (Windows NT 6.3; Win64; x64) AppleWebKit/537.36 (KHTML, like Gecko) Chrome/103.0.0.0 Safari/537.36" 875 **0/875919**
120.11.96.89 - - [21/Aug/2026:09:57:39 -0700] "POST /xmlrpc.php HTTP/1.1" 200 449 "https://www.evucan.com/xmlrpc.php" "Mozilla/5.0 (Windows NT 6.3; Win64; x64) AppleWebKit/537.36 (KHTML, like Gecko) Chrome/103.0.0.0 Safari/537.36" 913 **0/913031**
120.11.96.89 - - [21/Aug/2026:09:57:41 -0700] "POST /xmlrpc.php HTTP/1.1" 200 449 "https://www.evucan.com/xmlrpc.php" "Mozilla/5.0 (Windows NT 6.3; Win64; x64) AppleWebKit/537.36 (KHTML, like Gecko) Chrome/103.0.0.0 Safari/537.36" 863 **0/863002**
120.11.96.89 - - [21/Aug/2026:09:57:48 -0700] "GET /wp-admin/post-new.php HTTP/1.1" 302 390 "http://www.evucan.com/wp-admin/post-new.php" "Mozilla/5.0 (Windows NT 6.3; Win64; x64) AppleWebKit/537.36 (KHTML, like Gecko) Chrome/103.0.0.0 Safari/537.36" 897 **0/897619**
120.11.96.89 - - [21/Aug/2026:09:57:50 -0700] "GET /wp-login.php?redirect_to=https%3A%2F%2Fwww.evucan.com%2Fwp-admin%2Fpost-new.php&reauth=1 HTTP/1.1" 200 2940 "http://www.evucan.com/wp-admin/post-new.php" "Mozilla/5.0 (Windows NT 6.3; Win64; x64) AppleWebKit/537.36 (KHTML, like Gecko) Chrome/103.0.0.0 Safari/537.36" 812 **0/812873**
114.119.159.33 - - [21/Aug/2026:09:58:13 -0700] "GET /?blackhole=66f319e991 HTTP/1.1" 200 14206 "https://www.evucan.com/?blackhole=0dba54786c" "Mozilla/5.0 (Linux; Android 7.0;) AppleWebKit/537.36 (HTML, like Gecko) Mobile Safari/537.36 (compatible; PetalBot;+https://webmaster.petalsearch.com/site/petalbot)" 1480 **1/1480908**
40.77.167.21 - - [21/Aug/2026:09:58:24 -0700] "GET /?blackhole=75902cd5e6 HTTP/2.0" 200 14199 "-" "Mozilla/5.0 AppleWebKit/537.36 (KHTML, like Gecko; compatible; bingbot/2.0; +http://www.bing.com/bingbot.htm) Chrome/116.0.1938.76 Safari/537.36" 1592 **1/1592159**
52.167.144.163 - - [21/Aug/2026:09:58:28 -0700] "GET /?blackhole=b9e3e3416c HTTP/2.0" 200 14199 "-" "Mozilla/5.0 AppleWebKit/537.36 (KHTML, like Gecko; compatible; bingbot/2.0; +http://www.bing.com/bingbot.htm) Chrome/116.0.1938.76 Safari/537.36" 1420 **1/1420728**
114.119.140.178 - - [21/Aug/2026:09:59:38 -0700] "GET /?blackhole=630c797b16 HTTP/1.1" 200 14206 "https://www.evucan.com/my-account" "Mozilla/5.0 (Linux; Android 7.0;) AppleWebKit/537.36 (HTML, like Gecko) Mobile Safari/537.36 (compatible; PetalBot;+https://webmaster.petalsearch.com/site/petalbot)" 1394 **1/1394167**
13.57.17.219 - - [21/Aug/2026:10:00:11 -0700] "GET /youtube HTTP/1.1" 200 10948 "-" "TerraCotta 0.2 https://www.github.com/ceramicTeam/CeramicTerracotta" 1451 **1/1451268**
114.119.133.46 - - [21/Aug/2026:10:02:48 -0700] "GET /?blackhole=5c05f68ef8 HTTP/1.1" 200 14206 "https://www.evucan.com/?blackhole=08b5be61eb" "Mozilla/5.0 (Linux; Android 7.0;) AppleWebKit/537.36 (HTML, like Gecko) Mobile Safari/537.36 (compatible; PetalBot;+https://webmaster.petalsearch.com/site/petalbot)" 1515 **1/1515097**
52.167.144.163 - - [21/Aug/2026:10:03:22 -0700] "GET / HTTP/2.0" 200 13991 "-" "Mozilla/5.0 AppleWebKit/537.36 (KHTML, like Gecko; compatible; bingbot/2.0; +http://www.bing.com/bingbot.htm) Chrome/116.0.1938.76 Safari/537.36" 1429 **1/1429978**
114.119.133.46 - - [21/Aug/2026:10:03:47 -0700] "GET /?blackhole=59d607f69f HTTP/1.1" 200 14206 "https://www.evucan.com/?blackhole=8d3be27958" "Mozilla/5.0 (Linux; Android 7.0;) AppleWebKit/537.36 (HTML, like Gecko) Mobile Safari/537.36 (compatible; PetalBot;+https://webmaster.petalsearch.com/site/petalbot)" 1406 **1/1406501**
114.119.158.156 - - [21/Aug/2026:10:05:11 -0700] "GET /?blackhole=54c5742899 HTTP/1.1" 200 14206 "https://www.evucan.com/?blackhole=e1ce4783cd" "Mozilla/5.0 (Linux; Android 7.0;) AppleWebKit/537.36 (HTML, like Gecko) Mobile Safari/537.36 (compatible; PetalBot;+https://webmaster.petalsearch.com/site/petalbot)" 1493 **1/1493768**
114.119.145.154 - - [21/Aug/2026:10:06:35 -0700] "GET /?blackhole=44ad0d47e7 HTTP/1.1" 200 14206 "https://www.evucan.com/?blackhole=ff88b71c53" "Mozilla/5.0 (Linux; Android 7.0;) AppleWebKit/537.36 (HTML, like Gecko) Mobile Safari/537.36 (compatible; PetalBot;+https://webmaster.petalsearch.com/site/petalbot)" 1590 **1/1590164**
114.119.133.46 - - [21/Aug/2026:10:07:59 -0700] "GET /?blackhole=4165b2ce60 HTTP/1.1" 200 14206 "https://www.evucan.com/?blackhole=d47caad3f4" "Mozilla/5.0 (Linux; Android 7.0;) AppleWebKit/537.36 (HTML, like Gecko) Mobile Safari/537.36 (compatible; PetalBot;+https://webmaster.petalsearch.com/site/petalbot)" 1527 **1/1527657**
114.119.137.141 - - [21/Aug/2026:10:09:22 -0700] "GET /?blackhole=3fcda8e70a HTTP/1.1" 200 14206 "https://www.evucan.com/?blackhole=83e85d0a81" "Mozilla/5.0 (Linux; Android 7.0;) AppleWebKit/537.36 (HTML, like Gecko) Mobile Safari/537.36 (compatible; PetalBot;+https://webmaster.petalsearch.com/site/petalbot)" 1436 **1/1436580**
114.119.145.154 - - [21/Aug/2026:10:10:47 -0700] "GET /?blackhole=3e5ca08718 HTTP/1.1" 200 14206 "https://www.evucan.com/?blackhole=5d2b90f453" "Mozilla/5.0 (Linux; Android 7.0;) AppleWebKit/537.36 (HTML, like Gecko) Mobile Safari/537.36 (compatible; PetalBot;+https://webmaster.petalsearch.com/site/petalbot)" 1453 **1/1453232**
114.119.145.154 - - [21/Aug/2026:10:12:09 -0700] "GET /?blackhole=3a0aa63c0c HTTP/1.1" 200 14206 "https://www.evucan.com/?blackhole=956ff22a3c" "Mozilla/5.0 (Linux; Android 7.0;) AppleWebKit/537.36 (HTML, like Gecko) Mobile Safari/537.36 (compatible; PetalBot;+https://webmaster.petalsearch.com/site/petalbot)" 1553 **1/1553107**
93.183.125.93 - - [21/Aug/2026:10:12:31 -0700] "GET / HTTP/1.1" 200 13997 "http://www.evucan.com" "Mozilla/5.0 (Windows NT 10.0; Win64; x64; rv:147.0) Gecko/20100101 Firefox/147.0" 1580 **1/1580194**
172.120.81.247 - - [21/Aug/2026:10:12:58 -0700] "GET /login HTTP/1.1" 200 10971 "https://www.evucan.com/" "Mozilla/5.0 (Windows NT 6.3; Win64; x64) AppleWebKit/537.36 (KHTML, like Gecko) Chrome/103.0.0.0 Safari/537.36" 2397 **2/2397226**
172.120.81.247 - - [21/Aug/2026:10:13:01 -0700] "GET /xmlrpc.php HTTP/1.1" 405 432 "https://www.evucan.com/login" "Mozilla/5.0 (Windows NT 6.3; Win64; x64) AppleWebKit/537.36 (KHTML, like Gecko) Chrome/103.0.0.0 Safari/537.36" 1387 **1/1387389**
172.120.81.247 - - [21/Aug/2026:10:13:03 -0700] "POST /xmlrpc.php HTTP/1.1" 200 449 "https://www.evucan.com/xmlrpc.php" "Mozilla/5.0 (Windows NT 6.3; Win64; x64) AppleWebKit/537.36 (KHTML, like Gecko) Chrome/103.0.0.0 Safari/537.36" 1166 **1/1166830**
172.120.81.247 - - [21/Aug/2026:10:13:06 -0700] "POST /xmlrpc.php HTTP/1.1" 200 449 "https://www.evucan.com/xmlrpc.php" "Mozilla/5.0 (Windows NT 6.3; Win64; x64) AppleWebKit/537.36 (KHTML, like Gecko) Chrome/103.0.0.0 Safari/537.36" 902 **0/902239**
172.120.81.247 - - [21/Aug/2026:10:13:09 -0700] "GET / HTTP/1.1" 200 13997 "http://www.evucan.com" "Mozilla/5.0 (Windows NT 6.3; Win64; x64) AppleWebKit/537.36 (KHTML, like Gecko) Chrome/103.0.0.0 Safari/537.36" 1474 **1/1474186**
172.120.81.247 - - [21/Aug/2026:10:13:11 -0700] "GET /wp-admin/post-new.php HTTP/1.1" 302 390 "https://www.evucan.com/" "Mozilla/5.0 (Windows NT 6.3; Win64; x64) AppleWebKit/537.36 (KHTML, like Gecko) Chrome/103.0.0.0 Safari/537.36" 875 **0/875326**
172.120.81.247 - - [21/Aug/2026:10:13:13 -0700] "GET /wp-login.php?redirect_to=https%3A%2F%2Fwww.evucan.com%2Fwp-admin%2Fpost-new.php&reauth=1 HTTP/1.1" 200 2940 "https://www.evucan.com/wp-admin/post-new.php" "Mozilla/5.0 (Windows NT 6.3; Win64; x64) AppleWebKit/537.36 (KHTML, like Gecko) Chrome/103.0.0.0 Safari/537.36" 800 **0/800942**
114.119.158.156 - - [21/Aug/2026:10:13:33 -0700] "GET /?blackhole=36d8e03346 HTTP/1.1" 200 14206 "https://www.evucan.com/?blackhole=3cebdfd407" "Mozilla/5.0 (Linux; Android 7.0;) AppleWebKit/537.36 (HTML, like Gecko) Mobile Safari/537.36 (compatible; PetalBot;+https://webmaster.petalsearch.com/site/petalbot)" 1588 **1/1588045**
51.68.235.227 - - [21/Aug/2026:10:13:51 -0700] "GET /login HTTP/1.1" 200 10971 "https://www.evucan.com/" "Mozilla/5.0 (Windows NT 10.0; Win64; x64) AppleWebKit/537.36 (KHTML, like Gecko) Chrome/136.0.0.0 Safari/537.36" 1276 **1/1276363**
45.145.129.92 - - [21/Aug/2026:10:13:58 -0700] "GET /xmlrpc.php HTTP/1.1" 405 432 "https://www.evucan.com/login" "Mozilla/5.0 (Windows NT 6.3; Win64; x64) AppleWebKit/537.36 (KHTML, like Gecko) Chrome/103.0.0.0 Safari/537.36" 855 **0/855584**
45.145.129.92 - - [21/Aug/2026:10:14:01 -0700] "POST /xmlrpc.php HTTP/1.1" 200 449 "https://www.evucan.com/xmlrpc.php" "Mozilla/5.0 (Windows NT 6.3; Win64; x64) AppleWebKit/537.36 (KHTML, like Gecko) Chrome/103.0.0.0 Safari/537.36" 914 **0/914704**
45.145.129.92 - - [21/Aug/2026:10:14:03 -0700] "GET /login HTTP/1.1" 200 10971 "https://www.evucan.com/xmlrpc.php" "Mozilla/5.0 (Windows NT 6.3; Win64; x64) AppleWebKit/537.36 (KHTML, like Gecko) Chrome/103.0.0.0 Safari/537.36" 1376 **1/1376539**
45.145.129.92 - - [21/Aug/2026:10:14:06 -0700] "GET /wp-admin/post-new.php HTTP/1.1" 302 390 "https://www.evucan.com/login" "Mozilla/5.0 (Windows NT 6.3; Win64; x64) AppleWebKit/537.36 (KHTML, like Gecko) Chrome/103.0.0.0 Safari/537.36" 872 **0/872255**
45.145.129.92 - - [21/Aug/2026:10:14:09 -0700] "GET /wp-login.php?redirect_to=https%3A%2F%2Fwww.evucan.com%2Fwp-admin%2Fpost-new.php&reauth=1 HTTP/1.1" 200 2940 "https://www.evucan.com/wp-admin/post-new.php" "Mozilla/5.0 (Windows NT 6.3; Win64; x64) AppleWebKit/537.36 (KHTML, like Gecko) Chrome/103.0.0.0 Safari/537.36" 783 **0/783064**
114.119.140.178 - - [21/Aug/2026:10:14:57 -0700] "GET /?blackhole=343b797f34 HTTP/1.1" 200 14206 "https://www.evucan.com/?blackhole=42aa428625" "Mozilla/5.0 (Linux; Android 7.0;) AppleWebKit/537.36 (HTML, like Gecko) Mobile Safari/537.36 (compatible; PetalBot;+https://webmaster.petalsearch.com/site/petalbot)" 1465 **1/1465371**
114.119.145.154 - - [21/Aug/2026:10:16:21 -0700] "GET /?blackhole=33b50df293 HTTP/1.1" 200 14206 "https://www.evucan.com/?blackhole=58650a1b8e" "Mozilla/5.0 (Linux; Android 7.0;) AppleWebKit/537.36 (HTML, like Gecko) Mobile Safari/537.36 (compatible; PetalBot;+https://webmaster.petalsearch.com/site/petalbot)" 1376 **1/1376417**
114.119.137.141 - - [21/Aug/2026:10:17:45 -0700] "GET /?blackhole=2ea16d9b40 HTTP/1.1" 200 14206 "https://www.evucan.com/?miaoxiangacee-43118212_html" "Mozilla/5.0 (Linux; Android 7.0;) AppleWebKit/537.36 (HTML, like Gecko) Mobile Safari/537.36 (compatible; PetalBot;+https://webmaster.petalsearch.com/site/petalbot)" 1524 **1/1524535**
51.68.107.142 - - [21/Aug/2026:10:17:59 -0700] "GET /robots.txt HTTP/1.1" 200 134 "-" "Mozilla/5.0 (compatible; MJ12bot/v2.0.5; http://mj12bot.com/)" 8 **0/8810**
51.68.107.142 - - [21/Aug/2026:10:17:59 -0700] "GET / HTTP/1.1" 200 13992 "-" "Mozilla/5.0 (compatible; MJ12bot/v2.0.5; http://mj12bot.com/)" 1585 **1/1585866**
3.221.74.51 - - [21/Aug/2026:10:18:22 -0700] "GET /robots.txt HTTP/1.1" 200 134 "-" "Mozilla/5.0 (Macintosh; Intel Mac OS X 10_10_1) AppleWebKit/600.2.5 (KHTML, like Gecko) Version/8.0.2 Safari/600.2.5 (Gort)" 8 **0/8837**
114.119.133.46 - - [21/Aug/2026:10:19:07 -0700] "GET /?blackhole=2e68a3e5ae HTTP/1.1" 200 14206 "https://www.evucan.com/?blackhole=216779c68e" "Mozilla/5.0 (Linux; Android 7.0;) AppleWebKit/537.36 (HTML, like Gecko) Mobile Safari/537.36 (compatible; PetalBot;+https://webmaster.petalsearch.com/site/petalbot)" 1486 **1/1486557**
51.83.4.66 - - [21/Aug/2026:10:20:20 -0700] "GET /login HTTP/1.1" 200 10971 "https://www.evucan.com/" "Mozilla/5.0 (Windows NT 10.0; Win64; x64) AppleWebKit/537.36 (KHTML, like Gecko) Chrome/126.0.0.0 Safari/537.36" 1234 **1/1234122**
31.134.8.238 - - [21/Aug/2026:10:20:26 -0700] "GET /xmlrpc.php HTTP/1.1" 405 432 "https://www.evucan.com/login" "Mozilla/5.0 (Windows NT 6.3; Win64; x64) AppleWebKit/537.36 (KHTML, like Gecko) Chrome/103.0.0.0 Safari/537.36" 909 **0/909328**
31.134.8.238 - - [21/Aug/2026:10:20:28 -0700] "POST /xmlrpc.php HTTP/1.1" 200 449 "https://www.evucan.com/xmlrpc.php" "Mozilla/5.0 (Windows NT 6.3; Win64; x64) AppleWebKit/537.36 (KHTML, like Gecko) Chrome/103.0.0.0 Safari/537.36" 840 **0/840540**
31.134.8.238 - - [21/Aug/2026:10:20:29 -0700] "POST /xmlrpc.php HTTP/1.1" 200 449 "https://www.evucan.com/xmlrpc.php" "Mozilla/5.0 (Windows NT 6.3; Win64; x64) AppleWebKit/537.36 (KHTML, like Gecko) Chrome/103.0.0.0 Safari/537.36" 875 **0/875641**
31.134.8.238 - - [21/Aug/2026:10:20:30 -0700] "GET /login HTTP/1.1" 200 10971 "https://www.evucan.com/xmlrpc.php" "Mozilla/5.0 (Windows NT 6.3; Win64; x64) AppleWebKit/537.36 (KHTML, like Gecko) Chrome/103.0.0.0 Safari/537.36" 1370 **1/1370784**
31.134.8.238 - - [21/Aug/2026:10:20:32 -0700] "GET /wp-admin/post-new.php HTTP/1.1" 302 390 "https://www.evucan.com/login" "Mozilla/5.0 (Windows NT 6.3; Win64; x64) AppleWebKit/537.36 (KHTML, like Gecko) Chrome/103.0.0.0 Safari/537.36" 887 **0/887070**
114.119.158.156 - - [21/Aug/2026:10:20:32 -0700] "GET /?blackhole=2db02b80a7 HTTP/1.1" 200 14206 "http://www.evucan.com/?blackhole=82f8c6229b" "Mozilla/5.0 (Linux; Android 7.0;) AppleWebKit/537.36 (HTML, like Gecko) Mobile Safari/537.36 (compatible; PetalBot;+https://webmaster.petalsearch.com/site/petalbot)" 1616 **1/1616195**
31.134.8.238 - - [21/Aug/2026:10:20:33 -0700] "GET /wp-login.php?redirect_to=https%3A%2F%2Fwww.evucan.com%2Fwp-admin%2Fpost-new.php&reauth=1 HTTP/1.1" 200 2940 "https://www.evucan.com/wp-admin/post-new.php" "Mozilla/5.0 (Windows NT 6.3; Win64; x64) AppleWebKit/537.36 (KHTML, like Gecko) Chrome/103.0.0.0 Safari/537.36" 867 **0/867047**
114.119.145.154 - - [21/Aug/2026:10:21:57 -0700] "GET /?blackhole=27d789289e HTTP/1.1" 200 14206 "https://www.evucan.com/?blackhole=05d5080ef1" "Mozilla/5.0 (Linux; Android 7.0;) AppleWebKit/537.36 (HTML, like Gecko) Mobile Safari/537.36 (compatible; PetalBot;+https://webmaster.petalsearch.com/site/petalbot)" 1450 **1/1450434**
114.119.133.46 - - [21/Aug/2026:10:23:17 -0700] "GET /?blackhole=2463aa71ea HTTP/1.1" 200 14206 "https://www.evucan.com/privacy-policy" "Mozilla/5.0 (Linux; Android 7.0;) AppleWebKit/537.36 (HTML, like Gecko) Mobile Safari/537.36 (compatible; PetalBot;+https://webmaster.petalsearch.com/site/petalbot)" 1415 **1/1415895**
100.92.37.155 - - [21/Aug/2026:10:23:52 -0700] "GET /?rnd=1787333030166 HTTP/1.1" 200 14201 "http://evucan.com/?rnd=1787333030166" "Sucuri-UptimeMonitoring" 1434 **1/1434597**
114.119.133.46 - - [21/Aug/2026:10:24:40 -0700] "GET /?blackhole=217ccf846a HTTP/1.1" 200 14206 "https://www.evucan.com/?blackhole=09f82f8dfc" "Mozilla/5.0 (Linux; Android 7.0;) AppleWebKit/537.36 (HTML, like Gecko) Mobile Safari/537.36 (compatible; PetalBot;+https://webmaster.petalsearch.com/site/petalbot)" 1529 **1/1529323**
114.119.133.46 - - [21/Aug/2026:10:26:05 -0700] "GET /?blackhole=203ef762e8 HTTP/1.1" 200 14206 "http://www.evucan.com/?blackhole=bdde6c052b" "Mozilla/5.0 (Linux; Android 7.0;) AppleWebKit/537.36 (HTML, like Gecko) Mobile Safari/537.36 (compatible; PetalBot;+https://webmaster.petalsearch.com/site/petalbot)" 1484 **1/1484852**
114.119.145.154 - - [21/Aug/2026:10:27:29 -0700] "GET /?blackhole=18830fd069 HTTP/1.1" 200 14206 "https://www.evucan.com/?blackhole=411b7d754a" "Mozilla/5.0 (Linux; Android 7.0;) AppleWebKit/537.36 (HTML, like Gecko) Mobile Safari/537.36 (compatible; PetalBot;+https://webmaster.petalsearch.com/site/petalbot)" 1525 **1/1525827**
114.119.137.141 - - [21/Aug/2026:10:28:52 -0700] "GET /?blackhole=0ba63d0ab3 HTTP/1.1" 200 14206 "https://www.evucan.com/?blackhole=69e031e3d6" "Mozilla/5.0 (Linux; Android 7.0;) AppleWebKit/537.36 (HTML, like Gecko) Mobile Safari/537.36 (compatible; PetalBot;+https://webmaster.petalsearch.com/site/petalbot)" 1504 **1/1504436**
114.119.157.166 - - [21/Aug/2026:10:30:16 -0700] "GET /?blackhole=0906551a61 HTTP/1.1" 200 14206 "https://www.evucan.com/?blackhole=e217bde2df" "Mozilla/5.0 (Linux; Android 7.0;) AppleWebKit/537.36 (HTML, like Gecko) Mobile Safari/537.36 (compatible; PetalBot;+https://webmaster.petalsearch.com/site/petalbot)" 1465 **1/1465475**
114.119.133.46 - - [21/Aug/2026:10:31:39 -0700] "GET /?blackhole=07b0c11be5 HTTP/1.1" 200 14206 "https://www.evucan.com/?blackhole=1ca891860c" "Mozilla/5.0 (Linux; Android 7.0;) AppleWebKit/537.36 (HTML, like Gecko) Mobile Safari/537.36 (compatible; PetalBot;+https://webmaster.petalsearch.com/site/petalbot)" 1408 **1/1408487**
114.119.145.154 - - [21/Aug/2026:10:33:05 -0700] "GET /?kait=replica-watches-watch88&id=46 HTTP/1.1" 200 14206 "http://www.evucan.com/?kait=replica-watches-watch88&id=46" "Mozilla/5.0 (Linux; Android 7.0;) AppleWebKit/537.36 (HTML, like Gecko) Mobile Safari/537.36 (compatible; PetalBot;+https://webmaster.petalsearch.com/site/petalbot)" 1434 **1/1434766**
85.208.96.197 - - [21/Aug/2026:10:34:11 -0700] "GET /robots.txt HTTP/1.1" 200 134 "-" "Mozilla/5.0 (compatible; SemrushBot/7~bl; +http://www.semrush.com/bot.html)" 10 **0/10280**
185.191.171.13 - - [21/Aug/2026:10:34:13 -0700] "GET /1/vulkan-vulsan-oficialnyj-sajt-onlajn-kazino HTTP/1.1" 200 26865 "-" "Mozilla/5.0 (compatible; SemrushBot/7~bl; +http://www.semrush.com/bot.html)" 1499 **1/1499077**
114.119.159.33 - - [21/Aug/2026:10:34:54 -0700] "GET /?blackhole=dbba1c049b HTTP/1.1" 200 14206 "https://www.evucan.com/?blackhole=21eb3f1051" "Mozilla/5.0 (Linux; Android 7.0;) AppleWebKit/537.36 (HTML, like Gecko) Mobile Safari/537.36 (compatible; PetalBot;+https://webmaster.petalsearch.com/site/petalbot)" 1595 **1/1595735**
51.83.4.66 - - [21/Aug/2026:10:35:06 -0700] "GET /login HTTP/1.1" 200 10971 "https://www.evucan.com/" "Mozilla/5.0 (Windows NT 10.0; Win64; x64) AppleWebKit/537.36 (KHTML, like Gecko) Chrome/126.0.0.0 Safari/537.36" 1305 **1/1305084**
140.235.171.174 - - [21/Aug/2026:10:35:13 -0700] "GET /xmlrpc.php HTTP/1.1" 405 432 "https://www.evucan.com/login" "Mozilla/5.0 (Windows NT 6.3; Win64; x64) AppleWebKit/537.36 (KHTML, like Gecko) Chrome/103.0.0.0 Safari/537.36" 842 **0/842078**
140.235.171.174 - - [21/Aug/2026:10:35:16 -0700] "POST /xmlrpc.php HTTP/1.1" 200 449 "https://www.evucan.com/xmlrpc.php" "Mozilla/5.0 (Windows NT 6.3; Win64; x64) AppleWebKit/537.36 (KHTML, like Gecko) Chrome/103.0.0.0 Safari/537.36" 853 **0/853874**
140.235.171.174 - - [21/Aug/2026:10:35:18 -0700] "POST /xmlrpc.php HTTP/1.1" 200 449 "https://www.evucan.com/xmlrpc.php" "Mozilla/5.0 (Windows NT 6.3; Win64; x64) AppleWebKit/537.36 (KHTML, like Gecko) Chrome/103.0.0.0 Safari/537.36" 808 **0/808148**
140.235.171.174 - - [21/Aug/2026:10:35:20 -0700] "GET /login HTTP/1.1" 200 10971 "https://www.evucan.com/xmlrpc.php" "Mozilla/5.0 (Windows NT 6.3; Win64; x64) AppleWebKit/537.36 (KHTML, like Gecko) Chrome/103.0.0.0 Safari/537.36" 1332 **1/1332980**
140.235.171.174 - - [21/Aug/2026:10:35:23 -0700] "GET /wp-admin/post-new.php HTTP/1.1" 302 390 "https://www.evucan.com/login" "Mozilla/5.0 (Windows NT 6.3; Win64; x64) AppleWebKit/537.36 (KHTML, like Gecko) Chrome/103.0.0.0 Safari/537.36" 962 **0/962181**
98.82.38.120 - - [21/Aug/2026:10:35:25 -0700] "GET /terms-and-conditions HTTP/1.1" 200 7027 "-" "Mozilla/5.0 AppleWebKit/537.36 (KHTML, like Gecko; compatible; Amazonbot/0.1; +https://developer.amazon.com/support/amazonbot) Chrome/119.0.6045.214 Safari/537.36" 3 **0/3184**
140.235.171.174 - - [21/Aug/2026:10:35:26 -0700] "GET /wp-login.php?redirect_to=https%3A%2F%2Fwww.evucan.com%2Fwp-admin%2Fpost-new.php&reauth=1 HTTP/1.1" 200 2940 "https://www.evucan.com/wp-admin/post-new.php" "Mozilla/5.0 (Windows NT 6.3; Win64; x64) AppleWebKit/537.36 (KHTML, like Gecko) Chrome/103.0.0.0 Safari/537.36" 834 **0/834917**
114.119.137.141 - - [21/Aug/2026:10:35:51 -0700] "GET /?blackhole=c47359f31c HTTP/1.1" 200 14206 "http://www.evucan.com/services" "Mozilla/5.0 (Linux; Android 7.0;) AppleWebKit/537.36 (HTML, like Gecko) Mobile Safari/537.36 (compatible; PetalBot;+https://webmaster.petalsearch.com/site/petalbot)" 1418 **1/1418240**
114.119.158.156 - - [21/Aug/2026:10:37:16 -0700] "GET /?blackhole=6383810415 HTTP/1.1" 200 14206 "http://www.evucan.com/pay-monthly-websites-quote.html" "Mozilla/5.0 (Linux; Android 7.0;) AppleWebKit/537.36 (HTML, like Gecko) Mobile Safari/537.36 (compatible; PetalBot;+https://webmaster.petalsearch.com/site/petalbot)" 1567 **1/1567507**
114.119.158.156 - - [21/Aug/2026:10:38:40 -0700] "GET /?blackhole=5de09e327b HTTP/1.1" 200 14206 "http://www.evucan.com/pay-monthly-websites.html" "Mozilla/5.0 (Linux; Android 7.0;) AppleWebKit/537.36 (HTML, like Gecko) Mobile Safari/537.36 (compatible; PetalBot;+https://webmaster.petalsearch.com/site/petalbot)" 1658 **1/1658879**
114.119.158.156 - - [21/Aug/2026:10:40:02 -0700] "GET /?blackhole=046cb70907 HTTP/1.1" 200 14206 "https://www.evucan.com/?blackhole=f3e9633b0c" "Mozilla/5.0 (Linux; Android 7.0;) AppleWebKit/537.36 (HTML, like Gecko) Mobile Safari/537.36 (compatible; PetalBot;+https://webmaster.petalsearch.com/site/petalbot)" 1843 **1/1843011**
13.57.17.219 - - [21/Aug/2026:10:41:17 -0700] "GET /mostbet-uz-kirish/mostbet-app-a-convenient-and-reliable-way-to-place-bets HTTP/1.1" 200 15976 "-" "TerraCotta 0.2 https://www.github.com/ceramicTeam/CeramicTerracotta" 1506 **1/1506451**
45.137.215.48 - - [21/Aug/2026:10:41:20 -0700] "GET / HTTP/1.0" 200 75583 "https://www.evucan.com/" "Mozilla/5.0 (Windows NT 10.0; Win64; x64) AppleWebKit/537.36 (KHTML, like Gecko) Chrome/130.0.0.0 Safari/537.36 CCleaner/130.0.0.0" 1709 **1/1709827**
45.137.215.48 - - [21/Aug/2026:10:41:23 -0700] "POST /wp-admin/admin-ajax.php HTTP/1.0" 200 469 "https://www.evucan.com/" "Mozilla/5.0 (Windows NT 10.0; Win64; x64) AppleWebKit/537.36 (KHTML, like Gecko) Chrome/130.0.0.0 Safari/537.36 CCleaner/130.0.0.0" 1363 **1/1363739**
104.155.108.75 - - [21/Aug/2026:10:43:37 -0700] "GET /robots.txt HTTP/1.1" 200 134 "-" "Mozilla/5.0 (compatible; VelenPublicWebCrawler/1.0; +https://velen.io)" 8 **0/8264**
40.77.167.59 - - [21/Aug/2026:10:44:02 -0700] "GET /?blackhole=625189e5db HTTP/2.0" 200 14199 "-" "Mozilla/5.0 AppleWebKit/537.36 (KHTML, like Gecko; compatible; bingbot/2.0; +http://www.bing.com/bingbot.htm) Chrome/116.0.1938.76 Safari/537.36" 1539 **1/1539808**
43.164.192.151 - - [21/Aug/2026:10:52:54 -0700] "GET / HTTP/1.1" 200 13996 "http://evucan.com" "Mozilla/5.0 (iPhone; CPU iPhone OS 13_2_3 like Mac OS X) AppleWebKit/605.1.15 (KHTML, like Gecko) Version/13.0.3 Mobile/15E148 Safari/604.1" 1524 **1/1524812**
87.199.205.156 - - [21/Aug/2026:10:53:04 -0700] "GET /register HTTP/1.0" 200 55168 "https://www.evucan.com/register" "Mozilla/5.0 (Windows NT 10.0; Win64; x64) AppleWebKit/537.36 (KHTML, like Gecko) Chrome/130.0.0.0 Safari/537.36 CCleaner/130.0.0.0" 1448 **1/1448200**
87.199.205.156 - - [21/Aug/2026:10:53:06 -0700] "POST /wp-admin/admin-ajax.php HTTP/1.0" 200 469 "https://www.evucan.com/register" "Mozilla/5.0 (Windows NT 10.0; Win64; x64) AppleWebKit/537.36 (KHTML, like Gecko) Chrome/130.0.0.0 Safari/537.36 CCleaner/130.0.0.0" 1312 **1/1312519**
122.162.148.49 - - [21/Aug/2026:10:53:33 -0700] "GET /youtube HTTP/2.0" 200 10951 "-" "Mozilla/5.0 (Macintosh; Intel Mac OS X 10_15_7) AppleWebKit/537.36 (KHTML, like Gecko) Chrome/133.0.0.0 Safari/537.36" 1555 **1/1555822**
146.103.110.4 - - [21/Aug/2026:10:54:54 -0700] "POST /wp-admin/admin-ajax.php HTTP/1.0" 200 469 "http://www.evucan.com/casino-fortune-331/igrat-onlajn-besplatno-oficialnyj-sajt-skachat-7" "Mozilla/5.0 (Windows NT 10.0; Win64; x64) AppleWebKit/537.36 (KHTML, like Gecko) Chrome/129.0.0.0 Safari/537.36" 1355 **1/1355566**
43.164.129.191 - - [21/Aug/2026:10:56:39 -0700] "GET /posts HTTP/1.1" 200 13188 "-" "Mozilla/5.0 (iPhone; CPU iPhone OS 13_2_3 like Mac OS X) AppleWebKit/605.1.15 (KHTML, like Gecko) Version/13.0.3 Mobile/15E148 Safari/604.1" 1436 **1/1436769**
5.39.1.252 - - [21/Aug/2026:10:59:56 -0700] "GET /sitemap.xml HTTP/2.0" 301 390 "-" "Mozilla/5.0 (compatible; AhrefsBot/7.0; +http://ahrefs.com/robot/)" 851 **0/851968**
5.39.1.252 - - [21/Aug/2026:10:59:57 -0700] "GET /sitemap.xml HTTP/2.0" 301 390 "-" "Mozilla/5.0 (compatible; AhrefsBot/7.0; +http://ahrefs.com/robot/)" 755 **0/755536**
5.39.1.252 - - [21/Aug/2026:10:59:58 -0700] "GET /sitemap_index.xml HTTP/2.0" 200 660 "-" "Mozilla/5.0 (compatible; AhrefsBot/7.0; +http://ahrefs.com/robot/)" 794 **0/794598**
192.178.7.38 - - [21/Aug/2026:11:00:31 -0700] "GET /1xbet-az-casino/tg1xbet-azrbaycan-yuekle-android-v-iphone-bonus-100-proloq-idman-mrclrtg HTTP/1.1" 200 18469 "-" "Mozilla/5.0 (Linux; Android 6.0.1; Nexus 5X Build/MMB29P) AppleWebKit/537.36 (KHTML, like Gecko) Chrome/151.0.7922.137 Mobile Safari/537.36 (compatible; Googlebot/2.1; +http://www.google.com/bot.html)" 1698 **1/1698604**
192.178.7.38 - - [21/Aug/2026:11:01:23 -0700] "GET /wp-content/cache/busting/1/wp-content/plugins/formidable/css/formidableforms-56901.css HTTP/1.1" 200 8570 "https://www.evucan.com/1xbet-az-casino/tg1xbet-azrbaycan-yuekle-android-v-iphone-bonus-100-proloq-idman-mrclrtg" "Mozilla/5.0 (Linux; Android 6.0.1; Nexus 5X Build/MMB29P) AppleWebKit/537.36 (KHTML, like Gecko) Chrome/151.0.7922.137 Mobile Safari/537.36 (compatible; Googlebot/2.1; +http://www.google.com/bot.html)" 10 **0/10827**
192.178.7.39 - - [21/Aug/2026:11:01:25 -0700] "GET /wp-content/cache/busting/1/wp-content/plugins/wp-user-avatar/assets/css/frontend.min-4.16.14.css HTTP/1.1" 200 14636 "https://www.evucan.com/1xbet-az-casino/tg1xbet-azrbaycan-yuekle-android-v-iphone-bonus-100-proloq-idman-mrclrtg" "Mozilla/5.0 (Linux; Android 6.0.1; Nexus 5X Build/MMB29P) AppleWebKit/537.36 (KHTML, like Gecko) Chrome/151.0.7922.137 Mobile Safari/537.36 (compatible; Googlebot/2.1; +http://www.google.com/bot.html)" 12 **0/12701**
192.178.7.38 - - [21/Aug/2026:11:01:27 -0700] "GET /wp-content/cache/busting/1/wp-content/plugins/elementor-pro/assets/css/frontend.min-3.14.1.css HTTP/1.1" 200 41258 "https://www.evucan.com/1xbet-az-casino/tg1xbet-azrbaycan-yuekle-android-v-iphone-bonus-100-proloq-idman-mrclrtg" "Mozilla/5.0 (Linux; Android 6.0.1; Nexus 5X Build/MMB29P) AppleWebKit/537.36 (KHTML, like Gecko) Chrome/151.0.7922.137 Mobile Safari/537.36 (compatible; Googlebot/2.1; +http://www.google.com/bot.html)" 19 **0/19813**
192.178.7.38 - - [21/Aug/2026:11:01:28 -0700] "GET /wp-content/cache/busting/1/wp-content/uploads/elementor/css/post-8174-1689170107.css HTTP/1.1" 200 4389 "https://www.evucan.com/1xbet-az-casino/tg1xbet-azrbaycan-yuekle-android-v-iphone-bonus-100-proloq-idman-mrclrtg" "Mozilla/5.0 (Linux; Android 6.0.1; Nexus 5X Build/MMB29P) AppleWebKit/537.36 (KHTML, like Gecko) Chrome/151.0.7922.137 Mobile Safari/537.36 (compatible; Googlebot/2.1; +http://www.google.com/bot.html)" 11 **0/11124**
192.178.7.39 - - [21/Aug/2026:11:01:32 -0700] "GET /wp-content/cache/busting/1/wp-content/uploads/elementor/css/post-3644-1689380900.css HTTP/1.1" 200 1376 "https://www.evucan.com/1xbet-az-casino/tg1xbet-azrbaycan-yuekle-android-v-iphone-bonus-100-proloq-idman-mrclrtg" "Mozilla/5.0 (Linux; Android 6.0.1; Nexus 5X Build/MMB29P) AppleWebKit/537.36 (KHTML, like Gecko) Chrome/151.0.7922.137 Mobile Safari/537.36 (compatible; Googlebot/2.1; +http://www.google.com/bot.html)" 9 **0/9183**
170.75.148.251 - - [21/Aug/2026:11:03:21 -0700] "GET / HTTP/2.0" 200 13994 "-" "Mozilla/5.0 (Linux; Android 8.0; Pixel 2 Build/OPD3.170816.012) AppleWebKit/537.36 (KHTML, like Gecko) Chrome/49.0.1920.1162 Mobile Safari/537.36" 1603 **1/1603606**
170.75.148.251 - - [21/Aug/2026:11:03:23 -0700] "GET /wp-content/cache/busting/1/wp-content/plugins/formidable/css/formidableforms-56901.css HTTP/2.0" 200 8570 "https://www.evucan.com/" "Mozilla/5.0 (Linux; Android 8.0; Pixel 2 Build/OPD3.170816.012) AppleWebKit/537.36 (KHTML, like Gecko) Chrome/49.0.1920.1162 Mobile Safari/537.36" 11 **0/11133**
170.75.148.251 - - [21/Aug/2026:11:03:23 -0700] "GET /wp-content/cache/busting/1/wp-content/plugins/wp-accessibility-helper/assets/css/wp-accessibility-helper.min-0.5.9.4.css HTTP/2.0" 200 2023 "https://www.evucan.com/" "Mozilla/5.0 (Linux; Android 8.0; Pixel 2 Build/OPD3.170816.012) AppleWebKit/537.36 (KHTML, like Gecko) Chrome/49.0.1920.1162 Mobile Safari/537.36" 9 **0/9985**
170.75.148.251 - - [21/Aug/2026:11:03:23 -0700] "GET /wp-content/cache/busting/1/wp-content/plugins/wp-user-avatar/assets/css/frontend.min-4.16.14.css HTTP/2.0" 200 14636 "https://www.evucan.com/" "Mozilla/5.0 (Linux; Android 8.0; Pixel 2 Build/OPD3.170816.012) AppleWebKit/537.36 (KHTML, like Gecko) Chrome/49.0.1920.1162 Mobile Safari/537.36" 12 **0/12652**
170.75.148.251 - - [21/Aug/2026:11:03:23 -0700] "GET /wp-content/cache/busting/1/wp-content/plugins/wp-user-avatar/assets/flatpickr/flatpickr.min-4.16.14.css HTTP/2.0" 200 2662 "https://www.evucan.com/" "Mozilla/5.0 (Linux; Android 8.0; Pixel 2 Build/OPD3.170816.012) AppleWebKit/537.36 (KHTML, like Gecko) Chrome/49.0.1920.1162 Mobile Safari/537.36" 11 **0/11143**
170.75.148.251 - - [21/Aug/2026:11:03:23 -0700] "GET /wp-content/cache/busting/1/wp-content/themes/hello-theme-child/style-1.0.0.css HTTP/2.0" 200 367 "https://www.evucan.com/" "Mozilla/5.0 (Linux; Android 8.0; Pixel 2 Build/OPD3.170816.012) AppleWebKit/537.36 (KHTML, like Gecko) Chrome/49.0.1920.1162 Mobile Safari/537.36" 8 **0/8341**
170.75.148.251 - - [21/Aug/2026:11:03:23 -0700] "GET /wp-content/cache/busting/1/wp-content/themes/hello-elementor/theme.min-2.2.0.css HTTP/2.0" 200 1429 "https://www.evucan.com/" "Mozilla/5.0 (Linux; Android 8.0; Pixel 2 Build/OPD3.170816.012) AppleWebKit/537.36 (KHTML, like Gecko) Chrome/49.0.1920.1162 Mobile Safari/537.36" 8 **0/8625**
170.75.148.251 - - [21/Aug/2026:11:03:23 -0700] "GET /wp-content/cache/busting/1/wp-content/plugins/elementor/assets/lib/eicons/css/elementor-icons.min-5.20.0.css HTTP/2.0" 200 4018 "https://www.evucan.com/" "Mozilla/5.0 (Linux; Android 8.0; Pixel 2 Build/OPD3.170816.012) AppleWebKit/537.36 (KHTML, like Gecko) Chrome/49.0.1920.1162 Mobile Safari/537.36" 11 **0/11633**
170.75.148.251 - - [21/Aug/2026:11:03:23 -0700] "GET /wp-content/cache/busting/1/wp-content/themes/hello-elementor/style.min-2.2.0.css HTTP/2.0" 200 2294 "https://www.evucan.com/" "Mozilla/5.0 (Linux; Android 8.0; Pixel 2 Build/OPD3.170816.012) AppleWebKit/537.36 (KHTML, like Gecko) Chrome/49.0.1920.1162 Mobile Safari/537.36" 13 **0/13327**
170.75.148.251 - - [21/Aug/2026:11:03:23 -0700] "GET /wp-content/cache/busting/1/wp-content/plugins/elementor/assets/css/frontend-legacy.min-3.14.1.css HTTP/2.0" 200 708 "https://www.evucan.com/" "Mozilla/5.0 (Linux; Android 8.0; Pixel 2 Build/OPD3.170816.012) AppleWebKit/537.36 (KHTML, like Gecko) Chrome/49.0.1920.1162 Mobile Safari/537.36" 9 **0/9660**
170.75.148.251 - - [21/Aug/2026:11:03:23 -0700] "GET /wp-content/cache/busting/1/wp-content/plugins/elementor/assets/css/frontend.min-3.14.1.css HTTP/2.0" 200 18861 "https://www.evucan.com/" "Mozilla/5.0 (Linux; Android 8.0; Pixel 2 Build/OPD3.170816.012) AppleWebKit/537.36 (KHTML, like Gecko) Chrome/49.0.1920.1162 Mobile Safari/537.36" 12 **0/12837**
170.75.148.251 - - [21/Aug/2026:11:03:23 -0700] "GET /wp-content/cache/busting/1/wp-content/uploads/elementor/css/post-8174-1689170107.css HTTP/2.0" 200 4389 "https://www.evucan.com/" "Mozilla/5.0 (Linux; Android 8.0; Pixel 2 Build/OPD3.170816.012) AppleWebKit/537.36 (KHTML, like Gecko) Chrome/49.0.1920.1162 Mobile Safari/537.36" 13 **0/13491**
170.75.148.251 - - [21/Aug/2026:11:03:23 -0700] "GET /wp-content/cache/busting/1/wp-content/plugins/elementor/assets/lib/swiper/css/swiper.min-5.3.6.css HTTP/2.0" 200 2409 "https://www.evucan.com/" "Mozilla/5.0 (Linux; Android 8.0; Pixel 2 Build/OPD3.170816.012) AppleWebKit/537.36 (KHTML, like Gecko) Chrome/49.0.1920.1162 Mobile Safari/537.36" 13 **0/13917**
170.75.148.251 - - [21/Aug/2026:11:03:23 -0700] "GET /wp-content/cache/busting/1/wp-content/uploads/elementor/css/post-1430-1689170122.css HTTP/2.0" 200 1374 "https://www.evucan.com/" "Mozilla/5.0 (Linux; Android 8.0; Pixel 2 Build/OPD3.170816.012) AppleWebKit/537.36 (KHTML, like Gecko) Chrome/49.0.1920.1162 Mobile Safari/537.36" 19 **0/19426**
170.75.148.251 - - [21/Aug/2026:11:03:23 -0700] "GET /wp-content/cache/busting/1/wp-content/plugins/elementor-pro/assets/css/frontend.min-3.14.1.css HTTP/2.0" 200 41258 "https://www.evucan.com/" "Mozilla/5.0 (Linux; Android 8.0; Pixel 2 Build/OPD3.170816.012) AppleWebKit/537.36 (KHTML, like Gecko) Chrome/49.0.1920.1162 Mobile Safari/537.36" 23 **0/23085**
