74.7.242.57 - - [21/Aug/2026:20:01:06 -0700] "GET /index.php?loknya=/proc/2214916/cwd/lib/.build-id/b3 HTTP/2.0" 200 3293 "https://evucan.com/index.php?loknya=/proc/2214916/cwd/lib/.build-id" "Mozilla/5.0 AppleWebKit/537.36 (KHTML, like Gecko; compatible; GPTBot/1.4; +https://openai.com/gptbot)" 284 **0/284209**
74.7.242.57 - - [21/Aug/2026:20:01:17 -0700] "GET /index.php?loknya=/proc/2215635/cwd/lib/.build-id/5f HTTP/2.0" 200 2631 "https://evucan.com/index.php?loknya=/proc/2215635/cwd/lib/.build-id" "Mozilla/5.0 AppleWebKit/537.36 (KHTML, like Gecko; compatible; GPTBot/1.4; +https://openai.com/gptbot)" 276 **0/276506**
74.7.242.57 - - [21/Aug/2026:20:01:25 -0700] "GET /index.php?loknya=/proc/2215635/cwd/lib/.build-id/9e HTTP/2.0" 200 2922 "https://evucan.com/index.php?loknya=/proc/2215635/cwd/lib/.build-id" "Mozilla/5.0 AppleWebKit/537.36 (KHTML, like Gecko; compatible; GPTBot/1.4; +https://openai.com/gptbot)" 300 **0/300898**
74.7.242.57 - - [21/Aug/2026:20:01:32 -0700] "GET /index.php?loknya=/proc/2214916/cwd/lib/.build-id/b0 HTTP/2.0" 200 2739 "https://evucan.com/index.php?loknya=/proc/2214916/cwd/lib/.build-id" "Mozilla/5.0 AppleWebKit/537.36 (KHTML, like Gecko; compatible; GPTBot/1.4; +https://openai.com/gptbot)" 288 **0/288469**
74.7.242.57 - - [21/Aug/2026:20:01:37 -0700] "GET /index.php?loknya=/proc/2215635/cwd/lib/.build-id/7c HTTP/2.0" 200 3260 "https://evucan.com/index.php?loknya=/proc/2215635/cwd/lib/.build-id" "Mozilla/5.0 AppleWebKit/537.36 (KHTML, like Gecko; compatible; GPTBot/1.4; +https://openai.com/gptbot)" 274 **0/274098**
74.7.242.57 - - [21/Aug/2026:20:01:41 -0700] "GET /index.php?loknya=/proc/2214916/cwd/lib/.build-id/3e HTTP/2.0" 200 2638 "https://evucan.com/index.php?loknya=/proc/2214916/cwd/lib/.build-id" "Mozilla/5.0 AppleWebKit/537.36 (KHTML, like Gecko; compatible; GPTBot/1.4; +https://openai.com/gptbot)" 272 **0/272582**
74.7.242.57 - - [21/Aug/2026:20:01:45 -0700] "GET /index.php?loknya=/proc/2214916/cwd/lib/.build-id/2f HTTP/2.0" 200 2717 "https://evucan.com/index.php?loknya=/proc/2214916/cwd/lib/.build-id" "Mozilla/5.0 AppleWebKit/537.36 (KHTML, like Gecko; compatible; GPTBot/1.4; +https://openai.com/gptbot)" 286 **0/286408**
74.7.242.57 - - [21/Aug/2026:20:01:48 -0700] "GET /index.php?loknya=/proc/2214916/cwd/lib/.build-id/7b HTTP/2.0" 200 2997 "https://evucan.com/index.php?loknya=/proc/2214916/cwd/lib/.build-id" "Mozilla/5.0 AppleWebKit/537.36 (KHTML, like Gecko; compatible; GPTBot/1.4; +https://openai.com/gptbot)" 283 **0/283766**
74.7.242.57 - - [21/Aug/2026:20:01:50 -0700] "GET /index.php?lokasie=/proc/2215635/cwd/lib/.build-id/a9/ccd3238bab49fba252074cd7a3813d2e74fe8f&loknya=/proc/2215635/cwd/lib/.build-id/a9 HTTP/2.0" 200 9200 "https://evucan.com/index.php?loknya=/proc/2215635/cwd/lib/.build-id/a9" "Mozilla/5.0 AppleWebKit/537.36 (KHTML, like Gecko; compatible; GPTBot/1.4; +https://openai.com/gptbot)" 267 **0/267585**
74.7.242.57 - - [21/Aug/2026:20:01:52 -0700] "GET /index.php?loknya=/proc/2214916/cwd/lib/.build-id/3a HTTP/2.0" 200 3270 "https://evucan.com/index.php?loknya=/proc/2214916/cwd/lib/.build-id" "Mozilla/5.0 AppleWebKit/537.36 (KHTML, like Gecko; compatible; GPTBot/1.4; +https://openai.com/gptbot)" 265 **0/265374**
74.7.242.57 - - [21/Aug/2026:20:01:53 -0700] "GET /index.php?loknya=/proc/2214916/cwd/lib/.build-id/f6 HTTP/2.0" 200 3557 "https://evucan.com/index.php?loknya=/proc/2214916/cwd/lib/.build-id" "Mozilla/5.0 AppleWebKit/537.36 (KHTML, like Gecko; compatible; GPTBot/1.4; +https://openai.com/gptbot)" 294 **0/294687**
74.7.242.57 - - [21/Aug/2026:20:01:54 -0700] "GET /index.php?loknya=/proc/2215635/cwd/lib/.build-id/c8 HTTP/2.0" 200 3182 "https://evucan.com/index.php?loknya=/proc/2215635/cwd/lib/.build-id" "Mozilla/5.0 AppleWebKit/537.36 (KHTML, like Gecko; compatible; GPTBot/1.4; +https://openai.com/gptbot)" 274 **0/274744**
74.7.242.57 - - [21/Aug/2026:20:01:55 -0700] "GET /index.php?loknya=/proc/2215635/cwd/lib/.build-id/a0 HTTP/2.0" 200 2642 "https://evucan.com/index.php?loknya=/proc/2215635/cwd/lib/.build-id" "Mozilla/5.0 AppleWebKit/537.36 (KHTML, like Gecko; compatible; GPTBot/1.4; +https://openai.com/gptbot)" 257 **0/257430**
74.7.242.57 - - [21/Aug/2026:20:01:56 -0700] "GET /index.php?loknya=/proc/2215635/cwd/lib/.build-id/4e HTTP/2.0" 200 2428 "https://evucan.com/index.php?loknya=/proc/2215635/cwd/lib/.build-id" "Mozilla/5.0 AppleWebKit/537.36 (KHTML, like Gecko; compatible; GPTBot/1.4; +https://openai.com/gptbot)" 285 **0/285165**
74.7.242.57 - - [21/Aug/2026:20:01:57 -0700] "GET /index.php?loknya=/proc/2215635/cwd/lib/.build-id/3f HTTP/2.0" 200 2807 "https://evucan.com/index.php?loknya=/proc/2215635/cwd/lib/.build-id" "Mozilla/5.0 AppleWebKit/537.36 (KHTML, like Gecko; compatible; GPTBot/1.4; +https://openai.com/gptbot)" 294 **0/294598**
74.7.242.57 - - [21/Aug/2026:20:01:57 -0700] "GET /index.php?loknya=/proc/2214916/cwd/lib/.build-id/9f HTTP/2.0" 200 3112 "https://evucan.com/index.php?loknya=/proc/2214916/cwd/lib/.build-id" "Mozilla/5.0 AppleWebKit/537.36 (KHTML, like Gecko; compatible; GPTBot/1.4; +https://openai.com/gptbot)" 269 **0/269912**
74.7.242.57 - - [21/Aug/2026:20:01:58 -0700] "GET /index.php?loknya=/proc/2215635/cwd/lib/.build-id/8c HTTP/2.0" 200 3290 "https://evucan.com/index.php?loknya=/proc/2215635/cwd/lib/.build-id" "Mozilla/5.0 AppleWebKit/537.36 (KHTML, like Gecko; compatible; GPTBot/1.4; +https://openai.com/gptbot)" 269 **0/269670**
74.7.242.57 - - [21/Aug/2026:20:01:58 -0700] "GET /index.php?loknya=/proc/2214916/cwd/lib/.build-id/f4 HTTP/2.0" 200 2779 "https://evucan.com/index.php?loknya=/proc/2214916/cwd/lib/.build-id" "Mozilla/5.0 AppleWebKit/537.36 (KHTML, like Gecko; compatible; GPTBot/1.4; +https://openai.com/gptbot)" 276 **0/276767**
74.7.242.57 - - [21/Aug/2026:20:01:59 -0700] "GET /index.php?loknya=/proc/2214916/cwd/lib/.build-id/b5 HTTP/2.0" 200 2877 "https://evucan.com/index.php?loknya=/proc/2214916/cwd/lib/.build-id" "Mozilla/5.0 AppleWebKit/537.36 (KHTML, like Gecko; compatible; GPTBot/1.4; +https://openai.com/gptbot)" 271 **0/271879**
74.7.242.57 - - [21/Aug/2026:20:01:59 -0700] "GET /index.php?loknya=/proc/2215635/cwd/lib/.build-id/c0 HTTP/2.0" 200 3102 "https://evucan.com/index.php?loknya=/proc/2215635/cwd/lib/.build-id" "Mozilla/5.0 AppleWebKit/537.36 (KHTML, like Gecko; compatible; GPTBot/1.4; +https://openai.com/gptbot)" 305 **0/305640**
74.7.242.57 - - [21/Aug/2026:20:02:00 -0700] "GET /index.php?lokasie=/proc/2214916/cwd/lib/.build-id/3a/b2c392576d3f8238b1e9751accc9ac61d84c7d&loknya=/proc/2214916/cwd/lib/.build-id/3a HTTP/2.0" 200 131548 "https://evucan.com/index.php?loknya=/proc/2214916/cwd/lib/.build-id/3a" "Mozilla/5.0 AppleWebKit/537.36 (KHTML, like Gecko; compatible; GPTBot/1.4; +https://openai.com/gptbot)" 412 **0/412348**
74.7.242.57 - - [21/Aug/2026:20:02:01 -0700] "GET /index.php?loknya=/proc/2215635/cwd/lib/.build-id/f3 HTTP/2.0" 200 2895 "https://evucan.com/index.php?loknya=/proc/2215635/cwd/lib/.build-id" "Mozilla/5.0 AppleWebKit/537.36 (KHTML, like Gecko; compatible; GPTBot/1.4; +https://openai.com/gptbot)" 288 **0/288459**
74.7.242.57 - - [21/Aug/2026:20:02:01 -0700] "GET /index.php?loknya=/proc/2215635/cwd/lib/.build-id/1f HTTP/2.0" 200 2801 "https://evucan.com/index.php?loknya=/proc/2215635/cwd/lib/.build-id" "Mozilla/5.0 AppleWebKit/537.36 (KHTML, like Gecko; compatible; GPTBot/1.4; +https://openai.com/gptbot)" 320 **0/320195**
74.7.242.57 - - [21/Aug/2026:20:02:02 -0700] "GET /index.php?loknya=/proc/2215635/cwd/lib/.build-id/9b HTTP/2.0" 200 3061 "https://evucan.com/index.php?loknya=/proc/2215635/cwd/lib/.build-id" "Mozilla/5.0 AppleWebKit/537.36 (KHTML, like Gecko; compatible; GPTBot/1.4; +https://openai.com/gptbot)" 325 **0/325961**
74.7.242.57 - - [21/Aug/2026:20:02:02 -0700] "GET /index.php?loknya=/proc/2214916/cwd/lib/.build-id/8a HTTP/2.0" 200 2992 "https://evucan.com/index.php?loknya=/proc/2214916/cwd/lib/.build-id" "Mozilla/5.0 AppleWebKit/537.36 (KHTML, like Gecko; compatible; GPTBot/1.4; +https://openai.com/gptbot)" 275 **0/275402**
74.7.242.57 - - [21/Aug/2026:20:02:03 -0700] "GET /index.php?loknya=/proc/2215635/cwd/lib/.build-id/a7 HTTP/2.0" 200 2835 "https://evucan.com/index.php?loknya=/proc/2215635/cwd/lib/.build-id" "Mozilla/5.0 AppleWebKit/537.36 (KHTML, like Gecko; compatible; GPTBot/1.4; +https://openai.com/gptbot)" 303 **0/303159**
74.7.242.57 - - [21/Aug/2026:20:02:03 -0700] "GET /index.php?loknya=/proc/2214916/cwd/lib/.build-id/8c HTTP/2.0" 200 3291 "https://evucan.com/index.php?loknya=/proc/2214916/cwd/lib/.build-id" "Mozilla/5.0 AppleWebKit/537.36 (KHTML, like Gecko; compatible; GPTBot/1.4; +https://openai.com/gptbot)" 279 **0/279857**
74.7.242.57 - - [21/Aug/2026:20:02:04 -0700] "GET /index.php?loknya=/proc/2215635/cwd/lib/.build-id/e9 HTTP/2.0" 200 3038 "https://evucan.com/index.php?loknya=/proc/2215635/cwd/lib/.build-id" "Mozilla/5.0 AppleWebKit/537.36 (KHTML, like Gecko; compatible; GPTBot/1.4; +https://openai.com/gptbot)" 261 **0/261969**
74.7.242.57 - - [21/Aug/2026:20:02:04 -0700] "GET /index.php?loknya=/proc/2215635/cwd/lib/.build-id/b8 HTTP/2.0" 200 3120 "https://evucan.com/index.php?loknya=/proc/2215635/cwd/lib/.build-id" "Mozilla/5.0 AppleWebKit/537.36 (KHTML, like Gecko; compatible; GPTBot/1.4; +https://openai.com/gptbot)" 271 **0/271980**
74.7.242.57 - - [21/Aug/2026:20:02:05 -0700] "GET /index.php?loknya=/proc/2215635/cwd/lib/.build-id/b0 HTTP/2.0" 200 2739 "https://evucan.com/index.php?loknya=/proc/2215635/cwd/lib/.build-id" "Mozilla/5.0 AppleWebKit/537.36 (KHTML, like Gecko; compatible; GPTBot/1.4; +https://openai.com/gptbot)" 292 **0/292918**
74.7.242.57 - - [21/Aug/2026:20:02:05 -0700] "GET /index.php?loknya=/proc/2214916/cwd/lib/.build-id/7a HTTP/2.0" 200 3353 "https://evucan.com/index.php?loknya=/proc/2214916/cwd/lib/.build-id" "Mozilla/5.0 AppleWebKit/537.36 (KHTML, like Gecko; compatible; GPTBot/1.4; +https://openai.com/gptbot)" 287 **0/287103**
74.7.242.57 - - [21/Aug/2026:20:02:06 -0700] "GET /index.php?loknya=/proc/2215635/cwd/lib/.build-id/c9 HTTP/2.0" 200 2801 "https://evucan.com/index.php?loknya=/proc/2215635/cwd/lib/.build-id" "Mozilla/5.0 AppleWebKit/537.36 (KHTML, like Gecko; compatible; GPTBot/1.4; +https://openai.com/gptbot)" 297 **0/297079**
74.7.242.57 - - [21/Aug/2026:20:02:06 -0700] "GET /index.php?loknya=/proc/2215635/cwd/lib/.build-id/4c HTTP/2.0" 200 2723 "https://evucan.com/index.php?loknya=/proc/2215635/cwd/lib/.build-id" "Mozilla/5.0 AppleWebKit/537.36 (KHTML, like Gecko; compatible; GPTBot/1.4; +https://openai.com/gptbot)" 284 **0/284511**
74.7.242.57 - - [21/Aug/2026:20:02:07 -0700] "GET /index.php?loknya=/proc/2214916/cwd/lib/.build-id/3c HTTP/2.0" 200 2917 "https://evucan.com/index.php?loknya=/proc/2214916/cwd/lib/.build-id" "Mozilla/5.0 AppleWebKit/537.36 (KHTML, like Gecko; compatible; GPTBot/1.4; +https://openai.com/gptbot)" 290 **0/290340**
74.7.242.57 - - [21/Aug/2026:20:02:08 -0700] "GET /index.php?loknya=/proc/2215635/cwd/lib/.build-id/4a HTTP/2.0" 200 3079 "https://evucan.com/index.php?loknya=/proc/2215635/cwd/lib/.build-id" "Mozilla/5.0 AppleWebKit/537.36 (KHTML, like Gecko; compatible; GPTBot/1.4; +https://openai.com/gptbot)" 279 **0/279283**
74.7.242.57 - - [21/Aug/2026:20:02:08 -0700] "GET /index.php?loknya=/proc/2215635/cwd/lib/.build-id/9c HTTP/2.0" 200 3236 "https://evucan.com/index.php?loknya=/proc/2215635/cwd/lib/.build-id" "Mozilla/5.0 AppleWebKit/537.36 (KHTML, like Gecko; compatible; GPTBot/1.4; +https://openai.com/gptbot)" 275 **0/275661**
74.7.242.57 - - [21/Aug/2026:20:02:09 -0700] "GET /index.php?loknya=/proc/2214916/cwd/lib/.build-id/3b HTTP/2.0" 200 2619 "https://evucan.com/index.php?loknya=/proc/2214916/cwd/lib/.build-id" "Mozilla/5.0 AppleWebKit/537.36 (KHTML, like Gecko; compatible; GPTBot/1.4; +https://openai.com/gptbot)" 264 **0/264728**
74.7.242.57 - - [21/Aug/2026:20:02:09 -0700] "GET /index.php?loknya=/proc/2214916/cwd/lib/.build-id/5e HTTP/2.0" 200 2864 "https://evucan.com/index.php?loknya=/proc/2214916/cwd/lib/.build-id" "Mozilla/5.0 AppleWebKit/537.36 (KHTML, like Gecko; compatible; GPTBot/1.4; +https://openai.com/gptbot)" 262 **0/262759**
74.7.242.57 - - [21/Aug/2026:20:02:10 -0700] "GET /index.php?loknya=/proc/2215635/cwd/lib/.build-id/f2 HTTP/2.0" 200 2877 "https://evucan.com/index.php?loknya=/proc/2215635/cwd/lib/.build-id" "Mozilla/5.0 AppleWebKit/537.36 (KHTML, like Gecko; compatible; GPTBot/1.4; +https://openai.com/gptbot)" 279 **0/279180**
74.7.242.57 - - [21/Aug/2026:20:02:10 -0700] "GET /index.php?loknya=/proc/2214916/cwd/lib/.build-id/a3 HTTP/2.0" 200 2422 "https://evucan.com/index.php?loknya=/proc/2214916/cwd/lib/.build-id" "Mozilla/5.0 AppleWebKit/537.36 (KHTML, like Gecko; compatible; GPTBot/1.4; +https://openai.com/gptbot)" 289 **0/289425**
74.7.242.57 - - [21/Aug/2026:20:02:11 -0700] "GET /index.php?loknya=/proc/2214916/cwd/lib/.build-id/b7 HTTP/2.0" 200 2854 "https://evucan.com/index.php?loknya=/proc/2214916/cwd/lib/.build-id" "Mozilla/5.0 AppleWebKit/537.36 (KHTML, like Gecko; compatible; GPTBot/1.4; +https://openai.com/gptbot)" 286 **0/286686**
74.7.242.57 - - [21/Aug/2026:20:02:11 -0700] "GET /index.php?loknya=/proc/2215635/cwd/lib/.build-id/b4 HTTP/2.0" 200 3100 "https://evucan.com/index.php?loknya=/proc/2215635/cwd/lib/.build-id" "Mozilla/5.0 AppleWebKit/537.36 (KHTML, like Gecko; compatible; GPTBot/1.4; +https://openai.com/gptbot)" 257 **0/257615**
74.7.242.57 - - [21/Aug/2026:20:02:12 -0700] "GET /index.php?loknya=/proc/2215635/cwd/lib/.build-id/e8 HTTP/2.0" 200 3002 "https://evucan.com/index.php?loknya=/proc/2215635/cwd/lib/.build-id" "Mozilla/5.0 AppleWebKit/537.36 (KHTML, like Gecko; compatible; GPTBot/1.4; +https://openai.com/gptbot)" 278 **0/278568**
74.7.242.57 - - [21/Aug/2026:20:02:12 -0700] "GET /index.php?loknya=/proc/2214916/cwd/lib/.build-id/8b HTTP/2.0" 200 2869 "https://evucan.com/index.php?loknya=/proc/2214916/cwd/lib/.build-id" "Mozilla/5.0 AppleWebKit/537.36 (KHTML, like Gecko; compatible; GPTBot/1.4; +https://openai.com/gptbot)" 275 **0/275189**
74.7.242.57 - - [21/Aug/2026:20:02:13 -0700] "GET /index.php?loknya=/proc/2214916/cwd/lib/.build-id/e8 HTTP/2.0" 200 3005 "https://evucan.com/index.php?loknya=/proc/2214916/cwd/lib/.build-id" "Mozilla/5.0 AppleWebKit/537.36 (KHTML, like Gecko; compatible; GPTBot/1.4; +https://openai.com/gptbot)" 265 **0/265194**
74.7.242.57 - - [21/Aug/2026:20:02:13 -0700] "GET /index.php?loknya=/proc/2214916/cwd/lib/.build-id/c7 HTTP/2.0" 200 2634 "https://evucan.com/index.php?loknya=/proc/2214916/cwd/lib/.build-id" "Mozilla/5.0 AppleWebKit/537.36 (KHTML, like Gecko; compatible; GPTBot/1.4; +https://openai.com/gptbot)" 268 **0/268120**
74.7.242.57 - - [21/Aug/2026:20:02:14 -0700] "GET /index.php?loknya=/proc/2214916/cwd/lib/.build-id/e3 HTTP/2.0" 200 2958 "https://evucan.com/index.php?loknya=/proc/2214916/cwd/lib/.build-id" "Mozilla/5.0 AppleWebKit/537.36 (KHTML, like Gecko; compatible; GPTBot/1.4; +https://openai.com/gptbot)" 273 **0/273621**
74.7.242.57 - - [21/Aug/2026:20:02:14 -0700] "GET /index.php?loknya=/proc/2214916/cwd/lib/.build-id/5b HTTP/2.0" 200 3408 "https://evucan.com/index.php?loknya=/proc/2214916/cwd/lib/.build-id" "Mozilla/5.0 AppleWebKit/537.36 (KHTML, like Gecko; compatible; GPTBot/1.4; +https://openai.com/gptbot)" 315 **0/315806**
74.7.242.57 - - [21/Aug/2026:20:02:15 -0700] "GET /index.php?loknya=/proc/2215635/cwd/lib/.build-id/c7 HTTP/2.0" 200 2633 "https://evucan.com/index.php?loknya=/proc/2215635/cwd/lib/.build-id" "Mozilla/5.0 AppleWebKit/537.36 (KHTML, like Gecko; compatible; GPTBot/1.4; +https://openai.com/gptbot)" 308 **0/308050**
74.7.242.57 - - [21/Aug/2026:20:02:15 -0700] "GET /index.php?lokasie=/proc/2215635/cwd/lib/.build-id/f2/70f0000ab1212c2c736170f99153aaf3b08d11&loknya=/proc/2215635/cwd/lib/.build-id/f2 HTTP/2.0" 200 6864 "https://evucan.com/index.php?loknya=/proc/2215635/cwd/lib/.build-id/f2" "Mozilla/5.0 AppleWebKit/537.36 (KHTML, like Gecko; compatible; GPTBot/1.4; +https://openai.com/gptbot)" 265 **0/265438**
74.7.242.57 - - [21/Aug/2026:20:02:16 -0700] "GET /index.php?loknya=/proc/2215635/cwd/lib/.build-id/b9 HTTP/2.0" 200 3069 "https://evucan.com/index.php?loknya=/proc/2215635/cwd/lib/.build-id" "Mozilla/5.0 AppleWebKit/537.36 (KHTML, like Gecko; compatible; GPTBot/1.4; +https://openai.com/gptbot)" 286 **0/286548**
74.7.242.57 - - [21/Aug/2026:20:02:16 -0700] "GET /index.php?loknya=/proc/2214916/cwd/lib/.build-id/5a HTTP/2.0" 200 3063 "https://evucan.com/index.php?loknya=/proc/2214916/cwd/lib/.build-id" "Mozilla/5.0 AppleWebKit/537.36 (KHTML, like Gecko; compatible; GPTBot/1.4; +https://openai.com/gptbot)" 290 **0/290258**
74.7.242.57 - - [21/Aug/2026:20:02:17 -0700] "GET /index.php?loknya=/proc/2214916/cwd/lib/.build-id/e0 HTTP/2.0" 200 3326 "https://evucan.com/index.php?loknya=/proc/2214916/cwd/lib/.build-id" "Mozilla/5.0 AppleWebKit/537.36 (KHTML, like Gecko; compatible; GPTBot/1.4; +https://openai.com/gptbot)" 279 **0/279848**
74.7.242.57 - - [21/Aug/2026:20:02:18 -0700] "GET /index.php?loknya=/proc/2214916/cwd/lib/.build-id/a8 HTTP/2.0" 200 3174 "https://evucan.com/index.php?loknya=/proc/2214916/cwd/lib/.build-id" "Mozilla/5.0 AppleWebKit/537.36 (KHTML, like Gecko; compatible; GPTBot/1.4; +https://openai.com/gptbot)" 269 **0/269542**
74.7.242.57 - - [21/Aug/2026:20:02:18 -0700] "GET /index.php?loknya=/proc/2214916/cwd/lib/.build-id/f1 HTTP/2.0" 200 2937 "https://evucan.com/index.php?loknya=/proc/2214916/cwd/lib/.build-id" "Mozilla/5.0 AppleWebKit/537.36 (KHTML, like Gecko; compatible; GPTBot/1.4; +https://openai.com/gptbot)" 287 **0/287781**
74.7.242.57 - - [21/Aug/2026:20:02:19 -0700] "GET /index.php?loknya=/proc/2214916/cwd/lib/.build-id/1f HTTP/2.0" 200 2803 "https://evucan.com/index.php?loknya=/proc/2214916/cwd/lib/.build-id" "Mozilla/5.0 AppleWebKit/537.36 (KHTML, like Gecko; compatible; GPTBot/1.4; +https://openai.com/gptbot)" 273 **0/273572**
74.7.242.57 - - [21/Aug/2026:20:02:19 -0700] "GET /index.php?loknya=/proc/2215635/cwd/lib/.build-id/f1 HTTP/2.0" 200 2934 "https://evucan.com/index.php?loknya=/proc/2215635/cwd/lib/.build-id" "Mozilla/5.0 AppleWebKit/537.36 (KHTML, like Gecko; compatible; GPTBot/1.4; +https://openai.com/gptbot)" 263 **0/263408**
74.7.242.57 - - [21/Aug/2026:20:02:20 -0700] "GET /index.php?loknya=/proc/2214916/cwd/lib/.build-id/c0 HTTP/2.0" 200 3103 "https://evucan.com/index.php?loknya=/proc/2214916/cwd/lib/.build-id" "Mozilla/5.0 AppleWebKit/537.36 (KHTML, like Gecko; compatible; GPTBot/1.4; +https://openai.com/gptbot)" 285 **0/285322**
74.7.242.57 - - [21/Aug/2026:20:02:20 -0700] "GET /index.php?loknya=/proc/2215635/cwd/lib/.build-id/0c HTTP/2.0" 200 3303 "https://evucan.com/index.php?loknya=/proc/2215635/cwd/lib/.build-id" "Mozilla/5.0 AppleWebKit/537.36 (KHTML, like Gecko; compatible; GPTBot/1.4; +https://openai.com/gptbot)" 265 **0/265832**
74.7.242.57 - - [21/Aug/2026:20:02:21 -0700] "GET /index.php?loknya=/proc/2215635/cwd/lib/.build-id/4b HTTP/2.0" 200 3283 "https://evucan.com/index.php?loknya=/proc/2215635/cwd/lib/.build-id" "Mozilla/5.0 AppleWebKit/537.36 (KHTML, like Gecko; compatible; GPTBot/1.4; +https://openai.com/gptbot)" 292 **0/292990**
74.7.242.57 - - [21/Aug/2026:20:02:21 -0700] "GET /index.php?loknya=/proc/2214916/cwd/lib/.build-id/e5 HTTP/2.0" 200 2935 "https://evucan.com/index.php?loknya=/proc/2214916/cwd/lib/.build-id" "Mozilla/5.0 AppleWebKit/537.36 (KHTML, like Gecko; compatible; GPTBot/1.4; +https://openai.com/gptbot)" 264 **0/264133**
74.7.242.57 - - [21/Aug/2026:20:02:22 -0700] "GET /index.php?loknya=/proc/2214916/cwd/lib/.build-id/0e HTTP/2.0" 200 2882 "https://evucan.com/index.php?loknya=/proc/2214916/cwd/lib/.build-id" "Mozilla/5.0 AppleWebKit/537.36 (KHTML, like Gecko; compatible; GPTBot/1.4; +https://openai.com/gptbot)" 276 **0/276038**
74.7.242.57 - - [21/Aug/2026:20:02:22 -0700] "GET /index.php?loknya=/proc/2214916/cwd/lib/.build-id/0b HTTP/2.0" 200 2564 "https://evucan.com/index.php?loknya=/proc/2214916/cwd/lib/.build-id" "Mozilla/5.0 AppleWebKit/537.36 (KHTML, like Gecko; compatible; GPTBot/1.4; +https://openai.com/gptbot)" 275 **0/275229**
74.7.242.57 - - [21/Aug/2026:20:02:23 -0700] "GET /index.php?loknya=/proc/2215635/cwd/lib/.build-id/e4 HTTP/2.0" 200 2871 "https://evucan.com/index.php?loknya=/proc/2215635/cwd/lib/.build-id" "Mozilla/5.0 AppleWebKit/537.36 (KHTML, like Gecko; compatible; GPTBot/1.4; +https://openai.com/gptbot)" 277 **0/277250**
74.7.242.57 - - [21/Aug/2026:20:02:23 -0700] "GET /index.php?loknya=/proc/2214916/cwd/lib/.build-id/b8 HTTP/2.0" 200 3121 "https://evucan.com/index.php?loknya=/proc/2214916/cwd/lib/.build-id" "Mozilla/5.0 AppleWebKit/537.36 (KHTML, like Gecko; compatible; GPTBot/1.4; +https://openai.com/gptbot)" 273 **0/273861**
74.7.242.57 - - [21/Aug/2026:20:02:24 -0700] "GET /index.php?loknya=/proc/2215635/cwd/lib/.build-id/7b HTTP/2.0" 200 2997 "https://evucan.com/index.php?loknya=/proc/2215635/cwd/lib/.build-id" "Mozilla/5.0 AppleWebKit/537.36 (KHTML, like Gecko; compatible; GPTBot/1.4; +https://openai.com/gptbot)" 518 **0/518535**
74.7.242.57 - - [21/Aug/2026:20:02:24 -0700] "GET /index.php?loknya=/proc/2215635/cwd/lib/.build-id/b7 HTTP/2.0" 200 2854 "https://evucan.com/index.php?loknya=/proc/2215635/cwd/lib/.build-id" "Mozilla/5.0 AppleWebKit/537.36 (KHTML, like Gecko; compatible; GPTBot/1.4; +https://openai.com/gptbot)" 283 **0/283378**
74.7.242.57 - - [21/Aug/2026:20:02:25 -0700] "GET /index.php?loknya=/proc/2215635/cwd/lib/.build-id/f6 HTTP/2.0" 200 3557 "https://evucan.com/index.php?loknya=/proc/2215635/cwd/lib/.build-id" "Mozilla/5.0 AppleWebKit/537.36 (KHTML, like Gecko; compatible; GPTBot/1.4; +https://openai.com/gptbot)" 285 **0/285053**
74.7.242.57 - - [21/Aug/2026:20:02:25 -0700] "GET /index.php?loknya=/proc/2215635/cwd/lib/.build-id/0a HTTP/2.0" 200 2717 "https://evucan.com/index.php?loknya=/proc/2215635/cwd/lib/.build-id" "Mozilla/5.0 AppleWebKit/537.36 (KHTML, like Gecko; compatible; GPTBot/1.4; +https://openai.com/gptbot)" 293 **0/293576**
74.7.242.57 - - [21/Aug/2026:20:02:26 -0700] "GET /index.php?loknya=/proc/2215635/cwd/lib/.build-id/2f HTTP/2.0" 200 2716 "https://evucan.com/index.php?loknya=/proc/2215635/cwd/lib/.build-id" "Mozilla/5.0 AppleWebKit/537.36 (KHTML, like Gecko; compatible; GPTBot/1.4; +https://openai.com/gptbot)" 296 **0/296542**
74.7.242.57 - - [21/Aug/2026:20:02:26 -0700] "GET /index.php?loknya=/proc/2214916/cwd/lib/.build-id/6f HTTP/2.0" 200 3090 "https://evucan.com/index.php?loknya=/proc/2214916/cwd/lib/.build-id" "Mozilla/5.0 AppleWebKit/537.36 (KHTML, like Gecko; compatible; GPTBot/1.4; +https://openai.com/gptbot)" 292 **0/292896**
74.7.242.57 - - [21/Aug/2026:20:02:27 -0700] "GET /index.php?loknya=/proc/2215635/cwd/lib/.build-id/f5 HTTP/2.0" 200 2629 "https://evucan.com/index.php?loknya=/proc/2215635/cwd/lib/.build-id" "Mozilla/5.0 AppleWebKit/537.36 (KHTML, like Gecko; compatible; GPTBot/1.4; +https://openai.com/gptbot)" 277 **0/277972**
74.7.242.57 - - [21/Aug/2026:20:02:27 -0700] "GET /index.php?loknya=/proc/2215635/cwd/lib/.build-id/7a HTTP/2.0" 200 3352 "https://evucan.com/index.php?loknya=/proc/2215635/cwd/lib/.build-id" "Mozilla/5.0 AppleWebKit/537.36 (KHTML, like Gecko; compatible; GPTBot/1.4; +https://openai.com/gptbot)" 280 **0/280311**
74.7.242.57 - - [21/Aug/2026:20:02:28 -0700] "GET /index.php?loknya=/proc/2215635/cwd/lib/.build-id/6f HTTP/2.0" 200 3090 "https://evucan.com/index.php?loknya=/proc/2215635/cwd/lib/.build-id" "Mozilla/5.0 AppleWebKit/537.36 (KHTML, like Gecko; compatible; GPTBot/1.4; +https://openai.com/gptbot)" 285 **0/285742**
74.7.242.57 - - [21/Aug/2026:20:02:29 -0700] "GET /index.php?loknya=/proc/2215635/cwd/lib/.build-id/7e HTTP/2.0" 200 3137 "https://evucan.com/index.php?loknya=/proc/2215635/cwd/lib/.build-id" "Mozilla/5.0 AppleWebKit/537.36 (KHTML, like Gecko; compatible; GPTBot/1.4; +https://openai.com/gptbot)" 288 **0/288237**
74.7.242.57 - - [21/Aug/2026:20:02:29 -0700] "GET /index.php?loknya=/proc/2214916/cwd/lib/.build-id/e7 HTTP/2.0" 200 3006 "https://evucan.com/index.php?loknya=/proc/2214916/cwd/lib/.build-id" "Mozilla/5.0 AppleWebKit/537.36 (KHTML, like Gecko; compatible; GPTBot/1.4; +https://openai.com/gptbot)" 283 **0/283824**
74.7.242.57 - - [21/Aug/2026:20:02:30 -0700] "GET /index.php?loknya=/proc/2215635/cwd/lib/.build-id/8e HTTP/2.0" 200 2860 "https://evucan.com/index.php?loknya=/proc/2215635/cwd/lib/.build-id" "Mozilla/5.0 AppleWebKit/537.36 (KHTML, like Gecko; compatible; GPTBot/1.4; +https://openai.com/gptbot)" 341 **0/341818**
74.7.242.57 - - [21/Aug/2026:20:02:30 -0700] "GET /index.php?loknya=/proc/2214916/cwd/lib/.build-id/5c HTTP/2.0" 200 2815 "https://evucan.com/index.php?loknya=/proc/2214916/cwd/lib/.build-id" "Mozilla/5.0 AppleWebKit/537.36 (KHTML, like Gecko; compatible; GPTBot/1.4; +https://openai.com/gptbot)" 348 **0/348228**
74.7.242.57 - - [21/Aug/2026:20:02:31 -0700] "GET /index.php?loknya=/proc/2214916/cwd/lib/.build-id/7e HTTP/2.0" 200 3138 "https://evucan.com/index.php?loknya=/proc/2214916/cwd/lib/.build-id" "Mozilla/5.0 AppleWebKit/537.36 (KHTML, like Gecko; compatible; GPTBot/1.4; +https://openai.com/gptbot)" 300 **0/300352**
74.7.242.57 - - [21/Aug/2026:20:02:31 -0700] "GET /index.php?loknya=/proc/2215635/cwd/lib/.build-id/0e HTTP/2.0" 200 2881 "https://evucan.com/index.php?loknya=/proc/2215635/cwd/lib/.build-id" "Mozilla/5.0 AppleWebKit/537.36 (KHTML, like Gecko; compatible; GPTBot/1.4; +https://openai.com/gptbot)" 296 **0/296223**
74.7.242.57 - - [21/Aug/2026:20:02:32 -0700] "GET /index.php?loknya=/proc/2215635/cwd/lib/.build-id/a4 HTTP/2.0" 200 2724 "https://evucan.com/index.php?loknya=/proc/2215635/cwd/lib/.build-id" "Mozilla/5.0 AppleWebKit/537.36 (KHTML, like Gecko; compatible; GPTBot/1.4; +https://openai.com/gptbot)" 303 **0/303387**
74.7.242.57 - - [21/Aug/2026:20:02:32 -0700] "GET /index.php?loknya=/proc/2215635/cwd/lib/.build-id/e0 HTTP/2.0" 200 3327 "https://evucan.com/index.php?loknya=/proc/2215635/cwd/lib/.build-id" "Mozilla/5.0 AppleWebKit/537.36 (KHTML, like Gecko; compatible; GPTBot/1.4; +https://openai.com/gptbot)" 282 **0/282202**
74.7.242.57 - - [21/Aug/2026:20:02:33 -0700] "GET /index.php?loknya=/proc/2214916/cwd/lib/.build-id/a0 HTTP/2.0" 200 2641 "https://evucan.com/index.php?loknya=/proc/2214916/cwd/lib/.build-id" "Mozilla/5.0 AppleWebKit/537.36 (KHTML, like Gecko; compatible; GPTBot/1.4; +https://openai.com/gptbot)" 284 **0/284649**
51.68.235.227 - - [21/Aug/2026:20:02:33 -0700] "GET /login HTTP/1.1" 200 3514 "https://www.evucan.com/" "Mozilla/5.0 (Windows NT 10.0; Win64; x64) AppleWebKit/537.36 (KHTML, like Gecko) Chrome/136.0.0.0 Safari/537.36" 269 **0/269758**
74.7.242.57 - - [21/Aug/2026:20:02:33 -0700] "GET /index.php?loknya=/proc/2215635/cwd/lib/.build-id/9a HTTP/2.0" 200 3056 "https://evucan.com/index.php?loknya=/proc/2215635/cwd/lib/.build-id" "Mozilla/5.0 AppleWebKit/537.36 (KHTML, like Gecko; compatible; GPTBot/1.4; +https://openai.com/gptbot)" 321 **0/321866**
74.7.242.57 - - [21/Aug/2026:20:02:34 -0700] "GET /index.php?loknya=/proc/2214916/cwd/lib/.build-id/c3 HTTP/2.0" 200 2946 "https://evucan.com/index.php?loknya=/proc/2214916/cwd/lib/.build-id" "Mozilla/5.0 AppleWebKit/537.36 (KHTML, like Gecko; compatible; GPTBot/1.4; +https://openai.com/gptbot)" 264 **0/264540**
74.7.242.57 - - [21/Aug/2026:20:02:34 -0700] "GET /index.php?loknya=/proc/2214916/cwd/lib/.build-id/c5 HTTP/2.0" 200 2707 "https://evucan.com/index.php?loknya=/proc/2214916/cwd/lib/.build-id" "Mozilla/5.0 AppleWebKit/537.36 (KHTML, like Gecko; compatible; GPTBot/1.4; +https://openai.com/gptbot)" 279 **0/279145**
74.7.242.57 - - [21/Aug/2026:20:02:35 -0700] "GET /index.php?loknya=/proc/2214916/cwd/lib/.build-id/a7 HTTP/2.0" 200 2836 "https://evucan.com/index.php?loknya=/proc/2214916/cwd/lib/.build-id" "Mozilla/5.0 AppleWebKit/537.36 (KHTML, like Gecko; compatible; GPTBot/1.4; +https://openai.com/gptbot)" 282 **0/282928**
74.7.242.57 - - [21/Aug/2026:20:02:35 -0700] "GET /index.php?loknya=/proc/2214916/cwd/lib/.build-id/8e HTTP/2.0" 200 2861 "https://evucan.com/index.php?loknya=/proc/2214916/cwd/lib/.build-id" "Mozilla/5.0 AppleWebKit/537.36 (KHTML, like Gecko; compatible; GPTBot/1.4; +https://openai.com/gptbot)" 268 **0/268495**
74.7.242.57 - - [21/Aug/2026:20:02:36 -0700] "GET /index.php?loknya=/proc/2215635/cwd/lib/.build-id/e5 HTTP/2.0" 200 2934 "https://evucan.com/index.php?loknya=/proc/2215635/cwd/lib/.build-id" "Mozilla/5.0 AppleWebKit/537.36 (KHTML, like Gecko; compatible; GPTBot/1.4; +https://openai.com/gptbot)" 277 **0/277985**
74.7.242.57 - - [21/Aug/2026:20:02:36 -0700] "GET /index.php?loknya=/proc/2215635/cwd/lib/.build-id/7d HTTP/2.0" 200 3095 "https://evucan.com/index.php?loknya=/proc/2215635/cwd/lib/.build-id" "Mozilla/5.0 AppleWebKit/537.36 (KHTML, like Gecko; compatible; GPTBot/1.4; +https://openai.com/gptbot)" 281 **0/281502**
74.7.242.57 - - [21/Aug/2026:20:02:37 -0700] "GET /index.php?loknya=/proc/2214916/cwd/lib/.build-id/d5 HTTP/2.0" 200 2955 "https://evucan.com/index.php?loknya=/proc/2214916/cwd/lib/.build-id" "Mozilla/5.0 AppleWebKit/537.36 (KHTML, like Gecko; compatible; GPTBot/1.4; +https://openai.com/gptbot)" 287 **0/287415**
74.7.242.57 - - [21/Aug/2026:20:02:38 -0700] "GET /index.php?loknya=/proc/2215635/cwd/lib/.build-id/6e HTTP/2.0" 200 2787 "https://evucan.com/index.php?loknya=/proc/2215635/cwd/lib/.build-id" "Mozilla/5.0 AppleWebKit/537.36 (KHTML, like Gecko; compatible; GPTBot/1.4; +https://openai.com/gptbot)" 287 **0/287391**
74.7.242.57 - - [21/Aug/2026:20:02:38 -0700] "GET /index.php?loknya=/proc/2215635/cwd/lib/.build-id/c3 HTTP/2.0" 200 2945 "https://evucan.com/index.php?loknya=/proc/2215635/cwd/lib/.build-id" "Mozilla/5.0 AppleWebKit/537.36 (KHTML, like Gecko; compatible; GPTBot/1.4; +https://openai.com/gptbot)" 266 **0/266303**
74.7.242.57 - - [21/Aug/2026:20:02:39 -0700] "GET /index.php?loknya=/proc/2215635/cwd/lib/.build-id/3c HTTP/2.0" 200 2917 "https://evucan.com/index.php?loknya=/proc/2215635/cwd/lib/.build-id" "Mozilla/5.0 AppleWebKit/537.36 (KHTML, like Gecko; compatible; GPTBot/1.4; +https://openai.com/gptbot)" 263 **0/263846**
185.94.33.106 - - [21/Aug/2026:20:02:39 -0700] "GET /login?lokasie=/home/f981716tud7w/public_html/evucan.com/www/wp-login.php&loknya=/home/f981716tud7w/public_html/evucan.com/www HTTP/1.1" 200 15034 "https://www.evucan.com/login" "Mozilla/5.0 (Windows NT 6.3; Win64; x64) AppleWebKit/537.36 (KHTML, like Gecko) Chrome/103.0.0.0 Safari/537.36" 284 **0/284126**
74.7.242.57 - - [21/Aug/2026:20:02:39 -0700] "GET /index.php?loknya=/proc/2214916/cwd/lib/.build-id/c6 HTTP/2.0" 200 2930 "https://evucan.com/index.php?loknya=/proc/2214916/cwd/lib/.build-id" "Mozilla/5.0 AppleWebKit/537.36 (KHTML, like Gecko; compatible; GPTBot/1.4; +https://openai.com/gptbot)" 273 **0/273549**
185.94.33.106 - - [21/Aug/2026:20:02:40 -0700] "POST /login?lokasie=/home/f981716tud7w/public_html/evucan.com/www/wp-login.php&loknya=/home/f981716tud7w/public_html/evucan.com/www HTTP/1.1" 200 15060 "https://www.evucan.com/login?lokasie=/home/f981716tud7w/public_html/evucan.com/www/wp-login.php&loknya=/home/f981716tud7w/public_html/evucan.com/www" "Mozilla/5.0 (Windows NT 6.3; Win64; x64) AppleWebKit/537.36 (KHTML, like Gecko) Chrome/103.0.0.0 Safari/537.36" 271 **0/271478**
74.7.242.57 - - [21/Aug/2026:20:02:40 -0700] "GET /index.php?loknya=/proc/2215635/cwd/lib/.build-id/c5 HTTP/2.0" 200 2707 "https://evucan.com/index.php?loknya=/proc/2215635/cwd/lib/.build-id" "Mozilla/5.0 AppleWebKit/537.36 (KHTML, like Gecko; compatible; GPTBot/1.4; +https://openai.com/gptbot)" 292 **0/292728**
185.94.33.106 - - [21/Aug/2026:20:02:40 -0700] "GET /wp-login.php HTTP/1.1" 200 3520 "https://www.evucan.com/login?lokasie=/home/f981716tud7w/public_html/evucan.com/www/wp-login.php&loknya=/home/f981716tud7w/public_html/evucan.com/www" "Mozilla/5.0 (Windows NT 6.3; Win64; x64) AppleWebKit/537.36 (KHTML, like Gecko) Chrome/103.0.0.0 Safari/537.36" 279 **0/279974**
74.7.242.57 - - [21/Aug/2026:20:02:40 -0700] "GET /index.php?loknya=/proc/2215635/cwd/lib/.build-id/c1 HTTP/2.0" 200 2772 "https://evucan.com/index.php?loknya=/proc/2215635/cwd/lib/.build-id" "Mozilla/5.0 AppleWebKit/537.36 (KHTML, like Gecko; compatible; GPTBot/1.4; +https://openai.com/gptbot)" 290 **0/290075**
74.7.242.57 - - [21/Aug/2026:20:02:41 -0700] "GET /index.php?loknya=/proc/2215635/cwd/lib/.build-id/d7 HTTP/2.0" 200 2792 "https://evucan.com/index.php?loknya=/proc/2215635/cwd/lib/.build-id" "Mozilla/5.0 AppleWebKit/537.36 (KHTML, like Gecko; compatible; GPTBot/1.4; +https://openai.com/gptbot)" 291 **0/291162**
185.94.33.106 - - [21/Aug/2026:20:02:41 -0700] "GET /wp-login.php HTTP/1.1" 200 3520 "https://www.evucan.com/wp-login.php" "Mozilla/5.0 (Windows NT 6.3; Win64; x64) AppleWebKit/537.36 (KHTML, like Gecko) Chrome/103.0.0.0 Safari/537.36" 265 **0/265838**
74.7.242.57 - - [21/Aug/2026:20:02:41 -0700] "GET /index.php?loknya=/proc/2215635/cwd/lib/.build-id/a5 HTTP/2.0" 200 2785 "https://evucan.com/index.php?loknya=/proc/2215635/cwd/lib/.build-id" "Mozilla/5.0 AppleWebKit/537.36 (KHTML, like Gecko; compatible; GPTBot/1.4; +https://openai.com/gptbot)" 274 **0/274831**
185.94.33.106 - - [21/Aug/2026:20:02:42 -0700] "POST /wp-login.php HTTP/1.1" 200 3546 "https://www.evucan.com/wp-login.php" "Mozilla/5.0 (Windows NT 6.3; Win64; x64) AppleWebKit/537.36 (KHTML, like Gecko) Chrome/103.0.0.0 Safari/537.36" 272 **0/272579**
74.7.242.57 - - [21/Aug/2026:20:02:42 -0700] "GET /index.php?loknya=/proc/2214916/cwd/lib/.build-id/d4 HTTP/2.0" 200 2895 "https://evucan.com/index.php?loknya=/proc/2214916/cwd/lib/.build-id" "Mozilla/5.0 AppleWebKit/537.36 (KHTML, like Gecko; compatible; GPTBot/1.4; +https://openai.com/gptbot)" 268 **0/268026**
185.94.33.106 - - [21/Aug/2026:20:02:42 -0700] "GET /login HTTP/1.1" 200 3514 "https://www.evucan.com/wp-login.php" "Mozilla/5.0 (Windows NT 6.3; Win64; x64) AppleWebKit/537.36 (KHTML, like Gecko) Chrome/103.0.0.0 Safari/537.36" 261 **0/261968**
74.7.242.57 - - [21/Aug/2026:20:02:42 -0700] "GET /index.php?loknya=/proc/2214916/cwd/lib/.build-id/b2 HTTP/2.0" 200 3292 "https://evucan.com/index.php?loknya=/proc/2214916/cwd/lib/.build-id" "Mozilla/5.0 AppleWebKit/537.36 (KHTML, like Gecko; compatible; GPTBot/1.4; +https://openai.com/gptbot)" 255 **0/255458**
74.7.242.57 - - [21/Aug/2026:20:02:43 -0700] "GET /index.php?loknya=/proc/2215635/cwd/lib/.build-id/b5 HTTP/2.0" 200 2877 "https://evucan.com/index.php?loknya=/proc/2215635/cwd/lib/.build-id" "Mozilla/5.0 AppleWebKit/537.36 (KHTML, like Gecko; compatible; GPTBot/1.4; +https://openai.com/gptbot)" 273 **0/273360**
185.94.33.106 - - [21/Aug/2026:20:02:43 -0700] "GET /xmlrpc.php HTTP/1.1" 200 3519 "https://www.evucan.com/login" "Mozilla/5.0 (Windows NT 6.3; Win64; x64) AppleWebKit/537.36 (KHTML, like Gecko) Chrome/103.0.0.0 Safari/537.36" 258 **0/258837**
74.7.242.57 - - [21/Aug/2026:20:02:43 -0700] "GET /index.php?loknya=/proc/2215635/cwd/lib/.build-id/1e HTTP/2.0" 200 2721 "https://evucan.com/index.php?loknya=/proc/2215635/cwd/lib/.build-id" "Mozilla/5.0 AppleWebKit/537.36 (KHTML, like Gecko; compatible; GPTBot/1.4; +https://openai.com/gptbot)" 262 **0/262106**
185.94.33.106 - - [21/Aug/2026:20:02:44 -0700] "GET /login HTTP/1.1" 200 3514 "https://www.evucan.com/xmlrpc.php" "Mozilla/5.0 (Windows NT 6.3; Win64; x64) AppleWebKit/537.36 (KHTML, like Gecko) Chrome/103.0.0.0 Safari/537.36" 277 **0/277558**
74.7.242.57 - - [21/Aug/2026:20:02:44 -0700] "GET /index.php?loknya=/proc/2215635/cwd/lib/.build-id/5b HTTP/2.0" 200 3407 "https://evucan.com/index.php?loknya=/proc/2215635/cwd/lib/.build-id" "Mozilla/5.0 AppleWebKit/537.36 (KHTML, like Gecko; compatible; GPTBot/1.4; +https://openai.com/gptbot)" 269 **0/269151**
185.94.33.106 - - [21/Aug/2026:20:02:44 -0700] "GET /wp-admin/post-new.php HTTP/1.1" 200 5774 "https://www.evucan.com/login" "Mozilla/5.0 (Windows NT 6.3; Win64; x64) AppleWebKit/537.36 (KHTML, like Gecko) Chrome/103.0.0.0 Safari/537.36" 307 **0/307583**
74.7.242.57 - - [21/Aug/2026:20:02:44 -0700] "GET /index.php?loknya=/proc/2214916/cwd/lib/.build-id/9a HTTP/2.0" 200 3058 "https://evucan.com/index.php?loknya=/proc/2214916/cwd/lib/.build-id" "Mozilla/5.0 AppleWebKit/537.36 (KHTML, like Gecko; compatible; GPTBot/1.4; +https://openai.com/gptbot)" 286 **0/286208**
74.7.242.57 - - [21/Aug/2026:20:02:45 -0700] "GET /index.php?loknya=/proc/2215635/cwd/lib/.build-id/0d HTTP/2.0" 200 3069 "https://evucan.com/index.php?loknya=/proc/2215635/cwd/lib/.build-id" "Mozilla/5.0 AppleWebKit/537.36 (KHTML, like Gecko; compatible; GPTBot/1.4; +https://openai.com/gptbot)" 287 **0/287489**
185.94.33.106 - - [21/Aug/2026:20:02:45 -0700] "GET /wp-admin/edit-tags.php?taxonomy=category HTTP/1.1" 200 5774 "https://www.evucan.com/wp-admin/post-new.php" "Mozilla/5.0 (Windows NT 6.3; Win64; x64) AppleWebKit/537.36 (KHTML, like Gecko) Chrome/103.0.0.0 Safari/537.36" 275 **0/275283**
74.7.242.57 - - [21/Aug/2026:20:02:45 -0700] "GET /index.php?lokasie=/proc/2215635/cwd/lib/.build-id/c5/a9bbf81a665baf333887c22afefbd9c7071b34&loknya=/proc/2215635/cwd/lib/.build-id/c5 HTTP/2.0" 200 9636 "https://evucan.com/index.php?loknya=/proc/2215635/cwd/lib/.build-id/c5" "Mozilla/5.0 AppleWebKit/537.36 (KHTML, like Gecko; compatible; GPTBot/1.4; +https://openai.com/gptbot)" 281 **0/281220**
185.94.33.106 - - [21/Aug/2026:20:02:46 -0700] "POST /wp-admin/edit-tags.php?pilihan&loknya=/home/f981716tud7w/public_html/evucan.com/www/wp-admin HTTP/1.1" 200 11126 "https://www.evucan.com/wp-admin/edit-tags.php?taxonomy=category" "Mozilla/5.0 (Windows NT 6.3; Win64; x64) AppleWebKit/537.36 (KHTML, like Gecko) Chrome/103.0.0.0 Safari/537.36" 272 **0/272018**
74.7.242.57 - - [21/Aug/2026:20:02:46 -0700] "GET /index.php?loknya=/proc/2215635/cwd/lib/.build-id/d2 HTTP/2.0" 200 2694 "https://evucan.com/index.php?loknya=/proc/2215635/cwd/lib/.build-id" "Mozilla/5.0 AppleWebKit/537.36 (KHTML, like Gecko; compatible; GPTBot/1.4; +https://openai.com/gptbot)" 262 **0/262223**
185.94.33.106 - - [21/Aug/2026:20:02:46 -0700] "GET /wp-admin/edit-tags.php?lokasie=/home/f981716tud7w/public_html/evucan.com/www/wp-admin/post-new.php&loknya=/home/f981716tud7w/public_html/evucan.com/www/wp-admin HTTP/1.1" 200 2786 "https://www.evucan.com/wp-admin/edit-tags.php?taxonomy=category" "Mozilla/5.0 (Windows NT 6.3; Win64; x64) AppleWebKit/537.36 (KHTML, like Gecko) Chrome/103.0.0.0 Safari/537.36" 267 **0/267988**
74.7.242.57 - - [21/Aug/2026:20:02:46 -0700] "GET /index.php?loknya=/proc/2214916/cwd/lib/.build-id/9b HTTP/2.0" 200 3061 "https://evucan.com/index.php?loknya=/proc/2214916/cwd/lib/.build-id" "Mozilla/5.0 AppleWebKit/537.36 (KHTML, like Gecko; compatible; GPTBot/1.4; +https://openai.com/gptbot)" 276 **0/276856**
74.7.242.57 - - [21/Aug/2026:20:02:47 -0700] "GET /index.php?loknya=/proc/2214916/cwd/lib/.build-id/9c HTTP/2.0" 200 3237 "https://evucan.com/index.php?loknya=/proc/2214916/cwd/lib/.build-id" "Mozilla/5.0 AppleWebKit/537.36 (KHTML, like Gecko; compatible; GPTBot/1.4; +https://openai.com/gptbot)" 254 **0/254282**
74.7.242.57 - - [21/Aug/2026:20:02:48 -0700] "GET /index.php?loknya=/proc/2214916/cwd/lib/.build-id/5d HTTP/2.0" 200 2857 "https://evucan.com/index.php?loknya=/proc/2214916/cwd/lib/.build-id" "Mozilla/5.0 AppleWebKit/537.36 (KHTML, like Gecko; compatible; GPTBot/1.4; +https://openai.com/gptbot)" 264 **0/264810**
74.7.242.57 - - [21/Aug/2026:20:02:48 -0700] "GET /index.php?loknya=/proc/2214916/cwd/lib/.build-id/b9 HTTP/2.0" 200 3071 "https://evucan.com/index.php?loknya=/proc/2214916/cwd/lib/.build-id" "Mozilla/5.0 AppleWebKit/537.36 (KHTML, like Gecko; compatible; GPTBot/1.4; +https://openai.com/gptbot)" 273 **0/273649**
74.7.242.57 - - [21/Aug/2026:20:02:49 -0700] "GET /index.php?loknya=/proc/2215635/cwd/lib/.build-id/8d HTTP/2.0" 200 3463 "https://evucan.com/index.php?loknya=/proc/2215635/cwd/lib/.build-id" "Mozilla/5.0 AppleWebKit/537.36 (KHTML, like Gecko; compatible; GPTBot/1.4; +https://openai.com/gptbot)" 273 **0/273314**
74.7.242.57 - - [21/Aug/2026:20:02:49 -0700] "GET /index.php?loknya=/proc/2214916/cwd/lib/.build-id/1d HTTP/2.0" 200 2652 "https://evucan.com/index.php?loknya=/proc/2214916/cwd/lib/.build-id" "Mozilla/5.0 AppleWebKit/537.36 (KHTML, like Gecko; compatible; GPTBot/1.4; +https://openai.com/gptbot)" 271 **0/271614**
74.7.242.57 - - [21/Aug/2026:20:02:50 -0700] "GET /index.php?lokasie=/proc/2215635/cwd/lib/.build-id/5b/149a79e13b1b14dd72b97eeeb997ebd83d6216&loknya=/proc/2215635/cwd/lib/.build-id/5b HTTP/2.0" 200 31046 "https://evucan.com/index.php?loknya=/proc/2215635/cwd/lib/.build-id/5b" "Mozilla/5.0 AppleWebKit/537.36 (KHTML, like Gecko; compatible; GPTBot/1.4; +https://openai.com/gptbot)" 291 **0/291406**
74.7.242.57 - - [21/Aug/2026:20:02:50 -0700] "GET /index.php?loknya=/proc/2215635/cwd/lib/.build-id/d9 HTTP/2.0" 200 3293 "https://evucan.com/index.php?loknya=/proc/2215635/cwd/lib/.build-id" "Mozilla/5.0 AppleWebKit/537.36 (KHTML, like Gecko; compatible; GPTBot/1.4; +https://openai.com/gptbot)" 282 **0/282701**
74.7.242.57 - - [21/Aug/2026:20:02:51 -0700] "GET /index.php?loknya=/proc/2214916/cwd/lib/.build-id/1a HTTP/2.0" 200 2959 "https://evucan.com/index.php?loknya=/proc/2214916/cwd/lib/.build-id" "Mozilla/5.0 AppleWebKit/537.36 (KHTML, like Gecko; compatible; GPTBot/1.4; +https://openai.com/gptbot)" 282 **0/282104**
74.7.242.57 - - [21/Aug/2026:20:02:51 -0700] "GET /index.php?loknya=/proc/2215635/cwd/lib/.build-id/a6 HTTP/2.0" 200 2844 "https://evucan.com/index.php?loknya=/proc/2215635/cwd/lib/.build-id" "Mozilla/5.0 AppleWebKit/537.36 (KHTML, like Gecko; compatible; GPTBot/1.4; +https://openai.com/gptbot)" 279 **0/279618**
74.7.242.57 - - [21/Aug/2026:20:02:52 -0700] "GET /index.php?loknya=/proc/2214916/cwd/lib/.build-id/3d HTTP/2.0" 200 2575 "https://evucan.com/index.php?loknya=/proc/2214916/cwd/lib/.build-id" "Mozilla/5.0 AppleWebKit/537.36 (KHTML, like Gecko; compatible; GPTBot/1.4; +https://openai.com/gptbot)" 289 **0/289986**
74.7.242.57 - - [21/Aug/2026:20:02:52 -0700] "GET /index.php?loknya=/proc/2214916/cwd/lib/.build-id/a2 HTTP/2.0" 200 3281 "https://evucan.com/index.php?loknya=/proc/2214916/cwd/lib/.build-id" "Mozilla/5.0 AppleWebKit/537.36 (KHTML, like Gecko; compatible; GPTBot/1.4; +https://openai.com/gptbot)" 282 **0/282526**
74.7.242.57 - - [21/Aug/2026:20:02:53 -0700] "GET /index.php?loknya=/proc/2215635/cwd/lib/.build-id/5d HTTP/2.0" 200 2856 "https://evucan.com/index.php?loknya=/proc/2215635/cwd/lib/.build-id" "Mozilla/5.0 AppleWebKit/537.36 (KHTML, like Gecko; compatible; GPTBot/1.4; +https://openai.com/gptbot)" 266 **0/266846**
74.7.242.57 - - [21/Aug/2026:20:02:53 -0700] "GET /index.php?loknya=/proc/2214916/cwd/lib/.build-id/d9 HTTP/2.0" 200 3292 "https://evucan.com/index.php?loknya=/proc/2214916/cwd/lib/.build-id" "Mozilla/5.0 AppleWebKit/537.36 (KHTML, like Gecko; compatible; GPTBot/1.4; +https://openai.com/gptbot)" 279 **0/279861**
74.7.242.57 - - [21/Aug/2026:20:02:54 -0700] "GET /index.php?loknya=/proc/2215635/cwd/lib/.build-id/6b HTTP/2.0" 200 3123 "https://evucan.com/index.php?loknya=/proc/2215635/cwd/lib/.build-id" "Mozilla/5.0 AppleWebKit/537.36 (KHTML, like Gecko; compatible; GPTBot/1.4; +https://openai.com/gptbot)" 284 **0/284375**
74.7.242.57 - - [21/Aug/2026:20:02:54 -0700] "GET /index.php?loknya=/proc/2215635/cwd/lib/.build-id/d5 HTTP/2.0" 200 2954 "https://evucan.com/index.php?loknya=/proc/2215635/cwd/lib/.build-id" "Mozilla/5.0 AppleWebKit/537.36 (KHTML, like Gecko; compatible; GPTBot/1.4; +https://openai.com/gptbot)" 276 **0/276922**
74.7.242.57 - - [21/Aug/2026:20:02:55 -0700] "GET /index.php?loknya=/proc/2215635/cwd/lib/.build-id/b1 HTTP/2.0" 200 2868 "https://evucan.com/index.php?loknya=/proc/2215635/cwd/lib/.build-id" "Mozilla/5.0 AppleWebKit/537.36 (KHTML, like Gecko; compatible; GPTBot/1.4; +https://openai.com/gptbot)" 280 **0/280321**
74.7.242.57 - - [21/Aug/2026:20:02:56 -0700] "GET /index.php?loknya=/proc/2215635/cwd/lib/.build-id/6d HTTP/2.0" 200 2924 "https://evucan.com/index.php?loknya=/proc/2215635/cwd/lib/.build-id" "Mozilla/5.0 AppleWebKit/537.36 (KHTML, like Gecko; compatible; GPTBot/1.4; +https://openai.com/gptbot)" 277 **0/277990**
74.7.242.57 - - [21/Aug/2026:20:02:56 -0700] "GET /index.php?loknya=/proc/2214916/cwd/lib/.build-id/a1 HTTP/2.0" 200 2998 "https://evucan.com/index.php?loknya=/proc/2214916/cwd/lib/.build-id" "Mozilla/5.0 AppleWebKit/537.36 (KHTML, like Gecko; compatible; GPTBot/1.4; +https://openai.com/gptbot)" 271 **0/271229**
74.7.242.57 - - [21/Aug/2026:20:02:57 -0700] "GET /index.php?loknya=/proc/2214916/cwd/lib/.build-id/c1 HTTP/2.0" 200 2772 "https://evucan.com/index.php?loknya=/proc/2214916/cwd/lib/.build-id" "Mozilla/5.0 AppleWebKit/537.36 (KHTML, like Gecko; compatible; GPTBot/1.4; +https://openai.com/gptbot)" 270 **0/270440**
74.7.242.57 - - [21/Aug/2026:20:02:57 -0700] "GET /index.php?loknya=/proc/2215635/cwd/lib/.build-id/d8 HTTP/2.0" 200 3037 "https://evucan.com/index.php?loknya=/proc/2215635/cwd/lib/.build-id" "Mozilla/5.0 AppleWebKit/537.36 (KHTML, like Gecko; compatible; GPTBot/1.4; +https://openai.com/gptbot)" 273 **0/273825**
74.7.242.57 - - [21/Aug/2026:20:02:58 -0700] "GET /index.php?loknya=/proc/2215635/cwd/lib/.build-id/d4 HTTP/2.0" 200 2894 "https://evucan.com/index.php?loknya=/proc/2215635/cwd/lib/.build-id" "Mozilla/5.0 AppleWebKit/537.36 (KHTML, like Gecko; compatible; GPTBot/1.4; +https://openai.com/gptbot)" 288 **0/288332**
185.94.33.106 - - [21/Aug/2026:20:02:58 -0700] "GET /login HTTP/1.1" 200 3514 "https://www.evucan.com/" "Mozilla/5.0 (Windows NT 10.0; Win64; x64) AppleWebKit/537.36 (KHTML, like Gecko) Chrome/136.0.0.0 Safari/537.36" 276 **0/276188**
74.7.242.57 - - [21/Aug/2026:20:02:58 -0700] "GET /index.php?loknya=/proc/2214916/cwd/lib/.build-id/c9 HTTP/2.0" 200 2804 "https://evucan.com/index.php?loknya=/proc/2214916/cwd/lib/.build-id" "Mozilla/5.0 AppleWebKit/537.36 (KHTML, like Gecko; compatible; GPTBot/1.4; +https://openai.com/gptbot)" 263 **0/263159**
74.7.242.57 - - [21/Aug/2026:20:02:59 -0700] "GET /index.php?loknya=/proc/2215635/cwd/lib/.build-id/1a HTTP/2.0" 200 2957 "https://evucan.com/index.php?loknya=/proc/2215635/cwd/lib/.build-id" "Mozilla/5.0 AppleWebKit/537.36 (KHTML, like Gecko; compatible; GPTBot/1.4; +https://openai.com/gptbot)" 257 **0/257087**
74.7.242.57 - - [21/Aug/2026:20:02:59 -0700] "GET /index.php?loknya=/proc/2215635/cwd/lib/.build-id/a2 HTTP/2.0" 200 3282 "https://evucan.com/index.php?loknya=/proc/2215635/cwd/lib/.build-id" "Mozilla/5.0 AppleWebKit/537.36 (KHTML, like Gecko; compatible; GPTBot/1.4; +https://openai.com/gptbot)" 264 **0/264557**
74.7.242.57 - - [21/Aug/2026:20:03:00 -0700] "GET /index.php?loknya=/proc/2214916/cwd/lib/.build-id/2a HTTP/2.0" 200 2646 "https://evucan.com/index.php?loknya=/proc/2214916/cwd/lib/.build-id" "Mozilla/5.0 AppleWebKit/537.36 (KHTML, like Gecko; compatible; GPTBot/1.4; +https://openai.com/gptbot)" 301 **0/301218**
74.7.242.57 - - [21/Aug/2026:20:03:00 -0700] "GET /index.php?loknya=/proc/2215635/cwd/lib/.build-id/2a HTTP/2.0" 200 2646 "https://evucan.com/index.php?loknya=/proc/2215635/cwd/lib/.build-id" "Mozilla/5.0 AppleWebKit/537.36 (KHTML, like Gecko; compatible; GPTBot/1.4; +https://openai.com/gptbot)" 283 **0/283610**
74.7.242.57 - - [21/Aug/2026:20:03:01 -0700] "GET /index.php?loknya=/proc/2214916/cwd/lib/.build-id/d7 HTTP/2.0" 200 2792 "https://evucan.com/index.php?loknya=/proc/2214916/cwd/lib/.build-id" "Mozilla/5.0 AppleWebKit/537.36 (KHTML, like Gecko; compatible; GPTBot/1.4; +https://openai.com/gptbot)" 275 **0/275618**
74.7.242.57 - - [21/Aug/2026:20:03:01 -0700] "GET /index.php?loknya=/proc/2215635/cwd/lib/.build-id/2c HTTP/2.0" 200 3078 "https://evucan.com/index.php?loknya=/proc/2215635/cwd/lib/.build-id" "Mozilla/5.0 AppleWebKit/537.36 (KHTML, like Gecko; compatible; GPTBot/1.4; +https://openai.com/gptbot)" 300 **0/300101**
74.7.242.57 - - [21/Aug/2026:20:03:02 -0700] "GET /index.php?loknya=/proc/2215635/cwd/lib/.build-id/6c HTTP/2.0" 200 2986 "https://evucan.com/index.php?loknya=/proc/2215635/cwd/lib/.build-id" "Mozilla/5.0 AppleWebKit/537.36 (KHTML, like Gecko; compatible; GPTBot/1.4; +https://openai.com/gptbot)" 533 **0/533966**
74.7.242.57 - - [21/Aug/2026:20:03:02 -0700] "GET /index.php?loknya=/proc/2215635/cwd/lib/.build-id/b3 HTTP/2.0" 200 3292 "https://evucan.com/index.php?loknya=/proc/2215635/cwd/lib/.build-id" "Mozilla/5.0 AppleWebKit/537.36 (KHTML, like Gecko; compatible; GPTBot/1.4; +https://openai.com/gptbot)" 283 **0/283355**
74.7.242.57 - - [21/Aug/2026:20:03:03 -0700] "GET /index.php?loknya=/proc/2215635/cwd/lib/.build-id/d0 HTTP/2.0" 200 2619 "https://evucan.com/index.php?loknya=/proc/2215635/cwd/lib/.build-id" "Mozilla/5.0 AppleWebKit/537.36 (KHTML, like Gecko; compatible; GPTBot/1.4; +https://openai.com/gptbot)" 268 **0/268867**
74.7.242.57 - - [21/Aug/2026:20:03:04 -0700] "GET /index.php?loknya=/proc/2215635/cwd/lib/.build-id/4d HTTP/2.0" 200 2774 "https://evucan.com/index.php?loknya=/proc/2215635/cwd/lib/.build-id" "Mozilla/5.0 AppleWebKit/537.36 (KHTML, like Gecko; compatible; GPTBot/1.4; +https://openai.com/gptbot)" 285 **0/285804**
185.94.33.106 - - [21/Aug/2026:20:03:04 -0700] "GET /login?lokasie=/home/f981716tud7w/public_html/evucan.com/www/wp-login.php&loknya=/home/f981716tud7w/public_html/evucan.com/www HTTP/1.1" 200 15034 "https://www.evucan.com/login" "Mozilla/5.0 (Windows NT 6.3; Win64; x64) AppleWebKit/537.36 (KHTML, like Gecko) Chrome/103.0.0.0 Safari/537.36" 292 **0/292161**
74.7.242.57 - - [21/Aug/2026:20:03:04 -0700] "GET /index.php?loknya=/proc/2215635/cwd/lib/.build-id/9d HTTP/2.0" 200 3204 "https://evucan.com/index.php?loknya=/proc/2215635/cwd/lib/.build-id" "Mozilla/5.0 AppleWebKit/537.36 (KHTML, like Gecko; compatible; GPTBot/1.4; +https://openai.com/gptbot)" 290 **0/290952**
